000
CXUS55 KBOU 010900
CF6CCU
PRELIMINARY LOCAL CLIMATOLOGICAL DATA (WS FORM: F-6)
STATION: COPPER MTN/RED CLIFF
MONTH: JUNE
YEAR: 2023
LATITUDE: 39 28 N
LONGITUDE: 106 9 W
TEMPERATURE IN F: :PCPN: SNOW: WIND :SUNSHINE: SKY :PK WND
================================================================================
1 2 3 4 5 6A 6B 7 8 9 10 11 12 13 14 15 16 17 18
12Z AVG MX 2MIN
DY MAX MIN AVG DEP HDD CDD WTR SNW DPTH SPD SPD DIR MIN PSBL S-S WX SPD DR
================================================================================
1 45 34 40 M 25 0 M M M 8.2 18 280 M M 9 12 29 0
2 37 34 36 M 29 0 M M M 8.7 14 270 M M 10 12 18 170
3 43 34 39 M 26 0 M M M 5.1 12 290 M M 9 12 16 260
4 50 37 44 M 21 0 M M M 4.2 12 140 M M 8 20 270
5 54 37 46 M 19 0 M M M 4.4 15 300 M M 5 1 25 340
6 54 41 48 M 17 0 M M M 5.2 13 180 M M 3 24 0
7 54 37 46 M 19 0 M M M 4.5 14 180 M M 8 28 24 60
8 54 37 46 M 19 0 M M M 5.7 12 250 M M 5 39 100
9 54 37 46 M 19 0 M M M 6.0 32 170 M M 3 37 170
10 54 39 47 M 18 0 M M M 4.7 13 300 M M 4 33 290
11 54 39 47 M 18 0 M M M 8.9 22 110 M M 5 37 350
12 46 36 41 M 24 0 M M M 7.0 25 280 M M 6 35 280
13 45 34 40 M 25 0 M M M 10.0 17 250 M M 7 12 23 250
14 54 36 45 M 20 0 M M M 10.2 21 170 M M 8 2 33 170
15 48 37 43 M 22 0 M M M 9.1 22 280 M M 8 28 26 280
16 45 36 41 M 24 0 M M M 6.4 14 260 M M 9 1 28 280
17 41 34 38 M 27 0 M M M 12.7 24 280 M M 7 1 37 280
18 55 41 48 M 17 0 M M M 14.5 25 260 M M 4 31 260
19 64 46 55 M 10 0 M M M 10.2 18 180 M M 0 25 180
20 61 46 54 M 11 0 M M M 8.1 15 160 M M 0 24 180
21 64 50 57 M 8 0 M M M 8.9 17 290 M M 2 28 170
22 61 46 54 M 11 0 M M M 6.9 18 160 M M 3 25 160
23 61 45 53 M 12 0 M M M 14.5 28 240 M M 0 33 180
24 59 37 48 M 17 0 M M M 10.9 20 270 M M 0 28 280
25 64 46 55 M 10 0 M M M 13.5 24 250 M M 0 38 250
26 64 52 58 M 7 0 M M M 12.9 21 220 M M 1 30 260
27 64 54 59 M 6 0 M M M 17.4 37 250 M M 2 50 250
28 64 52 58 M 7 0 M M M 10.3 18 260 M M 0 32 260
29 64 45 55 M 10 0 M M M 11.0 20 140 M M 3 25 210
30 54 41 48 M 17 0 M M M 8.7 21 300 M M 5 31 300
================================================================================
SM 1631 1220 515 0 M M 268.8 M 134
================================================================================
AV 54.4 40.7 9.0 FASTST M M 4 MAX(MPH)
MISC ----> 37 250 50 250
================================================================================
NOTES:
# LAST OF SEVERAL OCCURRENCES
COLUMN 17 PEAK WIND IN M.P.H.
PRELIMINARY LOCAL CLIMATOLOGICAL DATA (WS FORM: F-6) , PAGE 2
STATION: COPPER MTN/RED CLIFF
MONTH: JUNE
YEAR: 2023
LATITUDE: 39 28 N
LONGITUDE: 106 9 W
[TEMPERATURE DATA] [PRECIPITATION DATA] SYMBOLS USED IN COLUMN 16
AVERAGE MONTHLY: 47.5 TOTAL FOR MONTH: M 1 = FOG OR MIST
DPTR FM NORMAL: 0.0 DPTR FM NORMAL: M 2 = FOG REDUCING VISIBILITY
HIGHEST: 64 ON 19,21 GRTST 24HR M ON M TO 1/4 MILE OR LESS
LOWEST: 34 ON 1, 2 3 = THUNDER
SNOW, ICE PELLETS, HAIL 4 = ICE PELLETS
TOTAL MONTH: M 5 = HAIL
GRTST 24HR M ON M 6 = FREEZING RAIN OR DRIZZLE
GRTST DEPTH: M ON M 7 = DUSTSTORM OR SANDSTORM:
VSBY 1/2 MILE OR LESS
8 = SMOKE OR HAZE
[NO. OF DAYS WITH] [WEATHER - DAYS WITH] 9 = BLOWING SNOW
X = TORNADO
MAX 32 OR BELOW: 0 0.01 INCH OR MORE: 0
MAX 90 OR ABOVE: 0 0.10 INCH OR MORE: 0
MIN 32 OR BELOW: 0 0.50 INCH OR MORE: 0
MIN 0 OR BELOW: 0 1.00 INCH OR MORE: 0
[HDD (BASE 65) ]
TOTAL THIS MO. 515 CLEAR (SCALE 0-3) 10
DPTR FM NORMAL M PTCLDY (SCALE 4-7) 15
TOTAL FM JUL 1 10465 CLOUDY (SCALE 8-10) 5
DPTR FM NORMAL M
[CDD (BASE 65) ]
TOTAL THIS MO. 0
DPTR FM NORMAL M [PRESSURE DATA]
TOTAL FM JAN 1 0 HIGHEST SLP M ON M
DPTR FM NORMAL M LOWEST SLP M ON M
[REMARKS]
#FINAL-06-23#