000
CXUS55 KBOU 011000
CF6CCU
PRELIMINARY LOCAL CLIMATOLOGICAL DATA (WS FORM: F-6)
STATION: COPPER MTN/RED CLIFF
MONTH: FEBRUARY
YEAR: 2022
LATITUDE: 39 28 N
LONGITUDE: 106 9 W
TEMPERATURE IN F: :PCPN: SNOW: WIND :SUNSHINE: SKY :PK WND
================================================================================
1 2 3 4 5 6A 6B 7 8 9 10 11 12 13 14 15 16 17 18
12Z AVG MX 2MIN
DY MAX MIN AVG DEP HDD CDD WTR SNW DPTH SPD SPD DIR MIN PSBL S-S WX SPD DR
================================================================================
1 21 9 15 M 50 0 M M M 12.2 23 260 M M 8 8 35 260
2 9 -4 3 M 62 0 M M M 1.9 8 150 M M 9 8 M M
3 7 -6 1 M 64 0 M M M 6.2 12 280 M M 0 M M
4 23 -4 10 M 55 0 M M M 7.2 16 250 M M 0 M M
5 23 12 18 M 47 0 M M M 15.2 38 290 M M 2 8 49 290
6 18 9 14 M 51 0 M M M 9.1 17 290 M M 7 22 300
7 28 10 19 M 46 0 M M M 5.6 12 260 M M 0 16 190
8 27 18 23 M 42 0 M M M 14.6 28 290 M M 0 8 40 290
9 27 18 23 M 42 0 M M M 13.3 24 290 M M 9 8 33 290
10 30 19 25 M 40 0 M M M 13.3 24 280 M M 7 18 33 280
11 27 7 17 M 48 0 M M M 23.1 32 270 M M 4 8 53 280
12 23 3 13 M 52 0 M M M 13.3 28 280 M M 3 32 280
13 30 14 22 M 43 0 M M M 13.1 23 300 M M 0 38 300
14 34 19 27 M 38 0 M M M 11.7 18 270 M M 0 25 240
15 34 25 30 M 35 0 M M M 13.9 25 180 M M 2 8 39 230
16 27 12 20 M 45 0 M M M 9.2 18 170 M M 9 8 28 230
17 14 5 10 M 55 0 M M M 7.9 16 290 M M 7 8 25 290
18 23 10 17 M 48 0 M M M 12.3 20 290 M M 9 25 280
19 32 14 23 M 42 0 M M M 10.6 16 260 M M 1 25 280
20 32 18 25 M 40 0 M M M 15.8 30 230 M M 0 8 44 230
21 25 18 22 M 43 0 M M M 19.8 26 180 M M 6 8 44 240
22 18 10 14 M 51 0 M M M 15.0 35 240 M M 10 8 45 240
23 19 12 16 M 49 0 M M M 12.2 23 160 M M 10 8 33 160
24 14 5 10 M 55 0 M M M 13.3 22 280 M M 9 8 29 220
25 12 1 7 M 58 0 M M M 11.7 21 250 M M 7 8 28 250
26 18 -4 7 M 58 0 M M M 8.3 13 280 M M 3 8 22 280
27 34 14 24 M 41 0 M M M 6.3 12 270 M M 0 16 280
28 34 19 27 M 38 0 M M M 9.6 17 280 M M 0 23 270
================================================================================
SM 663 283 1338 0 M M 325.8 M 122
================================================================================
AV 23.7 10.1 11.6 FASTST M M 4 MAX(MPH)
MISC ----> 38 290 53 280
================================================================================
NOTES:
# LAST OF SEVERAL OCCURRENCES
COLUMN 17 PEAK WIND IN M.P.H.
PRELIMINARY LOCAL CLIMATOLOGICAL DATA (WS FORM: F-6) , PAGE 2
STATION: COPPER MTN/RED CLIFF
MONTH: FEBRUARY
YEAR: 2022
LATITUDE: 39 28 N
LONGITUDE: 106 9 W
[TEMPERATURE DATA] [PRECIPITATION DATA] SYMBOLS USED IN COLUMN 16
AVERAGE MONTHLY: 16.9 TOTAL FOR MONTH: M 1 = FOG OR MIST
DPTR FM NORMAL: 0.0 DPTR FM NORMAL: M 2 = FOG REDUCING VISIBILITY
HIGHEST: 34 ON 14,15 GRTST 24HR M ON M TO 1/4 MILE OR LESS
LOWEST: -6 ON 3 3 = THUNDER
SNOW, ICE PELLETS, HAIL 4 = ICE PELLETS
TOTAL MONTH: M 5 = HAIL
GRTST 24HR M ON M 6 = FREEZING RAIN OR DRIZZLE
GRTST DEPTH: M ON M 7 = DUSTSTORM OR SANDSTORM:
VSBY 1/2 MILE OR LESS
8 = SMOKE OR HAZE
[NO. OF DAYS WITH] [WEATHER - DAYS WITH] 9 = BLOWING SNOW
X = TORNADO
MAX 32 OR BELOW: 24 0.01 INCH OR MORE: 0
MAX 90 OR ABOVE: 0 0.10 INCH OR MORE: 0
MIN 32 OR BELOW: 28 0.50 INCH OR MORE: 0
MIN 0 OR BELOW: 4 1.00 INCH OR MORE: 0
[HDD (BASE 65) ]
TOTAL THIS MO. 1338 CLEAR (SCALE 0-3) 14
DPTR FM NORMAL M PTCLDY (SCALE 4-7) 7
TOTAL FM JUL 1 6586 CLOUDY (SCALE 8-10) 7
DPTR FM NORMAL M
[CDD (BASE 65) ]
TOTAL THIS MO. 0
DPTR FM NORMAL M [PRESSURE DATA]
TOTAL FM JAN 1 0 HIGHEST SLP M ON M
DPTR FM NORMAL M LOWEST SLP M ON M
[REMARKS]
#FINAL-02-22#