000
CXAK56 PAFC 021015
CF6CDB
PRELIMINARY LOCAL CLIMATOLOGICAL DATA (WS FORM: F-6)
STATION: COLD BAY
MONTH: JUNE
YEAR: 2022
LATITUDE: 55 13 N
LONGITUDE: 162 44 W
TEMPERATURE IN F: :PCPN: SNOW: WIND :SUNSHINE: SKY :PK WND
================================================================================
1 2 3 4 5 6A 6B 7 8 9 10 11 12 13 14 15 16 17 18
12Z AVG MX 2MIN
DY MAX MIN AVG DEP HDD CDD WTR SNW DPTH SPD SPD DIR MIN PSBL S-S WX SPD DR
================================================================================
1 60 39 50 6 15 0 0.00 M M 13.9 26 160 M M 2 8 32 160
2 54 42 48 4 17 0 0.00 M M 16.9 28 140 M M 9 33 150
3 62 43 53 9 12 0 T M M 4.0 12 290 M M 9 8 18 300
4 54 39 47 2 18 0 0.00 M M 4.0 9 10 M M 9 12 11 110
5 58 39 49 4 16 0 0.00 M M 10.5 20 290 M M 5 12 23 290
6 54 42 48 3 17 0 0.00 M M 10.4 17 290 M M 8 1 21 280
7 60 41 51 6 14 0 0.05 M M 9.9 23 160 M M 8 128 27 150
8 50 46 48 2 17 0 0.07 M M 8.8 15 330 M M 10 1 17 170
9 49 44 47 1 18 0 0.00 M M 12.8 17 290 M M 10 12 21 290
10 55 43 49 3 16 0 T M M 17.4 24 270 M M 10 12 29 270
11 52 43 48 2 17 0 0.00 M M 16.1 24 270 M M 10 1 30 270
12 48 42 45 -1 20 0 0.00 M M 7.9 13 300 M M 10 1 15 300
13 49 42 46 -1 19 0 0.12 M M 16.2 25 340 M M 10 1 30 350
14 52 39 46 -1 19 0 0.02 M M 11.4 20 330 M M 9 24 340
15 52 29 41 -6 24 0 0.03 M M 16.1 36 140 M M 3 1 44 140
16 53 43 48 1 17 0 0.08 M M 24.6 39 130 M M 10 1 46 140
17 49 43 46 -2 19 0 0.06 M M 23.1 36 160 M M 9 1 41 160
18 51 44 48 0 17 0 0.10 M M 10.4 22 140 M M 10 1 27 150
19 49 43 46 -2 19 0 T M M 15.1 22 310 M M 10 12 25 320
20 49 42 46 -2 19 0 0.03 M M 11.5 20 270 M M 10 1 23 270
21 48 43 46 -2 19 0 0.00 M M 9.2 14 320 M M 10 17 320
22 54 44 49 1 16 0 0.00 M M 12.9 21 330 M M 9 26 330
23 63 44 54 5 11 0 0.00 M M 9.4 15 350 M M 6 1 21 330
24 54 44 49 0 16 0 T M M 24.1 36 150 M M 5 1 44 150
25 51 46 49 0 16 0 0.54 M M 29.7 49 130 M M 10 1 60 130
26 56 47 52 3 13 0 0.01 M M 20.4 29 140 M M 10 1 36 140
27 55 46 51 2 14 0 0.00 M M 18.7 25 140 M M 8 1 30 140
28 59 46 53 3 12 0 T M M 13.3 20 140 M M 6 18 23 140
29 55 46 51 1 14 0 T M M 29.6 35 150 M M 8 1 35 150
30 54 50 52 2 13 0 0.43 M M 36.8 47 130 M M 10 1 61 130
================================================================================
SM 1609 1284 494 0 1.54 M 465.1 M 253
================================================================================
AV 53.6 42.8 15.5 FASTST M M 8 MAX(MPH)
MISC ----> 49 130 61 130
================================================================================
NOTES:
# LAST OF SEVERAL OCCURRENCES
COLUMN 17 PEAK WIND IN M.P.H.
PRELIMINARY LOCAL CLIMATOLOGICAL DATA (WS FORM: F-6) , PAGE 2
STATION: COLD BAY
MONTH: JUNE
YEAR: 2022
LATITUDE: 55 13 N
LONGITUDE: 162 44 W
[TEMPERATURE DATA] [PRECIPITATION DATA] SYMBOLS USED IN COLUMN 16
AVERAGE MONTHLY: 48.2 TOTAL FOR MONTH: 1.54 1 = FOG OR MIST
DPTR FM NORMAL: 1.1 DPTR FM NORMAL: -1.20 2 = FOG REDUCING VISIBILITY
HIGHEST: 63 ON 23 GRTST 24HR 0.55 ON 25-26 TO 1/4 MILE OR LESS
LOWEST: 29 ON 15 3 = THUNDER
SNOW, ICE PELLETS, HAIL 4 = ICE PELLETS
TOTAL MONTH: M 5 = HAIL
GRTST 24HR M ON M 6 = FREEZING RAIN OR DRIZZLE
GRTST DEPTH: M ON M 7 = DUSTSTORM OR SANDSTORM:
VSBY 1/2 MILE OR LESS
8 = SMOKE OR HAZE
[NO. OF DAYS WITH] [WEATHER - DAYS WITH] 9 = BLOWING SNOW
X = TORNADO
MAX 32 OR BELOW: 0 0.01 INCH OR MORE: 12
MAX 90 OR ABOVE: 0 0.10 INCH OR MORE: 4
MIN 32 OR BELOW: 1 0.50 INCH OR MORE: 1
MIN 0 OR BELOW: 0 1.00 INCH OR MORE: 0
[HDD (BASE 65) ]
TOTAL THIS MO. 494 CLEAR (SCALE 0-3) 1
DPTR FM NORMAL -44 PTCLDY (SCALE 4-7) 7
TOTAL FM JUL 1 8955 CLOUDY (SCALE 8-10) 22
DPTR FM NORMAL -409
[CDD (BASE 65) ]
TOTAL THIS MO. 0
DPTR FM NORMAL 0 [PRESSURE DATA]
TOTAL FM JAN 1 0 HIGHEST SLP 30.51 ON 22
DPTR FM NORMAL 0 LOWEST SLP 29.52 ON 30
[REMARKS]
#FINAL-06-22#