000
CXAK56 PAFC 011344 RRB
CF6CDB
PRELIMINARY LOCAL CLIMATOLOGICAL DATA (WS FORM: F-6)
STATION: COLD BAY
MONTH: JANUARY
YEAR: 2021
LATITUDE: 55 13 N
LONGITUDE: 162 44 W
TEMPERATURE IN F: :PCPN: SNOW: WIND :SUNSHINE: SKY :PK WND
================================================================================
1 2 3 4 5 6A 6B 7 8 9 10 11 12 13 14 15 16 17 18
12Z AVG MX 2MIN
DY MAX MIN AVG DEP HDD CDD WTR SNW DPTH SPD SPD DIR MIN PSBL S-S WX SPD DR
================================================================================
1 39 26 33 4 32 0 0.18 M M 10.8 33 140 M M 3 1 44 150
2 37 23 30 1 35 0 0.02 M M 9.4 18 150 M M 2 1 23 150
3 35 20 28 -1 37 0 0.08 M M 8.0 22 240 M M 4 1 26 240
4 32 22 27 -2 38 0 T M M 5.9 14 160 M M 2 1 16 160
5 33 22 28 -1 37 0 0.01 M M 12.6 23 330 M M 8 1 28 330
6 29 23 26 -3 39 0 0.02 M M 24.7 31 320 M M 10 16 38 330
7 24 22 23 -6 42 0 0.03 M M 21.6 30 310 M M 10 18 36 330
8 28 18 23 -5 42 0 0.00 M M 9.1 25 120 M M 6 31 110
9 32 26 29 1 36 0 0.97 M M 21.0 37 120 M M 8 8 43 110
10 31 28 30 2 35 0 0.31 M M 23.9 33 300 M M 10 1 40 300
11 32 28 30 2 35 0 0.34 M M 17.4 29 300 M M 10 1 35 300
12 33 26 30 2 35 0 0.09 M M 14.3 23 300 M M 10 1 27 300
13 31 20 26 -2 39 0 0.02 M M 7.0 15 20 M M 8 1 19 290
14 32 26 29 1 36 0 0.04 M M 20.1 26 310 M M 10 1 30 300
15 30 20 25 -3 40 0 T M M 11.1 24 280 M M 8 1 27 280
16 31 28 30 2 35 0 0.36 M M 30.3 39 320 M M 10 12 46 320
17 28 23 26 -2 39 0 0.20 M M 26.8 36 320 M M 10 19 44 320
18 27 15 21 -7 44 0 0.05 M M 20.4 36 320 M M 8 129 41 320
19 37 25 31 3 34 0 0.44 M M 22.7 37 120 M M 9 18 47 120
20 41 32 37 9 28 0 0.69 M M 34.6 55 170 M M 5 1 66 170
21 41 36 39 11 26 0 0.47 M M 21.0 39 160 M M 7 18 48 160
22 40 34 37 9 28 0 0.19 M M 19.8 40 150 M M 7 1 53 150
23 37 32 35 7 30 0 0.22 M M 22.0 44 240 M M 8 1 54 230
24 38 29 34 6 31 0 0.35 M M 19.4 36 130 M M 9 1 43 130
25 37 32 35 7 30 0 0.39 M M 24.0 47 290 M M 8 1 59 290
26 35 24 30 2 35 0 0.05 M M 13.2 39 150 M M 5 1 46 150
27 40 27 34 6 31 0 0.66 M M 15.7 32 140 M M 8 18 40 140
28 36 29 33 5 32 0 0.15 M M 16.7 35 250 M M 9 18 43 260
29 35 25 30 2 35 0 0.03 M M 30.8 49 290 M M 10 1 59 290
30 29 17 23 -5 42 0 0.00 M M 12.0 30 300 M M 5 36 310
31 38 17 28 0 37 0 T M M 25.6 43 140 M M 7 1 49 140
================================================================================
SM 1048 775 1095 0 6.36 M 571.9 M 234
================================================================================
AV 33.8 25.0 18.4 FASTST M M 8 MAX(MPH)
MISC ----> 55 170 66 170
================================================================================
NOTES:
# LAST OF SEVERAL OCCURRENCES
COLUMN 17 PEAK WIND IN M.P.H.
PRELIMINARY LOCAL CLIMATOLOGICAL DATA (WS FORM: F-6) , PAGE 2
STATION: COLD BAY
MONTH: JANUARY
YEAR: 2021
LATITUDE: 55 13 N
LONGITUDE: 162 44 W
[TEMPERATURE DATA] [PRECIPITATION DATA] SYMBOLS USED IN COLUMN 16
AVERAGE MONTHLY: 29.4 TOTAL FOR MONTH: 6.36 1 = FOG OR MIST
DPTR FM NORMAL: 1.2 DPTR FM NORMAL: 3.20 2 = FOG REDUCING VISIBILITY
HIGHEST: 41 ON 21,20 GRTST 24HR 1.33 ON 5- 6 TO 1/4 MILE OR LESS
LOWEST: 15 ON 18 3 = THUNDER
SNOW, ICE PELLETS, HAIL 4 = ICE PELLETS
TOTAL MONTH: M 5 = HAIL
GRTST 24HR M ON M 6 = FREEZING RAIN OR DRIZZLE
GRTST DEPTH: M ON M 7 = DUSTSTORM OR SANDSTORM:
VSBY 1/2 MILE OR LESS
8 = SMOKE OR HAZE
[NO. OF DAYS WITH] [WEATHER - DAYS WITH] 9 = BLOWING SNOW
X = TORNADO
MAX 32 OR BELOW: 14 0.01 INCH OR MORE: 26
MAX 90 OR ABOVE: 0 0.10 INCH OR MORE: 15
MIN 32 OR BELOW: 29 0.50 INCH OR MORE: 3
MIN 0 OR BELOW: 0 1.00 INCH OR MORE: 0
[HDD (BASE 65) ]
TOTAL THIS MO. 1095 CLEAR (SCALE 0-3) 2
DPTR FM NORMAL -44 PTCLDY (SCALE 4-7) 13
TOTAL FM JUL 1 4962 CLOUDY (SCALE 8-10) 16
DPTR FM NORMAL -248
[CDD (BASE 65) ]
TOTAL THIS MO. 0
DPTR FM NORMAL 0 [PRESSURE DATA]
TOTAL FM JAN 1 0 HIGHEST SLP 30.41 ON 26
DPTR FM NORMAL 0 LOWEST SLP 28.56 ON 10
[REMARKS]
#FINAL-01-21#