000
CXUS55 KCYS 012018
CF6CDR
PRELIMINARY LOCAL CLIMATOLOGICAL DATA (WS FORM: F-6)
STATION: CHADRON NEBRASKA AIRPORT
MONTH: APRIL
YEAR: 2023
LATITUDE: 42 50 N
LONGITUDE: 103 6 W
TEMPERATURE IN F: :PCPN: SNOW: WIND :SUNSHINE: SKY :PK WND
================================================================================
1 2 3 4 5 6A 6B 7 8 9 10 11 12 13 14 15 16 17 18
12Z AVG MX 2MIN
DY MAX MIN AVG DEP HDD CDD WTR SNW DPTH SPD SPD DIR MIN PSBL S-S WX SPD DR
================================================================================
1 48 6 27 -16 38 0 0.00 M M 5.3 16 230 M M 1 20 230
2 58 34 46 3 19 0 0.00 M M 10.8 26 290 M M 3 37 310
3 38 29 34 -9 31 0 0.23 M M 11.8 28 70 M M 10 168 38 80
4 29 20 25 -18 40 0 0.46 M M 16.2 28 10 M M 10 12 34 30
5 29 6 18 -26 47 0 T M M 14.4 28 280 M M 3 18 36 300
6 41 4 23 -21 42 0 0.00 M M 4.6 15 230 M M 0 17 230
7 51 18 35 -9 30 0 0.00 M M 3.4 10 240 M M 0 11 240
8 61 26 44 0 21 0 0.00 M M 4.7 13 280 M M 0 16 290
9 64 31 48 4 17 0 0.00 M M 8.2 16 300 M M 0 21 300
10 75 29 52 8 13 0 0.00 M M 5.8 16 260 M M 0 23 270
11 87 37 62 17 3 0 0.00 M M 12.3 29 260 M M 0 37 250
12 81 37 59 14 6 0 0.00 M M 8.8 24 80 M M 1 30 80
13 69 42 56 11 9 0 T M M 8.4 23 300 M M 2 31 300
14 48 36 42 -3 23 0 T M M 10.3 21 360 M M 10 27 360
15 50 26 38 -7 27 0 T M M 8.8 22 10 M M 8 29 10
16 60 22 41 -5 24 0 0.00 M M 5.9 24 190 M M 0 31 190
17 77 31 54 8 11 0 0.00 M M 8.5 26 140 M M 0 35 140
18 77 37 57 11 8 0 0.03 M M 11.6 39 300 M M 1 3 53 300
19 59 33 46 0 19 0 0.00 M M 13.3 30 280 M M 3 41 300
20 50 29 40 -7 25 0 T M M 19.5 33 310 M M 4 1 47 310
21 47 27 37 -10 28 0 0.00 M M 16.8 29 310 M M 8 43 290
22 43 21 32 -15 33 0 0.00 M M 6.1 20 310 M M 7 24 310
23 59 15 37 -10 28 0 0.00 M M 4.4 16 320 M M 3 24 330
24 71 25 48 0 17 0 0.00 M M 8.1 26 120 M M 2 41 120
25 61 36 49 1 16 0 0.00 M M 11.4 22 60 M M 5 29 70
26 71 31 51 3 14 0 0.00 M M 7.0 22 240 M M 3 1 28 240
27 68 38 53 4 12 0 0.12 M M 13.4 38 300 M M 6 51 300
28 61 38 50 1 15 0 0.00 M M 11.3 24 320 M M 7 32 310
29 70 38 54 5 11 0 0.00 M M 12.0 23 20 M M 3 32 10
30 61 28 45 -5 20 0 0.00 M M 5.9 15 40 M M 1 24 70
================================================================================
SM 1764 830 647 0 0.84 M 289.0 M 101
================================================================================
AV 58.8 27.7 9.6 FASTST M M 3 MAX(MPH)
MISC ----> 39 300 53 300
================================================================================
NOTES:
# LAST OF SEVERAL OCCURRENCES
COLUMN 17 PEAK WIND IN M.P.H.
PRELIMINARY LOCAL CLIMATOLOGICAL DATA (WS FORM: F-6) , PAGE 2
STATION: CHADRON NEBRASKA AIRPORT
MONTH: APRIL
YEAR: 2023
LATITUDE: 42 50 N
LONGITUDE: 103 6 W
[TEMPERATURE DATA] [PRECIPITATION DATA] SYMBOLS USED IN COLUMN 16
AVERAGE MONTHLY: 43.2 TOTAL FOR MONTH: 0.84 1 = FOG OR MIST
DPTR FM NORMAL: -2.6 DPTR FM NORMAL: -1.12 2 = FOG REDUCING VISIBILITY
HIGHEST: 87 ON 11 GRTST 24HR 0.46 ON 4- 4 TO 1/4 MILE OR LESS
LOWEST: 4 ON 6 3 = THUNDER
SNOW, ICE PELLETS, HAIL 4 = ICE PELLETS
TOTAL MONTH: M 5 = HAIL
GRTST 24HR M ON M 6 = FREEZING RAIN OR DRIZZLE
GRTST DEPTH: M ON M 7 = DUSTSTORM OR SANDSTORM:
VSBY 1/2 MILE OR LESS
8 = SMOKE OR HAZE
[NO. OF DAYS WITH] [WEATHER - DAYS WITH] 9 = BLOWING SNOW
X = TORNADO
MAX 32 OR BELOW: 2 0.01 INCH OR MORE: 4
MAX 90 OR ABOVE: 0 0.10 INCH OR MORE: 3
MIN 32 OR BELOW: 19 0.50 INCH OR MORE: 0
MIN 0 OR BELOW: 0 1.00 INCH OR MORE: 0
[HDD (BASE 65) ]
TOTAL THIS MO. 647 CLEAR (SCALE 0-3) 19
DPTR FM NORMAL 70 PTCLDY (SCALE 4-7) 7
TOTAL FM JUL 1 6886 CLOUDY (SCALE 8-10) 4
DPTR FM NORMAL 409
[CDD (BASE 65) ]
TOTAL THIS MO. 0
DPTR FM NORMAL -1 [PRESSURE DATA]
TOTAL FM JAN 1 0 HIGHEST SLP 30.44 ON 6
DPTR FM NORMAL -1 LOWEST SLP 29.33 ON 18
[REMARKS]
#FINAL-04-23#
APRIL 3-4...USED COOP BACKUP FOR PRECIPITATION DUE TO ASOS ERRORS.
APRIL 5...RECORD LOW TEMPERATURE 6F (PREVIOUS: 9F IN 1920)
APRIL 6...RECORD LOW TEMPERATURE 4F (PREVIOUS: 9F IN 2007)
APRIL 23...TIED RECORD LOW TEMPERATURE 15F (PREVIOUS: 15F IN 2013)