000
CXUS55 KGJT 010910
CF6CEZ
PRELIMINARY LOCAL CLIMATOLOGICAL DATA (WS FORM: F-6)
STATION: CORTEZ CO
MONTH: AUGUST
YEAR: 2023
LATITUDE: 37 17 N
LONGITUDE: 108 38 W
TEMPERATURE IN F: :PCPN: SNOW: WIND :SUNSHINE: SKY :PK WND
================================================================================
1 2 3 4 5 6A 6B 7 8 9 10 11 12 13 14 15 16 17 18
12Z AVG MX 2MIN
DY MAX MIN AVG DEP HDD CDD WTR SNW DPTH SPD SPD DIR MIN PSBL S-S WX SPD DR
================================================================================
1 88 56 72 0 0 7 T M M 6.1 31 210 M M 1 3 38 210
2 90 57 74 2 0 9 0.01 M M 6.8 44 280 M M 3 38 62 280
3 87 51 69 -3 0 4 0.00 M M 5.9 16 290 M M 1 21 280
4 91 53 72 0 0 7 0.00 M M 6.6 18 210 M M 2 26 220
5 94 49 72 0 0 7 0.00 M M 7.3 20 300 M M 0 30 280
6 93 48 71 -1 0 6 0.00 M M 8.3 24 270 M M 0 35 260
7 93 47 70 -2 0 5 0.00 M M 8.3 25 290 M M 0 36 280
8 92 47 70 -2 0 5 0.00 M M 10.4 31 280 M M 1 43 270
9 90 45 68 -3 0 3 0.00 M M 6.4 18 200 M M 0 27 270
10 85 54 70 -1 0 5 0.03 M M 7.8 24 270 M M 1 3 33 270
11 87 52 70 -1 0 5 0.00 M M 6.4 17 270 M M 0 26 280
12 86 60 73 2 0 8 0.00 M M 8.1 20 10 M M 2 26 10
13 89 58 74 3 0 9 0.01 M M 5.0 29 60 M M 3 3 38 60
14 81 59 70 0 0 5 0.48 M M 8.9 33 90 M M 5 138 45 90
15 87 59 73 3 0 8 0.00 M M 4.0 21 50 M M 2 3 26 80
16 91 58 75 5 0 10 T M M 4.1 25 360 M M 1 3 36 10
17 94 56 75 5 0 10 0.04 M M 5.4 18 50 M M 1 3 25 290
18 91 60 76 6 0 11 T M M 5.3 32 210 M M 2 3 44 210
19 92 56 74 5 0 9 0.00 M M 5.4 28 130 M M 1 37 130
20 93 75 84 15 0 19 0.00 M M 20.2 31 130 M M 0 47 130
21 92 68 80 11 0 15 T M M 14.4 38 190 M M 1 3 51 190
22 85 63 74 5 0 9 0.00 M M 10.0 28 140 M M 3 38 41 170
23 87 57 72 3 0 7 0.02 M M 5.0 28 140 M M 4 18 40 140
24 73 61 67 -1 0 2 0.17 M M 6.0 21 30 M M 9 138 30 40
25 82 58 70 2 0 5 0.00 M M 2.4 13 260 M M 6 1 18 30
26 87 53 70 2 0 5 0.00 M M 4.2 17 280 M M 1 3 23 270
27 88 52 70 2 0 5 T M M 3.4 23 300 M M 1 3 30 300
28 90 51 71 4 0 6 0.00 M M 7.4 20 340 M M 1 28 10
29 91 50 71 4 0 6 0.00 M M 4.4 12 170 M M 0 18 50
30 92 48 70 3 0 5 0.00 M M 5.2 22 280 M M 1 26 290
31 92 51 72 5 0 7 T M M 5.6 21 280 M M 1 32 240
================================================================================
SM 2753 1712 0 224 0.76 M 214.7 M 54
================================================================================
AV 88.8 55.2 6.9 FASTST M M 2 MAX(MPH)
MISC ----> 44 280 62 280
================================================================================
NOTES:
# LAST OF SEVERAL OCCURRENCES
COLUMN 17 PEAK WIND IN M.P.H.
PRELIMINARY LOCAL CLIMATOLOGICAL DATA (WS FORM: F-6) , PAGE 2
STATION: CORTEZ CO
MONTH: AUGUST
YEAR: 2023
LATITUDE: 37 17 N
LONGITUDE: 108 38 W
[TEMPERATURE DATA] [PRECIPITATION DATA] SYMBOLS USED IN COLUMN 16
AVERAGE MONTHLY: 72.0 TOTAL FOR MONTH: 0.76 1 = FOG OR MIST
DPTR FM NORMAL: 2.1 DPTR FM NORMAL: -0.83 2 = FOG REDUCING VISIBILITY
HIGHEST: 94 ON 17, 5 GRTST 24HR 0.48 ON 14-14 TO 1/4 MILE OR LESS
LOWEST: 45 ON 9 3 = THUNDER
SNOW, ICE PELLETS, HAIL 4 = ICE PELLETS
TOTAL MONTH: M 5 = HAIL
GRTST 24HR M ON M 6 = FREEZING RAIN OR DRIZZLE
GRTST DEPTH: M ON M 7 = DUSTSTORM OR SANDSTORM:
VSBY 1/2 MILE OR LESS
8 = SMOKE OR HAZE
[NO. OF DAYS WITH] [WEATHER - DAYS WITH] 9 = BLOWING SNOW
X = TORNADO
MAX 32 OR BELOW: 0 0.01 INCH OR MORE: 7
MAX 90 OR ABOVE: 17 0.10 INCH OR MORE: 2
MIN 32 OR BELOW: 0 0.50 INCH OR MORE: 0
MIN 0 OR BELOW: 0 1.00 INCH OR MORE: 0
[HDD (BASE 65) ]
TOTAL THIS MO. 0 CLEAR (SCALE 0-3) 26
DPTR FM NORMAL -8 PTCLDY (SCALE 4-7) 4
TOTAL FM JUL 1 0 CLOUDY (SCALE 8-10) 1
DPTR FM NORMAL -7
[CDD (BASE 65) ]
TOTAL THIS MO. 224
DPTR FM NORMAL 66 [PRESSURE DATA]
TOTAL FM JAN 1 551 HIGHEST SLP M ON M
DPTR FM NORMAL 87 LOWEST SLP 29.79 ON 31
[REMARKS]
#FINAL-08-23#