000
CXUS52 KCHS 020212
CF6CHS
PRELIMINARY LOCAL CLIMATOLOGICAL DATA (WS FORM: F-6)
STATION: NORTH CHARLESTON SC
MONTH: MARCH
YEAR: 2022
LATITUDE: 32 54 N
LONGITUDE: 80 2 W
TEMPERATURE IN F: :PCPN: SNOW: WIND :SUNSHINE: SKY :PK WND
================================================================================
1 2 3 4 5 6A 6B 7 8 9 10 11 12 13 14 15 16 17 18
12Z AVG MX 2MIN
DY MAX MIN AVG DEP HDD CDD WTR SNW DPTH SPD SPD DIR MIN PSBL S-S WX SPD DR
================================================================================
1 73 46 60 4 5 0 0.00 0.0 0 6.6 15 360 M M 4 1 19 10
2 79 44 62 6 3 0 0.00 0.0 0 3.6 12 200 M M 0 1 14 290
3 85 50 68 12 0 3 0.00 0.0 0 6.6 16 210 M M 1 22 260
4 67 50 59 3 6 0 0.00 0.0 0 8.4 17 60 M M 5 24 60
5 78 56 67 11 0 2 0.00 0.0 0 7.2 17 180 M M 7 18 23 180
6 82 60 71 14 0 6 0.00 0.0 0 8.6 23 190 M M 3 1 28 230
7 82 62 72 15 0 7 0.00 0.0 0 14.8 26 200 M M 2 33 210
8 82 63 73 16 0 8 0.29 0.0 0 7.8 17 110 M M 6 1 29 100
9 79 66 73 16 0 8 0.06 0.0 0 9.4 23 200 M M 9 1 28 200
10 68 51 60 3 5 0 0.15 0.0 0 6.8 18 120 M M 10 1 22 100
11 59 50 55 -3 10 0 T 0.0 0 5.9 12 20 M M 10 1 15 20
12 71 33 52 -6 13 0 0.05 0.0 0 20.8 41 210 M M 6 18 58 210
13 54 25 40 -18 25 0 0.00 0.0 0 5.4 16 130 M M 0 21 160
14 65 32 49 -9 16 0 0.00 0.0 0 4.6 16 170 M M 1 21 120
15 73 44 59 1 6 0 T 0.0 0 6.9 16 120 M M 6 21 130
16 71 59 65 6 0 0 0.28 0.0 0 9.2 23 180 M M 9 13 37 100
17 76 53 65 6 0 0 0.00 0.0 0 5.7 15 290 M M 5 12 21 290
18 80 51 66 7 0 1 0.12 0.0 0 7.7 25 160 M M 5 1 32 270
19 81 64 73 14 0 8 T 0.0 0 13.4 28 210 M M 7 39 200
20 71 50 61 1 4 0 0.00 0.0 0 10.8 21 310 M M 2 28 290
21 71 42 57 -3 8 0 0.00 0.0 0 6.1 17 160 M M 2 25 140
22 74 47 61 1 4 0 0.00 0.0 0 7.5 18 120 M M 7 8 23 150
23 79 62 71 11 0 6 0.29 0.0 0 15.4 31 190 M M 7 13 39 200
24 70 56 63 3 2 0 0.52 0.0 0 6.8 15 220 M M 10 13 24 190
25 73 53 63 2 2 0 0.07 0.0 0 10.9 22 230 M M 4 31 270
26 70 47 59 -2 6 0 0.00 0.0 0 11.4 29 250 M M 0 37 280
27 72 43 58 -3 7 0 0.00 0.0 0 9.8 23 290 M M 0 31 300
28 74 48 61 0 4 0 0.00 0.0 0 6.9 20 280 M M 2 29 250
29 64 47 56 -6 9 0 0.00 0.0 0 9.7 16 90 M M 3 29 60
30 78 51 65 3 0 0 0.00 0.0 0 13.4 30 160 M M 6 35 170
31 77 69 73 11 0 8 0.25 0.0 0 19.3 40 190 M M 8 1 54 190
================================================================================
SM 2278 1574 135 57 2.08 0.0 287.4 M 147
================================================================================
AV 73.5 50.8 9.3 FASTST M M 5 MAX(MPH)
MISC ----> 41 210 58 210
================================================================================
NOTES:
# LAST OF SEVERAL OCCURRENCES
COLUMN 17 PEAK WIND IN M.P.H.
PRELIMINARY LOCAL CLIMATOLOGICAL DATA (WS FORM: F-6) , PAGE 2
STATION: NORTH CHARLESTON SC
MONTH: MARCH
YEAR: 2022
LATITUDE: 32 54 N
LONGITUDE: 80 2 W
[TEMPERATURE DATA] [PRECIPITATION DATA] SYMBOLS USED IN COLUMN 16
AVERAGE MONTHLY: 62.1 TOTAL FOR MONTH: 2.08 1 = FOG OR MIST
DPTR FM NORMAL: 3.4 DPTR FM NORMAL: -1.27 2 = FOG REDUCING VISIBILITY
HIGHEST: 85 ON 3 GRTST 24HR 0.79 ON 23-24 TO 1/4 MILE OR LESS
LOWEST: 25 ON 13 3 = THUNDER
SNOW, ICE PELLETS, HAIL 4 = ICE PELLETS
TOTAL MONTH: 0.0 INCH 5 = HAIL
GRTST 24HR 0.0 6 = FREEZING RAIN OR DRIZZLE
GRTST DEPTH: 0 7 = DUSTSTORM OR SANDSTORM:
VSBY 1/2 MILE OR LESS
8 = SMOKE OR HAZE
[NO. OF DAYS WITH] [WEATHER - DAYS WITH] 9 = BLOWING SNOW
X = TORNADO
MAX 32 OR BELOW: 0 0.01 INCH OR MORE: 10
MAX 90 OR ABOVE: 0 0.10 INCH OR MORE: 7
MIN 32 OR BELOW: 2 0.50 INCH OR MORE: 1
MIN 0 OR BELOW: 0 1.00 INCH OR MORE: 0
[HDD (BASE 65) ]
TOTAL THIS MO. 135 CLEAR (SCALE 0-3) 12
DPTR FM NORMAL -92 PTCLDY (SCALE 4-7) 14
TOTAL FM JUL 1 1525 CLOUDY (SCALE 8-10) 5
DPTR FM NORMAL -239
[CDD (BASE 65) ]
TOTAL THIS MO. 57
DPTR FM NORMAL 26 [PRESSURE DATA]
TOTAL FM JAN 1 105 HIGHEST SLP 30.51 ON 14
DPTR FM NORMAL 63 LOWEST SLP 29.47 ON 12
[REMARKS]
#FINAL-03-22#