000
CXUS52 KCHS 010915
CF6CHS
PRELIMINARY LOCAL CLIMATOLOGICAL DATA (WS FORM: F-6)
STATION: NORTH CHARLESTON SC
MONTH: JANUARY
YEAR: 2024
LATITUDE: 32 54 N
LONGITUDE: 80 2 W
TEMPERATURE IN F: :PCPN: SNOW: WIND :SUNSHINE: SKY :PK WND
================================================================================
1 2 3 4 5 6A 6B 7 8 9 10 11 12 13 14 15 16 17 18
12Z AVG MX 2MIN
DY MAX MIN AVG DEP HDD CDD WTR SNW DPTH SPD SPD DIR MIN PSBL S-S WX SPD DR
================================================================================
1 66 39 53 3 12 0 T 0.0 0 8.9 18 360 M M 5 25 360
2 56 33 45 -5 20 0 0.00 0.0 0 6.4 17 10 M M 1 23 30
3 55 29 42 -8 23 0 0.05 0.0 0 3.1 12 330 M M 6 14 330
4 58 39 49 -1 16 0 T 0.0 0 8.6 18 340 M M 2 24 340
5 58 36 47 -3 18 0 T 0.0 0 10.2 16 90 M M 4 23 80
6 75 48 62 12 3 0 0.43 0.0 0 11.3 32 200 M M 8 1 40 200
7 59 40 50 0 15 0 0.00 0.0 0 9.5 20 290 M M 5 24 290
8 54 36 45 -4 20 0 0.00 0.0 0 8.8 16 60 M M 7 23 60
9 72 36 54 5 11 0 1.32 0.0 0 20.5 54 190 M M 9 138 69 190
10 57 41 49 0 16 0 0.00 0.0 0 12.4 30 260 M M 3 43 290
11 59 38 49 0 16 0 0.00 0.0 0 4.7 10 230 M M 6 13 240
12 70 36 53 4 12 0 0.07 0.0 0 9.4 28 200 M M 7 13 36 200
13 68 42 55 6 10 0 T 0.0 0 12.9 24 280 M M 7 35 280
14 64 39 52 3 13 0 0.00 0.0 0 5.8 14 190 M M 4 16 190
15 71 38 55 6 10 0 T 0.0 0 3.7 16 170 M M 6 128 20 170
16 61 44 53 4 12 0 0.01 0.0 0 7.0 18 320 M M 7 12 23 320
17 49 29 39 -10 26 0 0.00 0.0 0 7.1 17 340 M M 4 22 330
18 65 27 46 -3 19 0 0.00 0.0 0 2.3 9 150 M M 4 13 130
19 64 37 51 2 14 0 T 0.0 0 12.6 28 290 M M 4 40 280
20 44 26 35 -14 30 0 0.00 0.0 0 10.3 20 330 M M 1 26 340
21 44 23 34 -15 31 0 0.00 0.0 0 8.5 18 20 M M 1 26 10
22 60 23 42 -7 23 0 0.00 0.0 0 6.9 13 120 M M 5 17 80
23 67 50 59 9 6 0 T 0.0 0 6.5 16 100 M M 10 1 19 110
24 77 62 70 20 0 5 T 0.0 0 8.6 21 160 M M 8 1 25 150
25 78 63 71 21 0 6 0.03 0.0 0 8.0 20 190 M M 7 12 25 210
26 83 62 73 23 0 8 0.00 0.0 0 8.5 18 190 M M 7 1 24 200
27 79 61 70 20 0 5 0.00 0.0 0 7.8 18 200 M M 8 12 23 180
28 70 50 60 10 5 0 T 0.0 0 14.7 26 250 M M 4 36 250
29 63 42 53 3 12 0 0.00 0.0 0 9.6 24 330 M M 0 29 330
30 65 36 51 1 14 0 0.00 0.0 0 6.4 18 190 M M 1 23 190
31 58 43 51 1 14 0 0.03 0.0 0 8.5 21 340 M M 8 26 360
================================================================================
SM 1969 1248 421 24 1.94 0.0 269.5 M 159
================================================================================
AV 63.5 40.3 8.7 FASTST M M 5 MAX(MPH)
MISC ----> 54 190 69 190
================================================================================
NOTES:
# LAST OF SEVERAL OCCURRENCES
COLUMN 17 PEAK WIND IN M.P.H.
PRELIMINARY LOCAL CLIMATOLOGICAL DATA (WS FORM: F-6) , PAGE 2
STATION: NORTH CHARLESTON SC
MONTH: JANUARY
YEAR: 2024
LATITUDE: 32 54 N
LONGITUDE: 80 2 W
[TEMPERATURE DATA] [PRECIPITATION DATA] SYMBOLS USED IN COLUMN 16
AVERAGE MONTHLY: 51.9 TOTAL FOR MONTH: 1.94 1 = FOG OR MIST
DPTR FM NORMAL: 2.4 DPTR FM NORMAL: -1.43 2 = FOG REDUCING VISIBILITY
HIGHEST: 83 ON 26 GRTST 24HR 1.32 ON 9- 9 TO 1/4 MILE OR LESS
LOWEST: 23 ON 22,21 3 = THUNDER
SNOW, ICE PELLETS, HAIL 4 = ICE PELLETS
TOTAL MONTH: 0.0 INCH 5 = HAIL
GRTST 24HR 0.0 6 = FREEZING RAIN OR DRIZZLE
GRTST DEPTH: 0 7 = DUSTSTORM OR SANDSTORM:
VSBY 1/2 MILE OR LESS
8 = SMOKE OR HAZE
[NO. OF DAYS WITH] [WEATHER - DAYS WITH] 9 = BLOWING SNOW
X = TORNADO
MAX 32 OR BELOW: 0 0.01 INCH OR MORE: 7
MAX 90 OR ABOVE: 0 0.10 INCH OR MORE: 2
MIN 32 OR BELOW: 6 0.50 INCH OR MORE: 1
MIN 0 OR BELOW: 0 1.00 INCH OR MORE: 1
[HDD (BASE 65) ]
TOTAL THIS MO. 421 CLEAR (SCALE 0-3) 7
DPTR FM NORMAL -62 PTCLDY (SCALE 4-7) 21
TOTAL FM JUL 1 981 CLOUDY (SCALE 8-10) 3
DPTR FM NORMAL -206
[CDD (BASE 65) ]
TOTAL THIS MO. 24
DPTR FM NORMAL 20 [PRESSURE DATA]
TOTAL FM JAN 1 24 HIGHEST SLP 30.66 ON 22
DPTR FM NORMAL 20 LOWEST SLP 29.43 ON 9
[REMARKS]
#FINAL-01-24#