000
CXUS52 KCHS 010801
CF6CHS
PRELIMINARY LOCAL CLIMATOLOGICAL DATA (WS FORM: F-6)
STATION: NORTH CHARLESTON SC
MONTH: MAY
YEAR: 2020
LATITUDE: 32 54 N
LONGITUDE: 80 2 W
TEMPERATURE IN F: :PCPN: SNOW: WIND :SUNSHINE: SKY :PK WND
================================================================================
1 2 3 4 5 6A 6B 7 8 9 10 11 12 13 14 15 16 17 18
12Z AVG MX 2MIN
DY MAX MIN AVG DEP HDD CDD WTR SNW DPTH SPD SPD DIR MIN PSBL S-S WX SPD DR
================================================================================
1 75 54 65 -4 0 0 0.00 0.0 0 10.0 21 330 M M 2 31 310
2 79 51 65 -4 0 0 0.00 0.0 0 5.5 14 140 M M 0 17 170
3 88 59 74 5 0 9 0.00 0.0 0 9.6 21 210 M M 1 1 25 210
4 91 67 79 10 0 14 0.00 0.0 0 9.8 17 320 M M 3 23 320
5 90 67 79 9 0 14 0.00 0.0 0 9.0 20 200 M M 6 26 230
6 79 57 68 -2 0 3 T 0.0 0 12.9 31 360 M M 5 40 340
7 71 47 59 -11 6 0 0.00 0.0 0 8.8 24 360 M M 1 30 350
8 74 47 61 -9 4 0 0.00 0.0 0 10.2 24 210 M M 6 29 200
9 70 54 62 -9 3 0 0.00 0.0 0 10.5 23 360 M M 5 29 20
10 73 47 60 -11 5 0 0.00 0.0 0 4.7 16 170 M M 3 21 160
11 79 51 65 -6 0 0 0.00 0.0 0 9.8 22 290 M M 1 1 29 320
12 72 50 61 -11 4 0 0.00 0.0 0 7.2 16 50 M M 2 20 60
13 78 51 65 -7 0 0 0.00 0.0 0 6.5 17 140 M M 4 25 150
14 79 55 67 -5 0 2 0.00 0.0 0 7.0 17 150 M M 3 18 22 150
15 82 58 70 -2 0 5 0.00 0.0 0 6.5 17 150 M M 4 1 23 140
16 85 62 74 1 0 9 0.00 0.0 0 7.1 18 120 M M 4 22 120
17 85 68 77 4 0 12 0.01 0.0 0 10.7 24 70 M M 6 30 40
18 87 68 78 5 0 13 0.00 0.0 0 8.6 17 190 M M 7 21 190
19 82 70 76 3 0 11 0.03 0.0 0 8.1 20 160 M M 6 25 150
20 77 67 72 -2 0 7 1.06 0.0 0 7.3 18 80 M M 9 13 25 90
21 84 70 77 3 0 12 0.06 0.0 0 6.1 17 220 M M 6 138 21 220
22 82 67 75 1 0 10 0.00 0.0 0 6.6 15 140 M M 7 1238 18 130
23 91 67 79 5 0 14 0.21 0.0 0 6.0 21 220 M M 4 13 27 220
24 91 70 81 6 0 16 T 0.0 0 3.4 14 210 M M 5 13 19 210
25 82 70 76 1 0 11 0.00 0.0 0 9.6 20 100 M M 8 1 24 110
26 77 70 74 -1 0 9 0.12 0.0 0 10.5 17 50 M M 9 1 23 50
27 82 72 77 2 0 12 2.08 0.0 0 9.1 20 340 M M 8 1 25 330
28 87 73 80 4 0 15 0.01 0.0 0 9.3 17 180 M M 7 1 22 150
29 88 74 81 5 0 16 0.00 0.0 0 9.4 20 210 M M 7 3 22 200
30 90 72 81 5 0 16 0.01 0.0 0 5.3 15 250 M M 5 13 19 250
31 88 70 79 3 0 14 0.05 0.0 0 8.0 21 120 M M 4 1 26 120
================================================================================
SM 2538 1925 22 244 3.64 0.0 253.1 M 148
================================================================================
AV 81.9 62.1 8.2 FASTST M M 5 MAX(MPH)
MISC ----> # 31 360 # 40 340
================================================================================
NOTES:
# LAST OF SEVERAL OCCURRENCES
COLUMN 17 PEAK WIND IN M.P.H.
PRELIMINARY LOCAL CLIMATOLOGICAL DATA (WS FORM: F-6) , PAGE 2
STATION: NORTH CHARLESTON SC
MONTH: MAY
YEAR: 2020
LATITUDE: 32 54 N
LONGITUDE: 80 2 W
[TEMPERATURE DATA] [PRECIPITATION DATA] SYMBOLS USED IN COLUMN 16
AVERAGE MONTHLY: 72.0 TOTAL FOR MONTH: 3.64 1 = FOG OR MIST
DPTR FM NORMAL: -0.5 DPTR FM NORMAL: 0.62 2 = FOG REDUCING VISIBILITY
HIGHEST: 91 ON 24,23 GRTST 24HR 2.08 ON 27-27 TO 1/4 MILE OR LESS
LOWEST: 47 ON 10, 8 3 = THUNDER
SNOW, ICE PELLETS, HAIL 4 = ICE PELLETS
TOTAL MONTH: 0.0 INCH 5 = HAIL
GRTST 24HR 0.0 6 = FREEZING RAIN OR DRIZZLE
GRTST DEPTH: 0 7 = DUSTSTORM OR SANDSTORM:
VSBY 1/2 MILE OR LESS
8 = SMOKE OR HAZE
[NO. OF DAYS WITH] [WEATHER - DAYS WITH] 9 = BLOWING SNOW
X = TORNADO
MAX 32 OR BELOW: 0 0.01 INCH OR MORE: 10
MAX 90 OR ABOVE: 5 0.10 INCH OR MORE: 4
MIN 32 OR BELOW: 0 0.50 INCH OR MORE: 2
MIN 0 OR BELOW: 0 1.00 INCH OR MORE: 2
[HDD (BASE 65) ]
TOTAL THIS MO. 22 CLEAR (SCALE 0-3) 7
DPTR FM NORMAL 10 PTCLDY (SCALE 4-7) 21
TOTAL FM JUL 1 1498 CLOUDY (SCALE 8-10) 3
DPTR FM NORMAL -477
[CDD (BASE 65) ]
TOTAL THIS MO. 244
DPTR FM NORMAL 0 [PRESSURE DATA]
TOTAL FM JAN 1 484 HIGHEST SLP 30.34 ON 14
DPTR FM NORMAL 122 LOWEST SLP 29.75 ON 6
[REMARKS]
#FINAL-05-20#