000
CXUS55 KDVN 011100
CF6CID
PRELIMINARY LOCAL CLIMATOLOGICAL DATA (WS FORM: F-6)
STATION: CEDAR RAPIDS IA
MONTH: NOVEMBER
YEAR: 2022
LATITUDE: 41 52 N
LONGITUDE: 91 42 W
TEMPERATURE IN F: :PCPN: SNOW: WIND :SUNSHINE: SKY :PK WND
================================================================================
1 2 3 4 5 6A 6B 7 8 9 10 11 12 13 14 15 16 17 18
12Z AVG MX 2MIN
DY MAX MIN AVG DEP HDD CDD WTR SNW DPTH SPD SPD DIR MIN PSBL S-S WX SPD DR
================================================================================
1 73 35 54 10 11 0 0.00 M M 8.0 18 190 M M 0 18 25 190
2 76 48 62 19 3 0 0.00 M M 10.5 25 190 M M 0 8 34 180
3 74 52 63 20 2 0 0.00 M M 15.2 28 190 M M 1 37 190
4 67 44 56 14 9 0 1.80 M M 11.9 33 260 M M 9 123 46 260
5 48 40 44 2 21 0 0.48 M M 14.8 29 250 M M 7 1 38 190
6 57 37 47 6 18 0 0.00 M M 12.9 22 290 M M 0 38 320
7 50 28 39 -2 26 0 0.00 M M 8.8 17 100 M M 0 23 100
8 58 34 46 6 19 0 0.00 M M 15.0 26 110 M M 4 34 120
9 76 52 64 24 1 0 0.00 M M 12.4 23 200 M M 5 30 200
10 72 32 52 13 13 0 0.85 M M 17.4 30 300 M M 7 13 39 300
11 32 22 27 -12 38 0 0.08 M M 19.6 28 310 M M 9 16 38 300
12 32 22 27 -11 38 0 T M M 14.6 22 310 M M 10 1 28 300
13 31 18 25 -13 40 0 0.00 M M 3.5 9 250 M M 4 13 270
14 38 19 29 -9 36 0 0.00 M M 8.6 16 160 M M 7 22 170
15 33 29 31 -6 34 0 0.05 M M 6.6 16 300 M M 10 1 22 290
16 29 24 27 -10 38 0 T M M 14.9 21 270 M M 10 18 26 290
17 32 18 25 -11 40 0 T M M 16.0 28 290 M M 9 18 37 300
18 22 15 19 -17 46 0 T M M 17.6 25 300 M M 8 1 31 300
19 26 6 16 -19 49 0 T M M 18.3 36 300 M M 3 18 45 300
20 41 7 24 -11 41 0 0.00 M M 12.9 25 200 M M 0 34 200
21 43 23 33 -1 32 0 0.00 M M 9.7 17 310 M M 0 24 230
22 52 19 36 2 29 0 0.00 M M 3.9 10 210 M M 0 1 13 220
23 57 25 41 7 24 0 0.00 M M 5.9 15 180 M M 0 1 22 190
24 54 31 43 10 22 0 T M M 9.0 21 340 M M 7 18 29 340
25 52 22 37 4 28 0 0.00 M M 8.1 16 270 M M 0 1 20 270
26 55 28 42 10 23 0 0.00 M M 9.7 21 200 M M 0 26 200
27 46 24 35 3 30 0 0.12 M M 10.0 22 10 M M 5 1 29 10
28 47 18 33 2 32 0 0.00 M M 8.4 20 160 M M 0 26 170
29 56 22 39 8 26 0 0.00 M M 17.9 35 300 M M 7 1 46 300
30 26 12 19 -12 46 0 0.00 M M 18.8 33 290 M M 1 43 290
================================================================================
SM 1455 806 815 0 3.38 M 360.9 M 123
================================================================================
AV 48.5 26.9 12.0 FASTST M M 4 MAX(MPH)
MISC ----> 36 300 # 46 260
================================================================================
NOTES:
# LAST OF SEVERAL OCCURRENCES
COLUMN 17 PEAK WIND IN M.P.H.
PRELIMINARY LOCAL CLIMATOLOGICAL DATA (WS FORM: F-6) , PAGE 2
STATION: CEDAR RAPIDS IA
MONTH: NOVEMBER
YEAR: 2022
LATITUDE: 41 52 N
LONGITUDE: 91 42 W
[TEMPERATURE DATA] [PRECIPITATION DATA] SYMBOLS USED IN COLUMN 16
AVERAGE MONTHLY: 37.7 TOTAL FOR MONTH: 3.38 1 = FOG OR MIST
DPTR FM NORMAL: 0.7 DPTR FM NORMAL: 1.38 2 = FOG REDUCING VISIBILITY
HIGHEST: 76 ON 9, 2 GRTST 24HR 2.20 ON 4- 5 TO 1/4 MILE OR LESS
LOWEST: 6 ON 19 3 = THUNDER
SNOW, ICE PELLETS, HAIL 4 = ICE PELLETS
TOTAL MONTH: M 5 = HAIL
GRTST 24HR M ON M 6 = FREEZING RAIN OR DRIZZLE
GRTST DEPTH: M ON M 7 = DUSTSTORM OR SANDSTORM:
VSBY 1/2 MILE OR LESS
8 = SMOKE OR HAZE
[NO. OF DAYS WITH] [WEATHER - DAYS WITH] 9 = BLOWING SNOW
X = TORNADO
MAX 32 OR BELOW: 8 0.01 INCH OR MORE: 6
MAX 90 OR ABOVE: 0 0.10 INCH OR MORE: 4
MIN 32 OR BELOW: 22 0.50 INCH OR MORE: 2
MIN 0 OR BELOW: 0 1.00 INCH OR MORE: 1
[HDD (BASE 65) ]
TOTAL THIS MO. 815 CLEAR (SCALE 0-3) 13
DPTR FM NORMAL -27 PTCLDY (SCALE 4-7) 10
TOTAL FM JUL 1 1358 CLOUDY (SCALE 8-10) 7
DPTR FM NORMAL -83
[CDD (BASE 65) ]
TOTAL THIS MO. 0
DPTR FM NORMAL 0 [PRESSURE DATA]
TOTAL FM JAN 1 910 HIGHEST SLP 30.58 ON 7
DPTR FM NORMAL 154 LOWEST SLP 29.28 ON 5
[REMARKS]
#FINAL-11-22#