302
CXUS55 KDVN 031457
CF6CID
PRELIMINARY LOCAL CLIMATOLOGICAL DATA (WS FORM: F-6)
STATION: CEDAR RAPIDS IA
MONTH: JULY
YEAR: 2020
LATITUDE: 41 52 N
LONGITUDE: 91 42 W
TEMPERATURE IN F: :PCPN: SNOW: WIND :SUNSHINE: SKY :PK WND
================================================================================
1 2 3 4 5 6A 6B 7 8 9 10 11 12 13 14 15 16 17 18
12Z AVG MX 2MIN
DY MAX MIN AVG DEP HDD CDD WTR SNW DPTH SPD SPD DIR MIN PSBL S-S WX SPD DR
================================================================================
1 79 66 73 0 0 8 0.45 M M 6.3 16 90 M M 6 1 20 60
2 87 70 79 6 0 14 0.00 M M 7.0 14 100 M M 3 18 110
3 87 67 77 4 0 12 0.00 M M 4.4 10 90 M M 1 1 14 130
4 88 65 77 4 0 12 0.00 M M 4.6 12 70 M M 1 18 14 70
5 88 66 77 4 0 12 0.00 M M 1.6 9 160 M M 0 18 15 120
6 88 69 79 6 0 14 0.00 M M 3.3 8 220 M M 0 18 13 250
7 89 70 80 7 0 15 0.00 M M 6.1 14 220 M M 1 138 20 210
8 90 70 80 7 0 15 0.00 M M 5.9 12 190 M M 1 1 16 170
9 88 66 77 4 0 12 2.03 M M 9.2 35 280 M M 4 1238 45 270
10 84 62 73 0 0 8 0.00 M M 8.8 21 290 M M 0 29 290
11 86 63 75 2 0 10 0.31 M M 6.6 36 320 M M 2 13 51 310
12 83 62 73 0 0 8 0.00 M M 6.1 14 340 M M 2 23 360
13 82 61 72 -1 0 7 0.00 M M 6.7 14 160 M M 0 1 21 170
14 84 67 76 3 0 11 0.07 M M 9.2 17 180 M M 2 13 26 150
15 78 68 73 0 0 8 0.03 M M 5.9 16 120 M M 8 1 23 120
16 81 62 72 -1 0 7 0.00 M M 3.2 8 240 M M 4 128 12 270
17 86 62 74 1 0 9 0.00 M M 7.2 16 170 M M 2 12 26 160
18 88 73 81 8 0 16 T M M 11.2 20 190 M M 2 1 30 180
19 83 63 73 0 0 8 0.00 M M 8.7 21 340 M M 2 28 340
20 76 62 69 -4 0 4 T M M 3.0 9 110 M M 5 10 100
21 75 64 70 -3 0 5 0.88 M M 4.9 15 110 M M 6 123 19 130
22 80 63 72 -1 0 7 0.04 M M 6.4 15 310 M M 3 1 19 280
23 80 60 70 -3 0 5 0.00 M M 4.0 8 120 M M 0 12 80
24 85 62 74 1 0 9 0.00 M M 6.6 13 120 M M 1 16 130
25 88 70 79 6 0 14 0.00 M M 7.9 15 190 M M 0 1 23 200
26 90 73 82 9 0 17 0.00 M M 9.8 20 300 M M 1 3 27 300
27 83 63 73 0 0 8 0.00 M M 8.6 20 320 M M 1 27 310
28 84 57 71 -2 0 6 0.00 M M 7.8 18 210 M M 1 26 210
29 88 64 76 3 0 11 0.66 M M 5.2 17 300 M M 3 13 22 200
30 83 69 76 4 0 11 0.02 M M 9.9 18 80 M M 3 1 26 70
31 80 61 71 -1 0 6 0.00 M M 8.0 16 70 M M 1 24 70
================================================================================
SM 2611 2020 0 309 4.49 M 204.1 M 66
================================================================================
AV 84.2 65.2 6.6 FASTST M M 2 MAX(MPH)
MISC ----> 36 320 51 310
================================================================================
NOTES:
# LAST OF SEVERAL OCCURRENCES
COLUMN 17 PEAK WIND IN M.P.H.
PRELIMINARY LOCAL CLIMATOLOGICAL DATA (WS FORM: F-6) , PAGE 2
STATION: CEDAR RAPIDS IA
MONTH: JULY
YEAR: 2020
LATITUDE: 41 52 N
LONGITUDE: 91 42 W
[TEMPERATURE DATA] [PRECIPITATION DATA] SYMBOLS USED IN COLUMN 16
AVERAGE MONTHLY: 74.7 TOTAL FOR MONTH: 4.49 1 = FOG OR MIST
DPTR FM NORMAL: 1.7 DPTR FM NORMAL: 0.03 2 = FOG REDUCING VISIBILITY
HIGHEST: 90 ON 26, 8 GRTST 24HR 2.03 ON 9- 9 TO 1/4 MILE OR LESS
LOWEST: 57 ON 28 3 = THUNDER
SNOW, ICE PELLETS, HAIL 4 = ICE PELLETS
TOTAL MONTH: M 5 = HAIL
GRTST 24HR M ON M 6 = FREEZING RAIN OR DRIZZLE
GRTST DEPTH: M ON M 7 = DUSTSTORM OR SANDSTORM:
VSBY 1/2 MILE OR LESS
8 = SMOKE OR HAZE
[NO. OF DAYS WITH] [WEATHER - DAYS WITH] 9 = BLOWING SNOW
X = TORNADO
MAX 32 OR BELOW: 0 0.01 INCH OR MORE: 9
MAX 90 OR ABOVE: 2 0.10 INCH OR MORE: 5
MIN 32 OR BELOW: 0 0.50 INCH OR MORE: 3
MIN 0 OR BELOW: 0 1.00 INCH OR MORE: 1
[HDD (BASE 65) ]
TOTAL THIS MO. 0 CLEAR (SCALE 0-3) 23
DPTR FM NORMAL -4 PTCLDY (SCALE 4-7) 7
TOTAL FM JUL 1 0 CLOUDY (SCALE 8-10) 1
DPTR FM NORMAL 0
[CDD (BASE 65) ]
TOTAL THIS MO. 309
DPTR FM NORMAL 57 [PRESSURE DATA]
TOTAL FM JAN 1 543 HIGHEST SLP 30.14 ON 24
DPTR FM NORMAL 76 LOWEST SLP 29.70 ON 9
[REMARKS]
#FINAL-07-20#