000
CXUS55 KOHX 271211
CF6CKV
PRELIMINARY LOCAL CLIMATOLOGICAL DATA (WS FORM: F-6)
STATION: CLARKSVILLE
MONTH: OCTOBER
YEAR: 2021
LATITUDE: 36 37 N
LONGITUDE: 87 25 W
TEMPERATURE IN F: :PCPN: SNOW: WIND :SUNSHINE: SKY :PK WND
================================================================================
1 2 3 4 5 6A 6B 7 8 9 10 11 12 13 14 15 16 17 18
12Z AVG MX 2MIN
DY MAX MIN AVG DEP HDD CDD WTR SNW DPTH SPD SPD DIR MIN PSBL S-S WX SPD DR
================================================================================
1 86 66 76 11 0 11 0.00 M M 2.1 9 110 M M 2 18 12 110
2 73 64 69 4 0 4 0.40 M M 5.4 12 180 M M 6 1 17 180
3 80 64 72 8 0 7 0.13 M M 5.6 14 220 M M 5 13 19 200
4 81 58 70 6 0 5 0.00 M M 2.4 10 300 M M 3 12 15 280
5 79 57 68 4 0 3 0.10 M M 5.1 14 60 M M 6 123 19 120
6 79 64 72 9 0 7 1.00 M M 7.0 15 120 M M 6 1 20 120
7 79 62 71 8 0 6 T M M 2.7 9 260 M M 5 1 13 280
8 82 59 71 9 0 6 0.00 M M 2.6 12 260 M M 4 12 20 210
9 84 62 73 11 0 8 0.00 M M 5.9 15 200 M M 2 1 22 190
10 84 63 74 12 0 9 0.00 M M 6.5 15 200 M M 0 1 23 190
11 82 64 73 12 0 8 0.06 M M 11.5 24 180 M M 3 1 38 160
12 77 58 68 7 0 3 0.00 M M 4.4 12 270 M M 0 1 17 250
13 81 58 70 10 0 5 0.00 M M 5.2 14 210 M M 4 1 20 220
14 84 64 74 14 0 9 0.00 M M 4.9 14 190 M M 1 12 18 190
15 81 58 70 10 0 5 0.33 M M 8.9 26 310 M M 7 1 35 310
16 66 45 56 -3 9 0 0.00 M M 9.3 22 330 M M 1 32 320
17 69 40 55 -4 10 0 0.00 M M 3.1 12 310 M M 0 1 18 360
18 71 40 56 -2 9 0 0.00 M M 1.2 10 210 M M 1 12 15 220
19 72 42 57 -1 8 0 0.00 M M 2.7 12 190 M M 0 12 17 190
20 76 44 60 2 5 0 0.00 M M 4.6 13 200 M M 1 12 20 190
21 75 49 62 5 3 0 T M M 9.3 21 260 M M 4 30 260
22 62 45 54 -3 11 0 0.00 M M 2.4 10 260 M M 7 1 14 270
23 64 42 53 -4 12 0 T M M 3.7 8 170 M M 5 12 12 180
24 80 52 66 10 0 1 0.00 M M 12.2 25 190 M M 2 1 35 190
25 66 53 60 4 5 0 0.94 M M 12.0 24 310 M M 8 13 32 190
26 61 44 53 -3 12 0 0.00 M M 5.7 16 340 M M 3 22 340
27 68 41 55 0 10 0 0.00 M M 7.4 16 100 M M 0 1 22 100
28 66 53 60 5 5 0 0.82 M M 8.1 20 150 M M 9 1 25 210
29 57 51 54 0 11 0 0.64 M M 4.9 13 290 M M 10 1 17 290
30 56 52 54 0 11 0 0.11 M M 10.4 18 310 M M 10 1 27 320
31 66 43 55 1 10 0 0.00 M M 7.6 18 350 M M 3 1 25 340
================================================================================
SM 2287 1657 131 97 4.53 M 184.8 M 118
================================================================================
AV 73.8 53.5 6.0 FASTST M M 4 MAX(MPH)
MISC ----> 26 310 38 160
================================================================================
NOTES:
# LAST OF SEVERAL OCCURRENCES
COLUMN 17 PEAK WIND IN M.P.H.
PRELIMINARY LOCAL CLIMATOLOGICAL DATA (WS FORM: F-6) , PAGE 2
STATION: CLARKSVILLE
MONTH: OCTOBER
YEAR: 2021
LATITUDE: 36 37 N
LONGITUDE: 87 25 W
[TEMPERATURE DATA] [PRECIPITATION DATA] SYMBOLS USED IN COLUMN 16
AVERAGE MONTHLY: 63.6 TOTAL FOR MONTH: 4.53 1 = FOG OR MIST
DPTR FM NORMAL: 4.3 DPTR FM NORMAL: 0.40 2 = FOG REDUCING VISIBILITY
HIGHEST: 86 ON 1 GRTST 24HR 1.08 ON 5- 6 TO 1/4 MILE OR LESS
LOWEST: 40 ON 18,17 3 = THUNDER
SNOW, ICE PELLETS, HAIL 4 = ICE PELLETS
TOTAL MONTH: M 5 = HAIL
GRTST 24HR M ON M 6 = FREEZING RAIN OR DRIZZLE
GRTST DEPTH: M ON M 7 = DUSTSTORM OR SANDSTORM:
VSBY 1/2 MILE OR LESS
8 = SMOKE OR HAZE
[NO. OF DAYS WITH] [WEATHER - DAYS WITH] 9 = BLOWING SNOW
X = TORNADO
MAX 32 OR BELOW: 0 0.01 INCH OR MORE: 10
MAX 90 OR ABOVE: 0 0.10 INCH OR MORE: 9
MIN 32 OR BELOW: 0 0.50 INCH OR MORE: 4
MIN 0 OR BELOW: 0 1.00 INCH OR MORE: 1
[HDD (BASE 65) ]
TOTAL THIS MO. 131 CLEAR (SCALE 0-3) 15
DPTR FM NORMAL -85 PTCLDY (SCALE 4-7) 12
TOTAL FM JUL 1 150 CLOUDY (SCALE 8-10) 4
DPTR FM NORMAL -94
[CDD (BASE 65) ]
TOTAL THIS MO. 97
DPTR FM NORMAL 57 [PRESSURE DATA]
TOTAL FM JAN 1 1555 HIGHEST SLP 30.28 ON 17
DPTR FM NORMAL 49 LOWEST SLP 29.36 ON 28
[REMARKS]
#FINAL-10-21#