000
CXUS51 KCLE 041715
CLSCLE
CLIMATE REPORT
NATIONAL WEATHER SERVICE CLEVELAND, OH
115 PM EDT MON SEP 04 2023
...................................
...THE CLEVELAND OH CLIMATE SUMMARY FOR THE SEASON, FROM
6/1/2023 TO 8/31/2023...
CLIMATE NORMAL PERIOD 1991 TO 2020
CLIMATE RECORD PERIOD 1871 TO 2023
WEATHER OBSERVED NORMAL DEPART
VALUE DATE(S) VALUE FROM
NORMAL
................................................
TEMPERATURE (F)
RECORD
HIGH 104 06/25/1988
LOW 4 07/13/2022
HIGHEST 90 07/05
LOWEST 46 06/08
AVG. MAXIMUM 79.4 81.8 -2.4
AVG. MINIMUM 61.5 63.4 -1.9
MEAN 70.4 72.6 -2.2
DAYS MAX >= 90 1 10.6
DAYS MAX <= 32 0 0.0
DAYS MIN <= 32 0 0.0
DAYS MIN <= 0 0 0.0
PRECIPITATION (INCHES)
RECORD
MAXIMUM 19.88 1972
MINIMUM 3.63 1933
TOTALS 17.11 11.06 6.05
DAYS >= .01 38 32.5
DAYS >= .10 28 20.1
DAYS >= .50 10 6.8
DAYS >= 1.00 3 2.3
SNOWFALL (INCHES)
RECORDS
TOTAL T 2008
TOTALS 0.0 0.0
DAYS >= TRACE 0
DAYS >= 1.0 0 0.0
DEGREE DAYS
HEATING TOTAL 37 36 1
COOLING TOTAL 566 740 -174
................................................
WIND (MPH)
HIGHEST GUST SPEED/DIRECTION 52/310 DATE 08/24
SKY COVER
POSSIBLE SUNSHINE (PERCENT) MM
AVERAGE SKY COVER 0.55
NUMBER OF DAYS FAIR 23
NUMBER OF DAYS PC 45
NUMBER OF DAYS CLOUDY 24
WEATHER CONDITIONS. NUMBER OF DAYS WITH
THUNDERSTORM 23 MIXED PRECIP 0
HEAVY RAIN 17 RAIN 17
LIGHT RAIN 40 FREEZING RAIN 0
LT FREEZING RAIN 0 HAIL 0
HEAVY SNOW 0 SNOW 0
LIGHT SNOW 0 SLEET 0
FOG 48 FOG W/VIS <= 1/4 MILE 2
HAZE 19
- INDICATES NEGATIVE NUMBERS.
R INDICATES RECORD WAS SET OR TIED.
MM INDICATES DATA IS MISSING.
T INDICATES TRACE AMOUNT.
$$