568
CXUS54 KHGX 011524
CF6CLL
PRELIMINARY LOCAL CLIMATOLOGICAL DATA (WS FORM: F-6)
STATION: COLLEGE STATION
MONTH: DECEMBER
YEAR: 2020
LATITUDE: 30 34 N
LONGITUDE: 96 22 W
TEMPERATURE IN F: :PCPN: SNOW: WIND :SUNSHINE: SKY :PK WND
================================================================================
1 2 3 4 5 6A 6B 7 8 9 10 11 12 13 14 15 16 17 18
12Z AVG MX 2MIN
DY MAX MIN AVG DEP HDD CDD WTR SNW DPTH SPD SPD DIR MIN PSBL S-S WX SPD DR
================================================================================
1 63 29 46 -9 19 0 0.00 0.0 0 8.1 22 160 M M 1 8 28 170
2 64 44 54 -1 11 0 0.22 0.0 0 7.7 15 320 M M 8 18 21 330
3 55 38 47 -8 18 0 0.00 0.0 0 11.0 18 340 M M 3 24 320
4 59 39 49 -5 16 0 0.00 0.0 0 6.7 14 320 M M 4 18 350
5 56 34 45 -9 20 0 0.02 0.0 0 2.6 8 250 M M 6 10 270
6 65 37 51 -3 14 0 0.00 0.0 0 6.9 18 330 M M 2 12 24 270
7 67 41 54 0 11 0 0.00 0.0 0 6.5 16 330 M M 0 20 10
8 75 36 56 3 9 0 0.00 0.0 0 2.8 12 310 M M 0 13 330
9 81 38 60 7 5 0 0.00 0.0 0 2.5 12 250 M M 0 8 16 280
10 78 44 61 8 4 0 0.00 0.0 0 8.3 22 160 M M 0 28 160
11 68 60 64 11 1 0 0.57 0.0 0 4.3 14 160 M M 8 12 17 140
12 64 49 57 5 8 0 T 0.0 0 7.9 18 360 M M 3 12 23 360
13 61 42 52 0 13 0 0.20 0.0 0 12.7 31 320 M M 10 1 41 330
14 52 39 46 -6 19 0 0.00 0.0 0 9.4 28 350 M M 5 34 330
15 50 40 45 -7 20 0 T 0.0 0 6.4 14 350 M M 10 1 17 350
16 50 36 43 -9 22 0 T 0.0 0 7.8 15 310 M M 2 19 330
17 59 29 44 -8 21 0 0.00 0.0 0 3.0 10 150 M M 0 18 12 150
18 68 36 52 0 13 0 T 0.0 0 9.5 22 160 M M 5 8 29 170
19 65 49 57 5 8 0 1.28 0.0 0 6.7 17 320 M M 7 13 23 300
20 67 40 54 3 11 0 0.00 0.0 0 3.3 10 300 M M 0 1 15 310
21 72 39 56 5 9 0 0.00 0.0 0 3.5 14 200 M M 0 17 190
22 73 46 60 9 5 0 0.00 0.0 0 8.8 22 150 M M 1 1 27 170
23 78 50 64 13 1 0 0.00 0.0 0 14.4 31 350 M M 5 43 340
24 54 35 45 -6 20 0 0.00 0.0 0 13.1 33 350 M M 1 42 340
25 65 33 49 -2 16 0 0.00 0.0 0 3.3 9 120 M M 0 11 120
26 70 38 54 3 11 0 0.00 0.0 0 8.6 17 160 M M 0 23 160
27 76 49 63 12 2 0 0.00 0.0 0 10.0 23 220 M M 1 34 190
28 77 55 66 15 0 1 0.00 0.0 0 7.7 15 130 M M 4 12 20 140
29 75 57 66 15 0 1 T 0.0 0 15.7 28 150 M M 5 1 34 160
30 77 48 63 12 2 0 0.62 0.0 0 14.9 28 150 M M 10 1 35 160
31 49 39 44 -7 21 0 1.70 0.0 0 12.5 21 240 M M 10 13 27 10
================================================================================
SM 2033 1289 350 2 4.61 0.0 246.6 M 111
================================================================================
AV 65.6 41.6 8.0 FASTST M M 4 MAX(MPH)
MISC ----> 33 350 43 340
================================================================================
NOTES:
# LAST OF SEVERAL OCCURRENCES
COLUMN 17 PEAK WIND IN M.P.H.
PRELIMINARY LOCAL CLIMATOLOGICAL DATA (WS FORM: F-6) , PAGE 2
STATION: COLLEGE STATION
MONTH: DECEMBER
YEAR: 2020
LATITUDE: 30 34 N
LONGITUDE: 96 22 W
[TEMPERATURE DATA] [PRECIPITATION DATA] SYMBOLS USED IN COLUMN 16
AVERAGE MONTHLY: 53.6 TOTAL FOR MONTH: 4.61 1 = FOG OR MIST
DPTR FM NORMAL: 1.4 DPTR FM NORMAL: 1.38 2 = FOG REDUCING VISIBILITY
HIGHEST: 81 ON 9 GRTST 24HR 2.29 ON 30-31 TO 1/4 MILE OR LESS
LOWEST: 29 ON 17, 1 3 = THUNDER
SNOW, ICE PELLETS, HAIL 4 = ICE PELLETS
TOTAL MONTH: 0.0 INCH 5 = HAIL
GRTST 24HR 0.0 6 = FREEZING RAIN OR DRIZZLE
GRTST DEPTH: 0 7 = DUSTSTORM OR SANDSTORM:
VSBY 1/2 MILE OR LESS
8 = SMOKE OR HAZE
[NO. OF DAYS WITH] [WEATHER - DAYS WITH] 9 = BLOWING SNOW
X = TORNADO
MAX 32 OR BELOW: 0 0.01 INCH OR MORE: 7
MAX 90 OR ABOVE: 0 0.10 INCH OR MORE: 6
MIN 32 OR BELOW: 2 0.50 INCH OR MORE: 4
MIN 0 OR BELOW: 0 1.00 INCH OR MORE: 2
[HDD (BASE 65) ]
TOTAL THIS MO. 350 CLEAR (SCALE 0-3) 17
DPTR FM NORMAL -61 PTCLDY (SCALE 4-7) 10
TOTAL FM JUL 1 498 CLOUDY (SCALE 8-10) 4
DPTR FM NORMAL -139
[CDD (BASE 65) ]
TOTAL THIS MO. 2
DPTR FM NORMAL -14 [PRESSURE DATA]
TOTAL FM JAN 1 3376 HIGHEST SLP 30.42 ON 24
DPTR FM NORMAL 287 LOWEST SLP 29.57 ON 31
[REMARKS]
#FINAL-12-20#