000
CXUS52 KGSP 010917
CF6CLT
PRELIMINARY LOCAL CLIMATOLOGICAL DATA (WS FORM: F-6)
STATION: CHARLOTTE NC
MONTH: JANUARY
YEAR: 2022
LATITUDE: 35 12 N
LONGITUDE: 80 57 W
TEMPERATURE IN F: :PCPN: SNOW: WIND :SUNSHINE: SKY :PK WND
================================================================================
1 2 3 4 5 6A 6B 7 8 9 10 11 12 13 14 15 16 17 18
12Z AVG MX 2MIN
DY MAX MIN AVG DEP HDD CDD WTR SNW DPTH SPD SPD DIR MIN PSBL S-S WX SPD DR
================================================================================
1 78 65 72 30 0 7 0.13 0.0 0 13.5 26 200 M M 8 1 37 200
2 71 59 65 23 0 0 0.50 0.0 0 11.3 32 210 M M 9 1 40 210
3 59 30 45 3 20 0 1.79 0.0 0 13.7 36 20 M M 6 1 47 10
4 46 28 37 -5 28 0 0.00 0.0 0 6.7 13 110 M M 1 21 100
5 60 38 49 7 16 0 0.00 0.0 0 5.9 17 220 M M 6 22 210
6 62 34 48 6 17 0 T 0.0 0 7.7 21 210 M M 6 31 210
7 49 30 40 -2 25 0 0.00 0.0 0 7.4 20 300 M M 3 26 300
8 44 26 35 -7 30 0 0.00 0.0 0 6.1 12 70 M M 3 20 80
9 59 41 50 8 15 0 0.37 0.0 0 5.0 20 320 M M 9 1 26 330
10 52 36 44 2 21 0 0.00 0.0 0 8.5 20 360 M M 4 25 360
11 47 26 37 -5 28 0 0.00 0.0 0 6.2 16 350 M M 0 20 360
12 52 23 38 -4 27 0 0.00 0.0 0 4.7 15 230 M M 4 18 230
13 54 27 41 -1 24 0 0.00 0.0 0 2.2 7 340 M M 6 12 140
14 59 30 45 3 20 0 0.00 0.0 0 6.5 16 360 M M 3 22 340
15 44 31 38 -4 27 0 0.00 0.0 0 7.6 15 80 M M 7 26 90
16 38 26 32 -10 33 0 0.98 2.2 1 11.7 24 50 M M 10 146 33 50
17 43 30 37 -5 28 0 0.00 0.0 1 10.7 20 230 M M 5 27 240
18 50 20 35 -7 30 0 0.00 0.0 T 3.0 12 350 M M 2 15 350
19 59 29 44 2 21 0 0.00 0.0 T 7.4 15 200 M M 6 21 180
20 49 35 42 0 23 0 0.18 T 0 9.4 17 30 M M 10 1 22 30
21 35 26 31 -11 34 0 0.15 1.9 0 11.5 20 30 M M 10 1 24 20
22 38 18 28 -14 37 0 T T 2 5.7 15 40 M M 4 1 18 40
23 51 21 36 -6 29 0 0.00 0.0 0 4.9 13 220 M M 2 16 240
24 55 26 41 -1 24 0 0.00 0.0 0 5.2 15 190 M M 3 18 200
25 62 38 50 8 15 0 0.00 0.0 0 3.3 12 340 M M 6 15 340
26 48 34 41 -1 24 0 0.00 0.0 0 10.0 17 60 M M 3 25 50
27 46 25 36 -6 29 0 0.00 0.0 0 3.8 9 70 M M 3 18 70
28 48 28 38 -5 27 0 0.05 T 0 4.8 17 350 M M 10 1 23 350
29 39 22 31 -12 34 0 0.01 0.2 T 10.7 24 320 M M 4 1 32 320
30 51 19 35 -8 30 0 0.00 0.0 0 6.5 17 210 M M 4 23 210
31 58 24 41 -2 24 0 0.00 0.0 0 4.3 10 180 M M 5 14 170
================================================================================
SM 1606 945 740 7 4.16 4.3 225.9 M 162
================================================================================
AV 51.8 30.5 7.3 FASTST M M 5 MAX(MPH)
MISC ----> 36 20 47 10
================================================================================
NOTES:
# LAST OF SEVERAL OCCURRENCES
COLUMN 17 PEAK WIND IN M.P.H.
PRELIMINARY LOCAL CLIMATOLOGICAL DATA (WS FORM: F-6) , PAGE 2
STATION: CHARLOTTE NC
MONTH: JANUARY
YEAR: 2022
LATITUDE: 35 12 N
LONGITUDE: 80 57 W
[TEMPERATURE DATA] [PRECIPITATION DATA] SYMBOLS USED IN COLUMN 16
AVERAGE MONTHLY: 41.1 TOTAL FOR MONTH: 4.16 1 = FOG OR MIST
DPTR FM NORMAL: -1.0 DPTR FM NORMAL: 0.67 2 = FOG REDUCING VISIBILITY
HIGHEST: 78 ON 1 GRTST 24HR 1.79 ON 3- 3 TO 1/4 MILE OR LESS
LOWEST: 18 ON 22 3 = THUNDER
SNOW, ICE PELLETS, HAIL 4 = ICE PELLETS
TOTAL MONTH: 4.3 INCHES 5 = HAIL
GRTST 24HR 2.2 ON 16-16 6 = FREEZING RAIN OR DRIZZLE
GRTST DEPTH: 2 ON 22 7 = DUSTSTORM OR SANDSTORM:
VSBY 1/2 MILE OR LESS
8 = SMOKE OR HAZE
[NO. OF DAYS WITH] [WEATHER - DAYS WITH] 9 = BLOWING SNOW
X = TORNADO
MAX 32 OR BELOW: 0 0.01 INCH OR MORE: 9
MAX 90 OR ABOVE: 0 0.10 INCH OR MORE: 7
MIN 32 OR BELOW: 22 0.50 INCH OR MORE: 3
MIN 0 OR BELOW: 0 1.00 INCH OR MORE: 1
[HDD (BASE 65) ]
TOTAL THIS MO. 740 CLEAR (SCALE 0-3) 8
DPTR FM NORMAL 28 PTCLDY (SCALE 4-7) 17
TOTAL FM JUL 1 1626 CLOUDY (SCALE 8-10) 6
DPTR FM NORMAL -293
[CDD (BASE 65) ]
TOTAL THIS MO. 7
DPTR FM NORMAL 7 [PRESSURE DATA]
TOTAL FM JAN 1 7 HIGHEST SLP 30.65 ON 8
DPTR FM NORMAL 7 LOWEST SLP 29.41 ON 3
[REMARKS]
#FINAL-01-22#