000
CXUS52 KGSP 011429
CLMCLT
CLIMATE REPORT
NATIONAL WEATHER SERVICE GREENVILLE-SPARTANBURG SC
1029 AM EDT SAT JUL 01 2023
...................................
...THE CHARLOTTE NC CLIMATE SUMMARY FOR THE MONTH OF JUNE 2023...
CLIMATE NORMAL PERIOD 1991 TO 2020
CLIMATE RECORD PERIOD 1878 TO 2023
WEATHER OBSERVED NORMAL DEPART LAST YEAR`S
VALUE DATE(S) VALUE FROM VALUE DATE(S)
NORMAL
................................................................
TEMPERATURE (F)
RECORD
HIGH 104 06/30/2012
06/29/2012
LOW 45 06/07/2000
06/12/1972
06/01/1889
HIGHEST 91 06/03 MM MM 101 06/22
06/30
LOWEST 54 06/09 MM MM 55 06/20
AVG. MAXIMUM 83.7 86.9 -3.2 90.6
AVG. MINIMUM 64.2 66.2 -2.0 67.1
MEAN 73.9 76.6 -2.7 78.8
DAYS MAX >= 90 6 10.3 -4.3 19
DAYS MAX <= 32 0 0.0 0.0 0
DAYS MIN <= 32 0 0.0 0.0 0
DAYS MIN <= 0 0 0.0 0.0 0
PRECIPITATION (INCHES)
RECORD
MAXIMUM 11.04 1886
MINIMUM 0.15 1993
TOTALS 3.63 3.99 -0.36 1.17
DAILY AVG. 0.12 0.13 -0.01 0.04
DAYS >= .01 8 10.6 -2.6 6
DAYS >= .10 7 6.7 0.3 3
DAYS >= .50 4 2.8 1.2 0
DAYS >= 1.00 1 1.1 -0.1 0
GREATEST
24 HR. TOTAL 1.14 06/19 TO 06/20 0.46 06/14 TO 06/14
STORM TOTAL 1.09 0.46
(MM/DD(HH)) MM
SNOWFALL (INCHES)
RECORDS
TOTAL MM MM
24 HR TOTAL MM
SNOW DEPTH MM MM
TOTALS 0.0 0.0 0.0 0.0
LIQUID EQUIV 0.00 0.00 0.00 0.00
SINCE 7/1 0.0 3.5 -3.5 MM
LIQUID 7/1 0.00 0.30 -0.30 MM
SNOWDEPTH AVG. 0 0
DAYS >= TRACE 0 0.0 0.0 0
DAYS >= 1.0 0 0.0 0.0 0
GREATEST
SNOW DEPTH 0 0 MM
24 HR TOTAL MM MM
STORM TOTAL 0.0 0.0
(MM/DD(HH)) MM
DEGREE DAYS
HEATING TOTAL 0 2 -2 0
SINCE 7/1 2508 3057 -549 MM
COOLING TOTAL 277 348 -71 425
SINCE 1/1 498 572 -74 MM
FREEZE DATES
RECORD
EARLIEST MM
LATEST MM
EARLIEST 10/19 10/19
LATEST 03/21 04/10
................................................................
WIND (MPH)
AVERAGE WIND SPEED 6.2
HIGHEST WIND SPEED/DIRECTION 28/200 DATE 06/11
HIGHEST GUST SPEED/DIRECTION 41/260 DATE 06/12
SKY COVER
POSSIBLE SUNSHINE (PERCENT) MM
AVERAGE SKY COVER 0.55
NUMBER OF DAYS FAIR 8
NUMBER OF DAYS PC 14
NUMBER OF DAYS CLOUDY 8
AVERAGE RH (PERCENT) 67
WEATHER CONDITIONS. NUMBER OF DAYS WITH
THUNDERSTORM 7 MIXED PRECIP 0
HEAVY RAIN 5 RAIN 3
LIGHT RAIN 14 FREEZING RAIN 0
LT FREEZING RAIN 0 HAIL 0
HEAVY SNOW 0 SNOW 0
LIGHT SNOW 0 SLEET 0
FOG 13 FOG W/VIS <= 1/4 MILE 2
HAZE 17
- INDICATES NEGATIVE NUMBERS.
R INDICATES RECORD WAS SET OR TIED.
MM INDICATES DATA IS MISSING.
T INDICATES TRACE AMOUNT.
$$