000
CXUS56 KLOX 011256
CF6CMA
PRELIMINARY LOCAL CLIMATOLOGICAL DATA (WS FORM: F-6)
STATION: CAMARILLO AIRPORT CA
MONTH: FEBRUARY
YEAR: 2024
LATITUDE: 34 12 N
LONGITUDE: 119 6 W
TEMPERATURE IN F: :PCPN: SNOW: WIND :SUNSHINE: SKY :PK WND
================================================================================
1 2 3 4 5 6A 6B 7 8 9 10 11 12 13 14 15 16 17 18
12Z AVG MX 2MIN
DY MAX MIN AVG DEP HDD CDD WTR SNW DPTH SPD SPD DIR MIN PSBL S-S WX SPD DR
================================================================================
1 63 50 57 0 8 0 1.83 M M 8.2 21 30 M M 8 1 38 70
2 63 43 53 -4 12 0 T M M 10.0 36 260 M M 4 48 260
3 61 40 51 -6 14 0 0.04 M M 4.3 14 60 M M 5 18 70
4 61 52 57 0 8 0 1.17 M M 14.0 25 150 M M 9 1 44 150
5 61 53 57 0 8 0 0.71 M M 4.6 14 150 M M 10 18 18 170
6 58 46 52 -5 13 0 0.91 M M 4.4 14 220 M M 8 1 21 190
7 61 39 50 -7 15 0 0.26 M M 9.8 33 260 M M 4 1 44 270
8 60 38 49 -8 16 0 0.00 M M 9.0 28 260 M M 1 40 270
9 61 41 51 -6 14 0 0.00 M M 4.5 14 260 M M 0 17 260
10 65 38 52 -4 13 0 0.00 M M 6.4 18 270 M M 0 23 270
11 66 42 54 -2 11 0 0.00 M M 7.8 22 70 M M 0 30 80
12 67 38 53 -3 12 0 0.00 M M 5.1 17 90 M M 0 22 90
13 64 39 52 -4 13 0 0.00 M M 3.9 14 220 M M 1 18 240
14 64 43 54 -2 11 0 0.00 M M 4.2 12 260 M M 3 16 220
15 66 45 56 0 9 0 0.00 M M 4.5 14 280 M M 4 1 18 250
16 66 46 56 0 9 0 0.00 M M 3.6 13 210 M M 3 18 21 220
17 65 52 59 3 6 0 0.01 M M 4.5 14 260 M M 8 128 18 210
18 65 54 60 4 5 0 0.60 M M 3.7 10 190 M M 10 18 14 190
19 62 58 60 4 5 0 1.43 M M 6.9 15 170 M M 10 18 25 170
20 66 57 62 6 3 0 0.36 M M 3.9 14 200 M M 9 1 18 190
21 66 52 59 3 6 0 0.42 M M 4.8 12 210 M M 4 1 20 190
22 66 45 56 -1 9 0 0.00 M M 3.7 14 260 M M 0 20 240
23 80 48 64 7 1 0 0.00 M M 7.0 21 50 M M 0 29 80
24 76 50 63 6 2 0 0.00 M M 4.8 17 230 M M 0 22 230
25 71 47 59 2 6 0 0.00 M M 3.0 14 230 M M 0 19 230
26 63 50 57 0 8 0 0.09 M M 4.0 12 240 M M 3 1 14 240
27 66 48 57 0 8 0 0.00 M M 4.0 15 200 M M 2 18 19 190
28 68 45 57 0 8 0 0.00 M M 3.5 13 230 M M 1 17 210
29 64 55 60 3 5 0 0.00 M M 4.6 13 230 M M 8 18 22 220
================================================================================
SM 1885 1354 258 0 7.83 M 162.7 M 115
================================================================================
AV 65.0 46.7 5.6 FASTST M M 4 MAX(MPH)
MISC ----> 36 260 48 260
================================================================================
NOTES:
# LAST OF SEVERAL OCCURRENCES
COLUMN 17 PEAK WIND IN M.P.H.
PRELIMINARY LOCAL CLIMATOLOGICAL DATA (WS FORM: F-6) , PAGE 2
STATION: CAMARILLO AIRPORT CA
MONTH: FEBRUARY
YEAR: 2024
LATITUDE: 34 12 N
LONGITUDE: 119 6 W
[TEMPERATURE DATA] [PRECIPITATION DATA] SYMBOLS USED IN COLUMN 16
AVERAGE MONTHLY: 55.8 TOTAL FOR MONTH: 7.83 1 = FOG OR MIST
DPTR FM NORMAL: -0.8 DPTR FM NORMAL: 4.93 2 = FOG REDUCING VISIBILITY
HIGHEST: 80 ON 23 GRTST 24HR 1.87 ON 31- 1 TO 1/4 MILE OR LESS
LOWEST: 38 ON 12,10 3 = THUNDER
SNOW, ICE PELLETS, HAIL 4 = ICE PELLETS
TOTAL MONTH: M 5 = HAIL
GRTST 24HR M ON M 6 = FREEZING RAIN OR DRIZZLE
GRTST DEPTH: M ON M 7 = DUSTSTORM OR SANDSTORM:
VSBY 1/2 MILE OR LESS
8 = SMOKE OR HAZE
[NO. OF DAYS WITH] [WEATHER - DAYS WITH] 9 = BLOWING SNOW
X = TORNADO
MAX 32 OR BELOW: 0 0.01 INCH OR MORE: 12
MAX 90 OR ABOVE: 0 0.10 INCH OR MORE: 9
MIN 32 OR BELOW: 0 0.50 INCH OR MORE: 6
MIN 0 OR BELOW: 0 1.00 INCH OR MORE: 3
[HDD (BASE 65) ]
TOTAL THIS MO. 258 CLEAR (SCALE 0-3) 13
DPTR FM NORMAL 15 PTCLDY (SCALE 4-7) 10
TOTAL FM JUL 1 856 CLOUDY (SCALE 8-10) 6
DPTR FM NORMAL -202
[CDD (BASE 65) ]
TOTAL THIS MO. 0
DPTR FM NORMAL -8 [PRESSURE DATA]
TOTAL FM JAN 1 5 HIGHEST SLP 30.28 ON 22
DPTR FM NORMAL -14 LOWEST SLP 29.66 ON 6
[REMARKS]
#FINAL-02-24#