000
CXUS53 KILX 260900
CF6CMI
PRELIMINARY LOCAL CLIMATOLOGICAL DATA (WS FORM: F-6)
STATION: CHAMPAIGN IL AIRPORT
MONTH: APRIL
YEAR: 2024
LATITUDE: 40 1 N
LONGITUDE: 88 17 W
TEMPERATURE IN F: :PCPN: SNOW: WIND :SUNSHINE: SKY :PK WND
================================================================================
1 2 3 4 5 6A 6B 7 8 9 10 11 12 13 14 15 16 17 18
12Z AVG MX 2MIN
DY MAX MIN AVG DEP HDD CDD WTR SNW DPTH SPD SPD DIR MIN PSBL S-S WX SPD DR
================================================================================
1 65 49 57 9 8 0 1.01 M M 10.7 28 30 M M 10 13 35 30
2 68 38 53 5 12 0 0.54 M M 21.0 37 260 M M 10 13 48 270
3 41 35 38 -10 27 0 0.15 M M 21.3 31 290 M M 10 18 42 280
4 42 36 39 -10 26 0 0.23 M M 14.5 23 310 M M 10 1 32 290
5 47 31 39 -10 26 0 0.00 M M 8.2 15 40 M M 8 19 50
6 56 29 43 -6 22 0 0.00 M M 8.8 15 130 M M 0 22 130
7 62 37 50 0 15 0 0.23 M M 16.1 37 130 M M 6 13 47 130
8 73 44 59 9 6 0 0.00 M M 11.0 20 200 M M 0 1 26 180
9 70 45 58 8 7 0 0.00 M M 9.0 17 270 M M 2 25 260
10 64 48 56 5 9 0 0.37 M M 11.3 21 10 M M 7 1 29 20
11 62 49 56 5 9 0 0.25 M M 16.1 28 290 M M 9 1 37 300
12 65 43 54 2 11 0 0.05 M M 19.4 32 290 M M 6 43 300
13 73 37 55 3 10 0 0.00 M M 10.6 20 180 M M 0 29 170
14 84 58 71 19 0 6 0.00 M M 14.3 28 240 M M 0 36 230
15 83 54 69 16 0 4 0.00 M M 9.8 15 10 M M 0 20 10
16 84 59 72 19 0 7 0.04 M M 18.7 38 160 M M 5 3 48 160
17 72 47 60 7 5 0 0.00 M M 18.9 33 250 M M 3 50 250
18 76 44 60 6 5 0 0.48 M M 11.1 40 300 M M 4 13 52 320
19 58 43 51 -3 14 0 0.00 M M 13.8 23 310 M M 5 32 350
20 53 36 45 -9 20 0 0.00 M M 13.2 22 290 M M 4 35 320
21 59 29 44 -11 21 0 0.00 M M 8.4 20 300 M M 1 26 300
22 67 33 50 -5 15 0 0.00 M M 12.2 24 210 M M 0 33 190
23 57 48 53 -3 12 0 0.54 M M 12.8 23 230 M M 5 18 30 230
24 54 36 45 -11 20 0 0.00 M M 10.9 21 30 M M 4 27 30
25 61 32 47 -9 18 0 0.00 M M 9.5 16 70 M M 0 23 70
================================================================================
SM 1596 1040 318 17 3.89 M 331.6 M 109
================================================================================
AV 63.8 41.6 13.3 FASTST M M 4 MAX(MPH)
MISC ----> 40 300 52 320
================================================================================
NOTES:
# LAST OF SEVERAL OCCURRENCES
COLUMN 17 PEAK WIND IN M.P.H.
PRELIMINARY LOCAL CLIMATOLOGICAL DATA (WS FORM: F-6) , PAGE 2
STATION: CHAMPAIGN IL AIRPORT
MONTH: APRIL
YEAR: 2024
LATITUDE: 40 1 N
LONGITUDE: 88 17 W
[TEMPERATURE DATA] [PRECIPITATION DATA] SYMBOLS USED IN COLUMN 16
AVERAGE MONTHLY: 52.7 TOTAL FOR MONTH: 3.89 1 = FOG OR MIST
DPTR FM NORMAL: 0.8 DPTR FM NORMAL: 0.90 2 = FOG REDUCING VISIBILITY
HIGHEST: 84 ON 16,14 GRTST 24HR 1.55 ON 1- 2 TO 1/4 MILE OR LESS
LOWEST: 29 ON 21, 6 3 = THUNDER
SNOW, ICE PELLETS, HAIL 4 = ICE PELLETS
TOTAL MONTH: M 5 = HAIL
GRTST 24HR M ON M 6 = FREEZING RAIN OR DRIZZLE
GRTST DEPTH: M ON M 7 = DUSTSTORM OR SANDSTORM:
VSBY 1/2 MILE OR LESS
8 = SMOKE OR HAZE
[NO. OF DAYS WITH] [WEATHER - DAYS WITH] 9 = BLOWING SNOW
X = TORNADO
MAX 32 OR BELOW: 0 0.01 INCH OR MORE: 11
MAX 90 OR ABOVE: 0 0.10 INCH OR MORE: 9
MIN 32 OR BELOW: 4 0.50 INCH OR MORE: 3
MIN 0 OR BELOW: 0 1.00 INCH OR MORE: 1
[HDD (BASE 65) ]
TOTAL THIS MO. 318 CLEAR (SCALE 0-3) 9
DPTR FM NORMAL -19 PTCLDY (SCALE 4-7) 11
TOTAL FM JUL 1 4403 CLOUDY (SCALE 8-10) 5
DPTR FM NORMAL -998
[CDD (BASE 65) ]
TOTAL THIS MO. 17
DPTR FM NORMAL 17 [PRESSURE DATA]
TOTAL FM JAN 1 17 HIGHEST SLP M ON M
DPTR FM NORMAL 15 LOWEST SLP 29.32 ON 2
[REMARKS]