000
CXUS53 KARX 010900
CF6CMY
PRELIMINARY LOCAL CLIMATOLOGICAL DATA (WS FORM: F-6)
STATION: SPARTA - FORT MCCOY WI
MONTH: MAY
YEAR: 2021
LATITUDE: 43 58 N
LONGITUDE: 90 44 W
TEMPERATURE IN F: :PCPN: SNOW: WIND :SUNSHINE: SKY :PK WND
================================================================================
1 2 3 4 5 6A 6B 7 8 9 10 11 12 13 14 15 16 17 18
12Z AVG MX 2MIN
DY MAX MIN AVG DEP HDD CDD WTR SNW DPTH SPD SPD DIR MIN PSBL S-S WX SPD DR
================================================================================
1 89 37 63 M 2 0 T 0.0 0 7.5 16 200 M M 0 24 250
2 82 55 69 M 0 4 0.81 0.0 0 6.7 17 100 M M 0 3 25 10
3 59 50 55 M 10 0 0.62 0.0 0 4.2 13 320 M M 0 23 330
4 60 33 47 M 18 0 0.00 0.0 0 8.9 16 340 M M 0 23 300
5 60 27 44 M 21 0 M 0.0 0 2.1 8 270 M M 0 16 340
6 59 37 48 M 17 0 M 0.0 0 4.9 14 290 M M 0 20 290
7 54 29 42 M 23 0 0.01 0.0 0 6.7 13 10 M M 0 1 23 350
8 56 23 40 M 25 0 0.00 0.0 0 2.5 9 140 M M 0 M M
9 63 31 47 M 18 0 0.00 0.0 0 3.6 13 70 M M 0 16 70
10 54 28 41 M 24 0 T 0.0 0 5.6 9 110 M M 0 M M
11 61 22 42 M 23 0 0.00 0.0 0 2.7 12 40 M M 0 21 300
12 67 24 46 M 19 0 0.00 0.0 0 1.8 9 270 M M 0 18 270
13 69 28 49 M 16 0 0.00 0.0 0 2.3 8 240 M M 0 M M
14 70 29 50 M 15 0 M 0.0 0 4.0 13 210 M M 0 22 210
15 62 43 53 M 12 0 0.08 0.0 0 3.7 9 160 M M 0 M M
16 73 42 58 M 7 0 M M M 2.5 9 160 M M 0 1 M M
17 78 38 58 M 7 0 0.00 0.0 0 4.1 12 120 M M 0 18 130
18 75 42 59 M 6 0 0.08 0.0 M 7.1 15 140 M M 0 21 120
19 70 60 65 M 0 0 M 0.0 M 6.4 8 160 M M 0 20 160
20 75 63 69 M 0 4 0.13 0.0 M 9.2 15 170 M M 0 24 170
21 75 65 70 M 0 5 T 0.0 M 8.3 13 170 M M 0 23 170
22 81 60 71 M 0 6 0.00 0.0 0 4.4 9 190 M M 0 16 200
23 78 55 67 M 0 2 1.06 0.0 0 3.5 13 90 M M 0 1 16 90
24 83 55 69 M 0 4 0.14 0.0 0 7.1 14 180 M M 0 1 21 190
25 80 61 71 M 0 6 0.07 0.0 0 8.1 15 190 M M 0 3 27 200
26 69 45 57 M 8 0 M M M 6.2 16 310 M M 0 23 300
27 50 37 44 M 21 0 0.69 M M 10.5 18 60 M M 0 1 30 80
28 57 30 44 M 21 0 0.06 M M 8.2 14 40 M M 0 1 22 40
29 66 26 46 M 19 0 0.00 0.0 0 2.2 8 160 M M 0 17 100
30 63 32 48 M 17 0 0.00 0.0 0 2.1 8 140 M M 0 M M
31 75 37 56 M 9 0 M M M 3.8 10 260 M M 0 22 260
================================================================================
SM 2113 1244 358 31 3.75 0.0 160.8 M 0
================================================================================
AV 68.2 40.1 5.2 FASTST M M 0 MAX(MPH)
MISC ----> 18 60 30 80
================================================================================
NOTES:
# LAST OF SEVERAL OCCURRENCES
COLUMN 17 PEAK WIND IN M.P.H.
PRELIMINARY LOCAL CLIMATOLOGICAL DATA (WS FORM: F-6) , PAGE 2
STATION: SPARTA - FORT MCCOY WI
MONTH: MAY
YEAR: 2021
LATITUDE: 43 58 N
LONGITUDE: 90 44 W
[TEMPERATURE DATA] [PRECIPITATION DATA] SYMBOLS USED IN COLUMN 16
AVERAGE MONTHLY: 54.1 TOTAL FOR MONTH: 3.75 1 = FOG OR MIST
DPTR FM NORMAL: 0.0 DPTR FM NORMAL: M 2 = FOG REDUCING VISIBILITY
HIGHEST: 89 ON 1 GRTST 24HR 1.06 ON 23-23 TO 1/4 MILE OR LESS
LOWEST: 22 ON 11 3 = THUNDER
SNOW, ICE PELLETS, HAIL 4 = ICE PELLETS
TOTAL MONTH: 0.0 INCH 5 = HAIL
GRTST 24HR 0.0 6 = FREEZING RAIN OR DRIZZLE
GRTST DEPTH: 0 7 = DUSTSTORM OR SANDSTORM:
VSBY 1/2 MILE OR LESS
8 = SMOKE OR HAZE
[NO. OF DAYS WITH] [WEATHER - DAYS WITH] 9 = BLOWING SNOW
X = TORNADO
MAX 32 OR BELOW: 0 0.01 INCH OR MORE: 11
MAX 90 OR ABOVE: 0 0.10 INCH OR MORE: 6
MIN 32 OR BELOW: 12 0.50 INCH OR MORE: 4
MIN 0 OR BELOW: 0 1.00 INCH OR MORE: 1
[HDD (BASE 65) ]
TOTAL THIS MO. 358 CLEAR (SCALE 0-3) 31
DPTR FM NORMAL M PTCLDY (SCALE 4-7) 0
TOTAL FM JUL 1 7868 CLOUDY (SCALE 8-10) 0
DPTR FM NORMAL M
[CDD (BASE 65) ]
TOTAL THIS MO. 31
DPTR FM NORMAL M [PRESSURE DATA]
TOTAL FM JAN 1 37 HIGHEST SLP M ON M
DPTR FM NORMAL M LOWEST SLP M ON M
[REMARKS]
#FINAL-05-21#