000
CXUS53 KTOP 010910
CF6CNK
PRELIMINARY LOCAL CLIMATOLOGICAL DATA (WS FORM: F-6)
STATION: CONCORDIA KS
MONTH: NOVEMBER
YEAR: 2022
LATITUDE: 39 32 N
LONGITUDE: 97 39 W
TEMPERATURE IN F: :PCPN: SNOW: WIND :SUNSHINE: SKY :PK WND
================================================================================
1 2 3 4 5 6A 6B 7 8 9 10 11 12 13 14 15 16 17 18
12Z AVG MX 2MIN
DY MAX MIN AVG DEP HDD CDD WTR SNW DPTH SPD SPD DIR MIN PSBL S-S WX SPD DR
================================================================================
1 81 49 65 17 0 0 0.00 M M 13.9 24 200 M M 0 33 220
2 79 59 69 21 0 4 0.00 M M 22.7 37 180 M M 0 49 180
3 74 46 60 12 5 0 T M M 22.5 36 190 M M 3 49 200
4 46 36 41 -6 24 0 0.75 M M 14.0 25 360 M M 9 13 35 340
5 64 32 48 1 17 0 0.00 M M 16.4 26 190 M M 2 37 180
6 64 41 53 7 12 0 0.00 M M 9.6 22 200 M M 0 28 210
7 60 36 48 2 17 0 0.00 M M 10.9 22 130 M M 1 34 130
8 69 48 59 14 6 0 0.00 M M 17.1 26 180 M M 10 38 180
9 76 67 72 27 0 7 0.00 M M 23.3 33 180 M M 7 45 190
10 70 29 50 6 15 0 T M M 17.7 31 180 M M 3 43 170
11 38 20 29 -15 36 0 0.00 M M 12.2 22 340 M M 0 28 330
12 35 14 25 -19 40 0 0.00 M M 6.4 14 330 M M 2 18 330
13 47 17 32 -11 33 0 0.00 M M 13.8 28 150 M M 0 36 150
14 36 26 31 -12 34 0 0.05 M M 8.0 15 360 M M 7 1 21 160
15 41 18 30 -12 35 0 T M M 8.1 22 330 M M 5 30 340
16 36 16 26 -16 39 0 0.00 M M 11.0 20 320 M M 2 27 320
17 39 20 30 -11 35 0 0.00 M M 12.1 26 350 M M 6 36 350
18 30 12 21 -20 44 0 0.00 M M 12.6 22 280 M M 0 31 280
19 37 19 28 -13 37 0 0.00 M M 12.8 28 330 M M 0 40 330
20 57 23 40 0 25 0 0.00 M M 15.9 26 210 M M 0 34 210
21 59 26 43 3 22 0 0.00 M M 4.6 16 210 M M 0 22 210
22 62 22 42 3 23 0 0.00 M M 6.6 18 190 M M 0 8 25 190
23 55 39 47 8 18 0 0.00 M M 11.7 20 190 M M 2 12 25 180
24 53 37 45 7 20 0 T M M 11.2 23 360 M M 4 12 33 340
25 55 27 41 3 24 0 0.00 M M 9.0 20 200 M M 0 25 200
26 54 32 43 5 22 0 T M M 9.6 21 360 M M 4 30 10
27 47 30 39 2 26 0 0.00 M M 12.8 24 340 M M 2 37 360
28 56 31 44 7 21 0 0.00 M M 11.5 22 180 M M 0 29 190
29 43 20 32 -4 33 0 T M M 16.1 31 360 M M 6 1 42 360
30 37 14 26 -10 39 0 0.00 M M 8.4 15 170 M M 0 20 170
================================================================================
SM 1600 906 702 11 0.80 M 382.5 M 75
================================================================================
AV 53.3 30.2 12.8 FASTST M M 3 MAX(MPH)
MISC ----> 37 180 # 49 180
================================================================================
NOTES:
# LAST OF SEVERAL OCCURRENCES
COLUMN 17 PEAK WIND IN M.P.H.
PRELIMINARY LOCAL CLIMATOLOGICAL DATA (WS FORM: F-6) , PAGE 2
STATION: CONCORDIA KS
MONTH: NOVEMBER
YEAR: 2022
LATITUDE: 39 32 N
LONGITUDE: 97 39 W
[TEMPERATURE DATA] [PRECIPITATION DATA] SYMBOLS USED IN COLUMN 16
AVERAGE MONTHLY: 41.8 TOTAL FOR MONTH: 0.80 1 = FOG OR MIST
DPTR FM NORMAL: -0.3 DPTR FM NORMAL: -0.36 2 = FOG REDUCING VISIBILITY
HIGHEST: 81 ON 1 GRTST 24HR 0.75 ON 3- 4 TO 1/4 MILE OR LESS
LOWEST: 12 ON 18 3 = THUNDER
SNOW, ICE PELLETS, HAIL 4 = ICE PELLETS
TOTAL MONTH: M 5 = HAIL
GRTST 24HR M ON M 6 = FREEZING RAIN OR DRIZZLE
GRTST DEPTH: M ON M 7 = DUSTSTORM OR SANDSTORM:
VSBY 1/2 MILE OR LESS
8 = SMOKE OR HAZE
[NO. OF DAYS WITH] [WEATHER - DAYS WITH] 9 = BLOWING SNOW
X = TORNADO
MAX 32 OR BELOW: 1 0.01 INCH OR MORE: 2
MAX 90 OR ABOVE: 0 0.10 INCH OR MORE: 1
MIN 32 OR BELOW: 20 0.50 INCH OR MORE: 1
MIN 0 OR BELOW: 0 1.00 INCH OR MORE: 0
[HDD (BASE 65) ]
TOTAL THIS MO. 702 CLEAR (SCALE 0-3) 21
DPTR FM NORMAL 16 PTCLDY (SCALE 4-7) 7
TOTAL FM JUL 1 947 CLOUDY (SCALE 8-10) 2
DPTR FM NORMAL -124
[CDD (BASE 65) ]
TOTAL THIS MO. 11
DPTR FM NORMAL 10 [PRESSURE DATA]
TOTAL FM JAN 1 1864 HIGHEST SLP 30.58 ON 18
DPTR FM NORMAL 491 LOWEST SLP 29.37 ON 29
[REMARKS]
#FINAL-11-22#