000
CXUS53 KTOP 051541
CF6CNK
PRELIMINARY LOCAL CLIMATOLOGICAL DATA (WS FORM: F-6)
STATION: CONCORDIA KS
MONTH: JUNE
YEAR: 2021
LATITUDE: 39 32 N
LONGITUDE: 97 39 W
TEMPERATURE IN F: :PCPN: SNOW: WIND :SUNSHINE: SKY :PK WND
================================================================================
1 2 3 4 5 6A 6B 7 8 9 10 11 12 13 14 15 16 17 18
12Z AVG MX 2MIN
DY MAX MIN AVG DEP HDD CDD WTR SNW DPTH SPD SPD DIR MIN PSBL S-S WX SPD DR
================================================================================
1 74 55 65 -5 0 0 0.00 0.0 0 3.3 15 150 M M 6 12 18 150
2 80 52 66 -4 0 1 0.00 0.0 0 2.3 8 200 M M 1 12 14 30
3 82 58 70 -1 0 5 0.00 0.0 0 7.7 14 170 M M 0 19 170
4 88 62 75 4 0 10 0.00 0.0 0 10.0 20 190 M M 0 31 180
5 86 66 76 5 0 11 0.00 0.0 0 13.3 21 160 M M 1 33 170
6 85 65 75 3 0 10 0.00 0.0 0 12.8 21 180 M M 2 28 200
7 87 66 77 5 0 12 0.00 0.0 0 10.4 21 190 M M 1 8 27 190
8 87 64 76 4 0 11 0.00 0.0 0 7.8 15 130 M M 1 8 21 130
9 91 65 78 5 0 13 0.00 0.0 0 7.1 17 130 M M 1 8 26 140
10 95 69 82 9 0 17 0.00 0.0 0 9.4 22 150 M M 2 27 150
11 87 72 80 7 0 15 T 0.0 0 9.3 30 40 M M 5 18 42 30
12 89 63 76 2 0 11 0.00 0.0 0 5.8 12 90 M M 0 19 50
13 92 58 75 1 0 10 0.00 0.0 0 5.0 13 160 M M 0 17 160
14 98 62 80 6 0 15 0.00 0.0 0 4.9 14 170 M M 0 38 21 190
15 100 65 83 8 0 18 0.00 0.0 0 4.2 13 180 M M 0 8 17 190
16 103 67 85 10 0 20 0.00 0.0 0 9.1 21 180 M M 0 8 31 190
17 105 71 88 13 0 23 0.00 0.0 0 15.2 25 200 M M 0 8 35 190
18 104 76 90 15 0 25 0.00 0.0 0 11.6 24 210 M M 0 8 35 200
19 93 70 82 6 0 17 0.02 0.0 0 11.9 37 260 M M 0 138 52 260
20 95 68 82 6 0 17 T 0.0 0 9.9 25 360 M M 1 36 360
21 83 63 73 -3 0 8 T 0.0 0 7.5 18 340 M M 3 27 330
22 92 62 77 1 0 12 0.00 0.0 0 16.4 25 200 M M 0 8 36 210
23 96 69 83 7 0 18 0.00 0.0 0 14.6 25 200 M M 0 8 39 190
24 90 70 80 3 0 15 0.10 0.0 0 11.7 26 180 M M 2 3 41 170
25 91 68 80 3 0 15 0.59 0.0 0 5.7 22 280 M M 3 13 32 270
26 84 67 76 -1 0 11 0.04 0.0 0 8.1 18 320 M M 6 1 24 330
27 82 62 72 -5 0 7 0.38 0.0 0 2.6 13 180 M M 2 18 16 190
28 84 66 75 -3 0 10 T 0.0 0 4.9 14 190 M M 2 3 19 170
29 86 68 77 -1 0 12 0.03 0.0 0 5.0 18 130 M M 5 1 26 140
30 89 67 78 0 0 13 0.00 0.0 0 4.1 13 100 M M 4 12 17 80
================================================================================
SM 2698 1956 0 382 1.16 0.0 251.6 M 48
================================================================================
AV 89.9 65.2 8.4 FASTST M M 2 MAX(MPH)
MISC ----> 37 260 52 260
================================================================================
NOTES:
# LAST OF SEVERAL OCCURRENCES
COLUMN 17 PEAK WIND IN M.P.H.
PRELIMINARY LOCAL CLIMATOLOGICAL DATA (WS FORM: F-6) , PAGE 2
STATION: CONCORDIA KS
MONTH: JUNE
YEAR: 2021
LATITUDE: 39 32 N
LONGITUDE: 97 39 W
[TEMPERATURE DATA] [PRECIPITATION DATA] SYMBOLS USED IN COLUMN 16
AVERAGE MONTHLY: 77.6 TOTAL FOR MONTH: 1.16 1 = FOG OR MIST
DPTR FM NORMAL: 3.2 DPTR FM NORMAL: -2.67 2 = FOG REDUCING VISIBILITY
HIGHEST: 105 ON 17 GRTST 24HR 0.62 ON 25-26 TO 1/4 MILE OR LESS
LOWEST: 52 ON 2 3 = THUNDER
SNOW, ICE PELLETS, HAIL 4 = ICE PELLETS
TOTAL MONTH: 0.0 INCH 5 = HAIL
GRTST 24HR 0.0 6 = FREEZING RAIN OR DRIZZLE
GRTST DEPTH: 0 7 = DUSTSTORM OR SANDSTORM:
VSBY 1/2 MILE OR LESS
8 = SMOKE OR HAZE
[NO. OF DAYS WITH] [WEATHER - DAYS WITH] 9 = BLOWING SNOW
X = TORNADO
MAX 32 OR BELOW: 0 0.01 INCH OR MORE: 6
MAX 90 OR ABOVE: 14 0.10 INCH OR MORE: 3
MIN 32 OR BELOW: 0 0.50 INCH OR MORE: 1
MIN 0 OR BELOW: 0 1.00 INCH OR MORE: 0
[HDD (BASE 65) ]
TOTAL THIS MO. 0 CLEAR (SCALE 0-3) 24
DPTR FM NORMAL -10 PTCLDY (SCALE 4-7) 6
TOTAL FM JUL 1 4919 CLOUDY (SCALE 8-10) 0
DPTR FM NORMAL -391
[CDD (BASE 65) ]
TOTAL THIS MO. 382
DPTR FM NORMAL 90 [PRESSURE DATA]
TOTAL FM JAN 1 478 HIGHEST SLP 30.20 ON 1
DPTR FM NORMAL 85 LOWEST SLP 29.54 ON 20
[REMARKS]
#FINAL-06-21#