000
CXUS53 KICT 010633
CLMCNU
CLIMATE REPORT
NATIONAL WEATHER SERVICE WICHITA KANSAS
133 AM CDT SAT JUL 01 2023
...................................
...THE CHANUTE KS CLIMATE SUMMARY FOR THE MONTH OF JUNE 2023...
CLIMATE NORMAL PERIOD 1991 TO 2020
CLIMATE RECORD PERIOD 1894 TO 2023
WEATHER OBSERVED NORMAL DEPART LAST YEAR`S
VALUE DATE(S) VALUE FROM VALUE DATE(S)
NORMAL
................................................................
TEMPERATURE (F)
RECORD
HIGH 108 06/27/1980
06/20/1918
LOW 44 06/03/1946
HIGHEST 105 06/29 101 06/25
LOWEST 58 06/15 53 06/03
06/19
06/27
AVG. MAXIMUM 89.7 86.9 2.8 89.0
AVG. MINIMUM 65.0 65.5 -0.5 68.1
MEAN 77.3 76.2 1.2 78.6
DAYS MAX >= 90 17 8.1 8.9 18
DAYS MAX <= 32 0 0.0 0.0 0
DAYS MIN <= 32 0 0.0 0.0 0
DAYS MIN <= 0 0 0.0 0.0 0
PRECIPITATION (INCHES)
RECORD
MAXIMUM 18.13 2007
MINIMUM 0.27 1933
TOTALS 3.50 5.62 -2.12 3.68
DAILY AVG. 0.12 0.19 -0.07 0.12
DAYS >= .01 8 10.4 -2.4 9
DAYS >= .10 6 6.8 -0.8 5
DAYS >= .50 2 3.6 -1.6 4
DAYS >= 1.00 1 1.9 -0.9 1
GREATEST
24 HR. TOTAL 2.11 06/10 TO 06/11
DEGREE DAYS
HEATING TOTAL 0 3 -3 0
SINCE 7/1 3941 4223 -282 MM
COOLING TOTAL 377 339 38 416
................................................................
WIND (MPH)
AVERAGE WIND SPEED 6.0
HIGHEST WIND SPEED/DIRECTION 30/240 DATE 06/06
HIGHEST GUST SPEED/DIRECTION 44/230 DATE 06/06
SKY COVER
POSSIBLE SUNSHINE (PERCENT) MM
AVERAGE SKY COVER 0.14
NUMBER OF DAYS FAIR 28
NUMBER OF DAYS PC 2
NUMBER OF DAYS CLOUDY 0
AVERAGE RH (PERCENT) 66
WEATHER CONDITIONS. NUMBER OF DAYS WITH
THUNDERSTORM 10 MIXED PRECIP 0
HEAVY RAIN 4 RAIN 2
LIGHT RAIN 10 FREEZING RAIN 0
LT FREEZING RAIN 0 HAIL 0
HEAVY SNOW 0 SNOW 0
LIGHT SNOW 0 SLEET 0
FOG 14 FOG W/VIS <= 1/4 MILE 0
HAZE 4
- INDICATES NEGATIVE NUMBERS.
R INDICATES RECORD WAS SET OR TIED.
MM INDICATES DATA IS MISSING.
T INDICATES TRACE AMOUNT.
$$