000
CXUS55 KRIW 011110
CF6COD
PRELIMINARY LOCAL CLIMATOLOGICAL DATA (WS FORM: F-6)
STATION: CODY WY
MONTH: JANUARY
YEAR: 2022
LATITUDE: 44 31 N
LONGITUDE: 109 1 W
TEMPERATURE IN F: :PCPN: SNOW: WIND :SUNSHINE: SKY :PK WND
================================================================================
1 2 3 4 5 6A 6B 7 8 9 10 11 12 13 14 15 16 17 18
12Z AVG MX 2MIN
DY MAX MIN AVG DEP HDD CDD WTR SNW DPTH SPD SPD DIR MIN PSBL S-S WX SPD DR
================================================================================
1 24 -15 5 -21 60 0 T M M 7.0 18 280 M M 1 35 270
2 29 8 19 -7 46 0 0.00 M M 9.0 25 270 M M 1 46 260
3 48 13 31 5 34 0 0.00 M M 11.7 22 240 M M 0 36 240
4 38 0 19 -7 46 0 T M M 11.2 22 230 M M 4 30 250
5 0 -12 -6 -32 71 0 T M M 9.6 17 40 M M 10 1 21 40
6 19 -12 4 -23 61 0 0.10 M M 2.0 8 190 M M 7 M M
7 50 23 37 10 28 0 0.00 M M 16.1 30 250 M M 2 46 260
8 39 17 28 1 37 0 0.00 M M 12.4 21 260 M M 1 38 270
9 40 14 27 0 38 0 0.00 M M 8.3 23 280 M M 0 38 280
10 50 12 31 4 34 0 0.00 M M 6.2 20 230 M M 0 35 270
11 48 27 38 11 27 0 0.00 M M 13.1 23 260 M M 0 38 270
12 54 41 48 21 17 0 0.00 M M 16.4 25 260 M M 1 41 250
13 51 32 42 15 23 0 0.00 M M 5.8 15 310 M M 0 25 260
14 40 19 30 3 35 0 T M M 6.4 20 20 M M 6 1 28 20
15 47 14 31 4 34 0 0.00 M M 5.2 17 260 M M 2 12 31 270
16 49 26 38 11 27 0 0.00 M M 8.8 22 230 M M 1 36 240
17 56 41 49 22 16 0 0.00 M M 14.8 20 270 M M 0 32 270
18 47 11 29 2 36 0 0.00 M M 11.4 23 30 M M 5 31 30
19 17 6 12 -15 53 0 T M M 6.5 13 50 M M 6 1 M M
20 37 -1 18 -9 47 0 T M M 5.9 14 280 M M 7 12 36 260
21 40 19 30 3 35 0 T M M 6.9 22 250 M M 5 1 33 270
22 39 15 27 0 38 0 0.00 M M 3.1 10 50 M M 3 M M
23 51 20 36 9 29 0 0.00 M M 7.2 18 240 M M 1 31 250
24 39 19 29 2 36 0 T M M 6.3 15 30 M M 5 1 21 10
25 35 22 29 2 36 0 T M M 8.3 20 230 M M 5 23 360
26 45 22 34 7 31 0 T M M 8.5 21 270 M M 1 35 270
27 35 16 26 -1 39 0 T M M 6.5 18 270 M M 3 1 28 270
28 48 12 30 3 35 0 0.00 M M 8.4 23 230 M M 0 35 260
29 54 23 39 12 26 0 0.00 M M 6.5 21 250 M M 0 40 260
30 51 29 40 13 25 0 0.00 M M 9.4 29 230 M M 0 37 230
31 46 25 36 9 29 0 T M M 14.9 24 250 M M 3 40 250
================================================================================
SM 1266 486 1129 0 0.10 M 273.9 M 80
================================================================================
AV 40.8 15.7 8.8 FASTST M M 3 MAX(MPH)
MISC ----> 30 250 # 46 260
================================================================================
NOTES:
# LAST OF SEVERAL OCCURRENCES
COLUMN 17 PEAK WIND IN M.P.H.
PRELIMINARY LOCAL CLIMATOLOGICAL DATA (WS FORM: F-6) , PAGE 2
STATION: CODY WY
MONTH: JANUARY
YEAR: 2022
LATITUDE: 44 31 N
LONGITUDE: 109 1 W
[TEMPERATURE DATA] [PRECIPITATION DATA] SYMBOLS USED IN COLUMN 16
AVERAGE MONTHLY: 28.3 TOTAL FOR MONTH: 0.10 1 = FOG OR MIST
DPTR FM NORMAL: 1.4 DPTR FM NORMAL: M 2 = FOG REDUCING VISIBILITY
HIGHEST: 56 ON 17 GRTST 24HR 0.13 ON 24-25 TO 1/4 MILE OR LESS
LOWEST: -15 ON 1 3 = THUNDER
SNOW, ICE PELLETS, HAIL 4 = ICE PELLETS
TOTAL MONTH: M 5 = HAIL
GRTST 24HR M ON M 6 = FREEZING RAIN OR DRIZZLE
GRTST DEPTH: M ON M 7 = DUSTSTORM OR SANDSTORM:
VSBY 1/2 MILE OR LESS
8 = SMOKE OR HAZE
[NO. OF DAYS WITH] [WEATHER - DAYS WITH] 9 = BLOWING SNOW
X = TORNADO
MAX 32 OR BELOW: 5 0.01 INCH OR MORE: 1
MAX 90 OR ABOVE: 0 0.10 INCH OR MORE: 1
MIN 32 OR BELOW: 29 0.50 INCH OR MORE: 0
MIN 0 OR BELOW: 5 1.00 INCH OR MORE: 0
[HDD (BASE 65) ]
TOTAL THIS MO. 1129 CLEAR (SCALE 0-3) 20
DPTR FM NORMAL -45 PTCLDY (SCALE 4-7) 10
TOTAL FM JUL 1 3642 CLOUDY (SCALE 8-10) 1
DPTR FM NORMAL -108
[CDD (BASE 65) ]
TOTAL THIS MO. 0
DPTR FM NORMAL 0 [PRESSURE DATA]
TOTAL FM JAN 1 0 HIGHEST SLP M ON M
DPTR FM NORMAL 0 LOWEST SLP M ON M
[REMARKS]
#FINAL-01-22#