378
CXUS55 KRIW 011110
CF6COD
PRELIMINARY LOCAL CLIMATOLOGICAL DATA (WS FORM: F-6)
STATION: CODY WY
MONTH: OCTOBER
YEAR: 2020
LATITUDE: 44 31 N
LONGITUDE: 109 1 W
TEMPERATURE IN F: :PCPN: SNOW: WIND :SUNSHINE: SKY :PK WND
================================================================================
1 2 3 4 5 6A 6B 7 8 9 10 11 12 13 14 15 16 17 18
12Z AVG MX 2MIN
DY MAX MIN AVG DEP HDD CDD WTR SNW DPTH SPD SPD DIR MIN PSBL S-S WX SPD DR
================================================================================
1 68 35 52 -1 13 0 0.00 M M 5.6 13 120 M M 0 M M
2 70 39 55 3 10 0 0.00 M M 7.1 21 360 M M 0 28 360
3 67 42 55 3 10 0 0.00 M M 5.3 10 50 M M 0 M M
4 79 40 60 8 5 0 0.00 M M 8.3 16 250 M M 0 30 280
5 73 45 59 8 6 0 0.00 M M 5.2 13 40 M M 0 17 290
6 84 58 71 20 0 6 0.00 M M 10.0 17 250 M M 0 35 290
7 77 48 63 12 2 0 0.00 M M 4.7 9 110 M M 0 8 M M
8 82 50 66 16 0 1 0.00 M M 7.5 16 280 M M 0 26 260
9 76 44 60 10 5 0 0.00 M M 6.4 14 120 M M 0 20 110
10 81 50 66 17 0 1 0.00 M M 11.5 20 230 M M 0 8 35 240
11 56 43 50 1 15 0 T M M 12.9 24 310 M M 3 38 320
12 61 42 52 3 13 0 T M M 12.2 22 240 M M 4 37 230
13 63 31 47 -1 18 0 0.02 M M 9.0 23 280 M M 4 30 250
14 54 28 41 -7 24 0 T M M 10.5 22 280 M M 3 41 260
15 47 24 36 -12 29 0 T M M 5.5 13 270 M M 7 1 18 270
16 61 22 42 -5 23 0 0.01 M M 13.5 27 270 M M 1 50 260
17 56 25 41 -6 24 0 T M M 12.6 22 10 M M 10 1 31 280
18 34 21 28 -19 37 0 0.01 M M 4.7 12 50 M M 10 1 M M
19 55 30 43 -3 22 0 0.04 M M 6.0 15 60 M M 9 18 240
20 44 35 40 -6 25 0 0.12 M M 5.5 12 20 M M 10 M M
21 43 30 37 -9 28 0 T M M 7.9 18 10 M M 9 1 24 10
22 30 4 17 -28 48 0 T M M 12.7 23 360 M M 7 1 29 360
23 35 1 18 -27 47 0 0.00 M M 3.2 12 150 M M 1 M M
24 24 8 16 -29 49 0 T M M 14.4 23 10 M M 9 1 30 360
25 11 -7 2 -42 63 0 T M M 9.2 16 340 M M 5 22 340
26 25 -9 8 -36 57 0 T M M 2.8 8 50 M M 0 M M
27 35 6 21 -23 44 0 0.00 M M 2.7 7 40 M M 0 M M
28 43 20 32 -11 33 0 0.00 M M 2.4 10 190 M M 0 M M
29 62 25 44 1 21 0 0.00 M M 11.9 18 270 M M 0 36 250
30 66 45 56 14 9 0 0.00 M M 9.9 18 270 M M 0 36 280
31 53 28 41 -1 24 0 0.00 M M 5.2 12 40 M M 0 16 99
================================================================================
SM 1715 903 704 8 0.20 M 246.2 M 92
================================================================================
AV 55.3 29.1 7.9 FASTST M M 3 MAX(MPH)
MISC ----> 27 270 50 260
================================================================================
NOTES:
# LAST OF SEVERAL OCCURRENCES
COLUMN 17 PEAK WIND IN M.P.H.
PRELIMINARY LOCAL CLIMATOLOGICAL DATA (WS FORM: F-6) , PAGE 2
STATION: CODY WY
MONTH: OCTOBER
YEAR: 2020
LATITUDE: 44 31 N
LONGITUDE: 109 1 W
[TEMPERATURE DATA] [PRECIPITATION DATA] SYMBOLS USED IN COLUMN 16
AVERAGE MONTHLY: 42.2 TOTAL FOR MONTH: 0.20 1 = FOG OR MIST
DPTR FM NORMAL: -5.2 DPTR FM NORMAL: M 2 = FOG REDUCING VISIBILITY
HIGHEST: 84 ON 6 GRTST 24HR 0.12 ON 20-20 TO 1/4 MILE OR LESS
LOWEST: -9 ON 26 3 = THUNDER
SNOW, ICE PELLETS, HAIL 4 = ICE PELLETS
TOTAL MONTH: M 5 = HAIL
GRTST 24HR M ON M 6 = FREEZING RAIN OR DRIZZLE
GRTST DEPTH: M ON M 7 = DUSTSTORM OR SANDSTORM:
VSBY 1/2 MILE OR LESS
8 = SMOKE OR HAZE
[NO. OF DAYS WITH] [WEATHER - DAYS WITH] 9 = BLOWING SNOW
X = TORNADO
MAX 32 OR BELOW: 4 0.01 INCH OR MORE: 5
MAX 90 OR ABOVE: 0 0.10 INCH OR MORE: 1
MIN 32 OR BELOW: 17 0.50 INCH OR MORE: 0
MIN 0 OR BELOW: 2 1.00 INCH OR MORE: 0
[HDD (BASE 65) ]
TOTAL THIS MO. 704 CLEAR (SCALE 0-3) 20
DPTR FM NORMAL 160 PTCLDY (SCALE 4-7) 5
TOTAL FM JUL 1 918 CLOUDY (SCALE 8-10) 6
DPTR FM NORMAL 451
[CDD (BASE 65) ]
TOTAL THIS MO. 8
DPTR FM NORMAL 8 [PRESSURE DATA]
TOTAL FM JAN 1 497 HIGHEST SLP M ON M
DPTR FM NORMAL 497 LOWEST SLP M ON M
[REMARKS]
#FINAL-10-20#