000
CXUS51 KGYX 011608
CF6CON
PRELIMINARY LOCAL CLIMATOLOGICAL DATA (WS FORM: F-6)
STATION: CONCORD NH
MONTH: SEPTEMBER
YEAR: 2021
LATITUDE: 43 12 N
LONGITUDE: 71 30 W
TEMPERATURE IN F: :PCPN: SNOW: WIND :SUNSHINE: SKY :PK WND
================================================================================
1 2 3 4 5 6A 6B 7 8 9 10 11 12 13 14 15 16 17 18
12Z AVG MX 2MIN
DY MAX MIN AVG DEP HDD CDD WTR SNW DPTH SPD SPD DIR MIN PSBL S-S WX SPD DR
================================================================================
1 71 54 63 -3 2 0 0.68 0.0 0 2.6 9 50 M M 4 1 13 330
2 75 55 65 -1 0 0 1.09 0.0 0 8.6 18 330 M M 7 1 25 320
3 75 49 62 -4 3 0 0.00 0.0 0 7.1 17 320 M M 3 24 310
4 78 49 64 -2 1 0 0.00 0.0 0 5.0 17 330 M M 0 24 330
5 69 50 60 -5 5 0 0.03 0.0 0 4.1 10 170 M M 6 1 14 160
6 80 55 68 3 0 3 0.13 0.0 0 4.9 25 270 M M 4 12 34 260
7 78 49 64 -1 1 0 0.00 0.0 0 3.2 13 260 M M 1 18 300
8 84 51 68 4 0 3 0.26 0.0 0 7.8 20 180 M M 3 1 26 170
9 69 64 67 3 0 2 0.96 0.0 0 1.4 8 310 M M 10 13 10 320
10 74 48 61 -3 4 0 T 0.0 0 7.9 21 300 M M 4 1 27 290
11 76 44 60 -3 5 0 0.00 0.0 0 3.6 14 230 M M 1 1 21 240
12 80 56 68 5 0 3 0.00 0.0 0 7.0 16 230 M M 3 22 220
13 78 53 66 4 0 1 0.32 0.0 0 5.6 18 310 M M 4 13 25 320
14 75 48 62 0 3 0 0.00 0.0 0 3.9 13 160 M M 5 12 16 150
15 84 63 74 12 0 9 0.13 0.0 0 6.3 30 280 M M 8 13 40 280
16 72 58 65 4 0 0 0.09 0.0 0 3.1 10 60 M M 9 1 14 70
17 70 53 62 1 3 0 0.01 0.0 0 1.7 8 40 M M 9 12 10 40
18 81 63 72 12 0 7 T 0.0 0 4.1 12 330 M M 8 1 17 360
19 75 50 63 3 2 0 0.00 0.0 0 3.6 10 320 M M 2 15 290
20 74 44 59 -1 6 0 0.00 0.0 0 2.6 12 140 M M 0 14 160
21 74 46 60 1 5 0 0.00 0.0 0 3.4 15 170 M M 3 12 19 140
22 77 59 68 9 0 3 0.12 0.0 0 5.5 15 160 M M 10 1 21 160
23 79 67 73 15 0 8 T 0.0 0 7.8 17 150 M M 9 24 130
24 74 57 66 8 0 1 0.63 0.0 0 6.7 21 170 M M 10 1 29 170
25 76 49 63 5 2 0 0.00 0.0 0 1.1 8 190 M M 3 12 10 320
26 71 48 60 3 5 0 0.01 0.0 0 6.8 21 310 M M 5 128 30 320
27 68 44 56 -1 9 0 T 0.0 0 2.2 12 210 M M 5 15 210
28 71 50 61 5 4 0 0.00 0.0 0 4.5 13 330 M M 5 17 300
29 65 40 53 -3 12 0 0.00 0.0 0 5.4 17 310 M M 5 21 300
30 62 41 52 -4 13 0 0.00 0.0 0 7.4 16 310 M M 6 23 330
================================================================================
SM 2235 1557 85 40 4.46 0.0 144.9 M 152
================================================================================
AV 74.5 51.9 4.8 FASTST M M 5 MAX(MPH)
MISC ----> 30 280 40 280
================================================================================
NOTES:
# LAST OF SEVERAL OCCURRENCES
COLUMN 17 PEAK WIND IN M.P.H.
PRELIMINARY LOCAL CLIMATOLOGICAL DATA (WS FORM: F-6) , PAGE 2
STATION: CONCORD NH
MONTH: SEPTEMBER
YEAR: 2021
LATITUDE: 43 12 N
LONGITUDE: 71 30 W
[TEMPERATURE DATA] [PRECIPITATION DATA] SYMBOLS USED IN COLUMN 16
AVERAGE MONTHLY: 63.2 TOTAL FOR MONTH: 4.46 1 = FOG OR MIST
DPTR FM NORMAL: 1.8 DPTR FM NORMAL: 0.83 2 = FOG REDUCING VISIBILITY
HIGHEST: 84 ON 15, 8 GRTST 24HR 1.77 ON 1- 2 TO 1/4 MILE OR LESS
LOWEST: 40 ON 29 3 = THUNDER
SNOW, ICE PELLETS, HAIL 4 = ICE PELLETS
TOTAL MONTH: 0.0 INCH 5 = HAIL
GRTST 24HR 0.0 6 = FREEZING RAIN OR DRIZZLE
GRTST DEPTH: 0 7 = DUSTSTORM OR SANDSTORM:
VSBY 1/2 MILE OR LESS
8 = SMOKE OR HAZE
[NO. OF DAYS WITH] [WEATHER - DAYS WITH] 9 = BLOWING SNOW
X = TORNADO
MAX 32 OR BELOW: 0 0.01 INCH OR MORE: 13
MAX 90 OR ABOVE: 0 0.10 INCH OR MORE: 9
MIN 32 OR BELOW: 0 0.50 INCH OR MORE: 4
MIN 0 OR BELOW: 0 1.00 INCH OR MORE: 1
[HDD (BASE 65) ]
TOTAL THIS MO. 85 CLEAR (SCALE 0-3) 9
DPTR FM NORMAL -75 PTCLDY (SCALE 4-7) 15
TOTAL FM JUL 1 109 CLOUDY (SCALE 8-10) 6
DPTR FM NORMAL -82
[CDD (BASE 65) ]
TOTAL THIS MO. 40
DPTR FM NORMAL -10 [PRESSURE DATA]
TOTAL FM JAN 1 656 HIGHEST SLP 30.44 ON 21
DPTR FM NORMAL 131 LOWEST SLP 29.67 ON 10
[REMARKS]
#FINAL-09-21#