000
CXUS55 KPUB 021458
CF6COS
PRELIMINARY LOCAL CLIMATOLOGICAL DATA (WS FORM: F-6)
STATION: COLORADO SPRINGS CO
MONTH: OCTOBER
YEAR: 2021
LATITUDE: 38 49 N
LONGITUDE: 104 43 W
TEMPERATURE IN F: :PCPN: SNOW: WIND :SUNSHINE: SKY :PK WND
================================================================================
1 2 3 4 5 6A 6B 7 8 9 10 11 12 13 14 15 16 17 18
12Z AVG MX 2MIN
DY MAX MIN AVG DEP HDD CDD WTR SNW DPTH SPD SPD DIR MIN PSBL S-S WX SPD DR
================================================================================
1 61 49 55 -2 10 0 0.01 0.0 0 5.3 14 130 M M 9 19 150
2 72 48 60 4 5 0 0.00 0.0 0 6.9 16 360 M M 6 26 30
3 77 43 60 4 5 0 0.00 0.0 0 5.2 13 330 M M 2 20 350
4 79 45 62 6 3 0 0.00 0.0 0 5.7 15 150 M M 1 20 170
5 77 43 60 5 5 0 0.00 0.0 0 8.1 21 150 M M 1 27 150
6 79 43 61 6 4 0 0.00 0.0 0 9.6 22 200 M M 3 33 190
7 76 50 63 9 2 0 0.00 0.0 0 7.9 17 160 M M 5 24 160
8 78 48 63 9 2 0 0.00 0.0 0 9.5 23 170 M M 6 29 150
9 75 49 62 9 3 0 0.00 0.0 0 11.6 31 240 M M 5 42 280
10 67 41 54 1 11 0 0.00 0.0 0 6.5 16 150 M M 4 20 140
11 66 40 53 1 12 0 0.00 0.0 0 10.2 25 170 M M 1 37 170
12 66 34 50 -2 15 0 0.00 0.0 0 10.6 32 210 M M 4 40 210
13 65 31 48 -4 17 0 0.00 0.0 0 9.2 26 260 M M 2 38 180
14 51 34 43 -8 22 0 0.03 0.0 0 6.4 18 150 M M 8 23 140
15 52 30 41 -10 24 0 0.00 0.0 0 4.6 14 160 M M 2 1 19 160
16 63 28 46 -4 19 0 0.00 0.0 0 7.2 16 170 M M 0 26 140
17 71 32 52 2 13 0 0.00 0.0 0 7.2 16 150 M M 1 22 140
18 75 44 60 10 5 0 0.00 0.0 0 8.4 20 190 M M 5 28 170
19 66 34 50 1 15 0 T 0.0 0 10.7 31 280 M M 4 40 280
20 59 30 45 -4 20 0 0.00 0.0 0 5.8 14 150 M M 2 19 170
21 67 31 49 1 16 0 0.00 0.0 0 5.8 13 190 M M 5 16 160
22 73 36 55 7 10 0 0.00 0.0 0 6.6 15 180 M M 4 19 160
23 71 40 56 8 9 0 0.00 0.0 0 9.8 24 340 M M 6 34 320
24 70 38 54 7 11 0 0.00 0.0 0 6.7 18 10 M M 4 24 360
25 78 38 58 11 7 0 0.00 0.0 0 8.1 26 170 M M 4 33 160
26 71 38 55 8 10 0 0.21 0.0 0 17.7 39 220 M M 6 13 53 200
27 56 35 46 0 19 0 0.00 0.0 0 12.4 30 10 M M 2 37 360
28 58 34 46 0 19 0 0.00 0.0 0 7.7 26 20 M M 0 33 30
29 67 37 52 6 13 0 0.00 0.0 0 6.8 18 160 M M 0 24 120
30 72 38 55 10 10 0 0.00 0.0 0 9.7 21 150 M M 1 26 150
31 41 33 37 -8 28 0 0.01 0.0 0 9.9 15 160 M M 9 128 19 150
================================================================================
SM 2099 1194 364 0 0.26 0.0 257.8 M 112
================================================================================
AV 67.7 38.5 8.3 FASTST M M 4 MAX(MPH)
MISC ----> 39 220 53 200
================================================================================
NOTES:
COLUMN 17 PEAK WIND IN M.P.H.
PRELIMINARY LOCAL CLIMATOLOGICAL DATA (WS FORM: F-6) , PAGE 2
STATION: COLORADO SPRINGS CO
MONTH: OCTOBER
YEAR: 2021
LATITUDE: 38 49 N
LONGITUDE: 104 43 W
[TEMPERATURE DATA] [PRECIPITATION DATA] SYMBOLS USED IN COLUMN 16
AVERAGE MONTHLY: 53.1 TOTAL FOR MONTH: 0.26 1 = FOG OR MIST
DPTR FM NORMAL: 2.4 DPTR FM NORMAL: -0.51 2 = FOG REDUCING VISIBILITY
HIGHEST: 79 ON 6, 4 GRTST 24HR 0.21 ON 26 TO 1/4 MILE OR LESS
LOWEST: 28 ON 16 3 = THUNDER
SNOW, ICE PELLETS, HAIL 4 = ICE PELLETS
TOTAL MONTH: 0.0 INCH 5 = HAIL
GRTST 24HR 0.0 6 = FREEZING RAIN OR DRIZZLE
GRTST DEPTH: 0 7 = DUSTSTORM OR SANDSTORM:
VSBY 1/2 MILE OR LESS
8 = SMOKE OR HAZE
[NO. OF DAYS WITH] [WEATHER - DAYS WITH] 9 = BLOWING SNOW
X = TORNADO
MAX 32 OR BELOW: 0 0.01 INCH OR MORE: 4
MAX 90 OR ABOVE: 0 0.10 INCH OR MORE: 1
MIN 32 OR BELOW: 6 0.50 INCH OR MORE: 0
MIN 0 OR BELOW: 0 1.00 INCH OR MORE: 0
[HDD (BASE 65) ]
TOTAL THIS MO. 364 CLEAR (SCALE 0-3) 14
DPTR FM NORMAL -84 PTCLDY (SCALE 4-7) 14
TOTAL FM JUL 1 413 CLOUDY (SCALE 8-10) 3
DPTR FM NORMAL -176
[CDD (BASE 65) ]
TOTAL THIS MO. 0
DPTR FM NORMAL -3 [PRESSURE DATA]
TOTAL FM JAN 1 854 HIGHEST SLP 30.45 ON 16
DPTR FM NORMAL 246 LOWEST SLP 29.28 ON 26
[REMARKS]
#FINAL-10-21#