000
CXUS54 KCRP 011210
CF6COT
PRELIMINARY LOCAL CLIMATOLOGICAL DATA (WS FORM: F-6)
STATION: COTULLA
MONTH: APRIL
YEAR: 2022
LATITUDE: 28 27 N
LONGITUDE: 99 13 W
TEMPERATURE IN F: :PCPN: SNOW: WIND :SUNSHINE: SKY :PK WND
================================================================================
1 2 3 4 5 6A 6B 7 8 9 10 11 12 13 14 15 16 17 18
12Z AVG MX 2MIN
DY MAX MIN AVG DEP HDD CDD WTR SNW DPTH SPD SPD DIR MIN PSBL S-S WX SPD DR
================================================================================
1 91 57 74 4 0 9 0.00 0.0 0 12.9 24 140 M M 0 35 140
2 95 65 80 9 0 15 0.00 0.0 0 6.4 13 130 M M 3 18 21 110
3 95 66 81 10 0 16 0.00 0.0 0 12.4 26 130 M M 1 18 36 130
4 89 68 79 8 0 14 0.00 0.0 0 9.7 21 140 M M 6 26 170
5 100 69 85 14 0 20 0.22 0.0 0 4.4 33 270 M M 2 138 55 270
6 89 63 76 5 0 11 0.00 0.0 0 10.6 25 350 M M 0 18 35 350
7 84 51 68 -4 0 3 0.00 0.0 0 6.8 14 70 M M 0 31 10
8 87 47 67 -5 0 2 0.00 0.0 0 5.8 14 130 M M 0 19 110
9 94 54 74 2 0 9 0.00 0.0 0 10.9 23 160 M M 0 38 160
10 101 66 84 12 0 19 0.00 0.0 0 10.9 25 160 M M 0 39 150
11 93 73 83 11 0 18 0.00 0.0 0 10.2 21 120 M M 6 30 110
12 106 73 90 17 0 25 0.00 0.0 0 10.8 22 160 M M 3 8 36 160
13 105 74 90 17 0 25 0.00 0.0 0 10.5 23 340 M M 2 8 35 310
14 92 63 78 5 0 13 0.00 0.0 0 12.5 24 130 M M 2 32 130
15 89 72 81 8 0 16 0.00 0.0 0 10.0 17 130 M M 7 26 130
16 96 73 85 12 0 20 0.00 0.0 0 8.4 18 100 M M 5 27 90
17 94 75 85 11 0 20 0.00 0.0 0 6.0 14 60 M M 5 18 70
18 94 72 83 9 0 18 0.00 0.0 0 12.0 23 130 M M 2 18 31 140
19 80 67 74 0 0 9 0.00 0.0 0 14.1 22 130 M M 8 30 130
20 90 72 81 7 0 16 0.00 0.0 0 10.7 17 160 M M 6 24 140
21 90 74 82 8 0 17 0.00 0.0 0 13.2 23 130 M M 9 32 130
22 97 75 86 11 0 21 0.00 0.0 M 19.6 31 130 M M 5 41 140
23 97 75 86 11 0 21 0.00 0.0 M 16.0 25 130 M M 7 36 130
24 99 75 87 12 0 22 T 0.0 0 15.2 26 120 M M 8 3 35 130
25 89 64 77 2 0 12 1.66 0.0 0 12.2 26 60 M M 7 13 40 50
26 76 63 70 -6 0 5 0.27 0.0 0 7.0 16 50 M M 10 18 23 30
27 87 68 78 2 0 13 T 0.0 0 8.8 23 130 M M 7 31 130
28 94 72 83 7 0 18 0.00 0.0 0 13.4 24 140 M M 7 35 110
29 95 75 85 9 0 20 0.00 0.0 M 12.6 22 140 M M 7 29 130
30 91 76 84 8 0 19 0.00 0.0 M 8.5 17 140 M M 8 24 140
================================================================================
SM 2779 2037 0 466 2.15 0.0 322.5 M 133
================================================================================
AV 92.6 67.9 10.8 FASTST M M 4 MAX(MPH)
MISC ----> 33 270 55 270
================================================================================
NOTES:
# LAST OF SEVERAL OCCURRENCES
COLUMN 17 PEAK WIND IN M.P.H.
PRELIMINARY LOCAL CLIMATOLOGICAL DATA (WS FORM: F-6) , PAGE 2
STATION: COTULLA
MONTH: APRIL
YEAR: 2022
LATITUDE: 28 27 N
LONGITUDE: 99 13 W
[TEMPERATURE DATA] [PRECIPITATION DATA] SYMBOLS USED IN COLUMN 16
AVERAGE MONTHLY: 80.3 TOTAL FOR MONTH: 2.15 1 = FOG OR MIST
DPTR FM NORMAL: 6.9 DPTR FM NORMAL: 0.82 2 = FOG REDUCING VISIBILITY
HIGHEST: 106 ON 12 GRTST 24HR 1.93 ON 25-26 TO 1/4 MILE OR LESS
LOWEST: 47 ON 8 3 = THUNDER
SNOW, ICE PELLETS, HAIL 4 = ICE PELLETS
TOTAL MONTH: 0.0 INCH 5 = HAIL
GRTST 24HR 0.0 6 = FREEZING RAIN OR DRIZZLE
GRTST DEPTH: 0 7 = DUSTSTORM OR SANDSTORM:
VSBY 1/2 MILE OR LESS
8 = SMOKE OR HAZE
[NO. OF DAYS WITH] [WEATHER - DAYS WITH] 9 = BLOWING SNOW
X = TORNADO
MAX 32 OR BELOW: 0 0.01 INCH OR MORE: 3
MAX 90 OR ABOVE: 21 0.10 INCH OR MORE: 3
MIN 32 OR BELOW: 0 0.50 INCH OR MORE: 1
MIN 0 OR BELOW: 0 1.00 INCH OR MORE: 1
[HDD (BASE 65) ]
TOTAL THIS MO. 0 CLEAR (SCALE 0-3) 13
DPTR FM NORMAL -16 PTCLDY (SCALE 4-7) 15
TOTAL FM JUL 1 748 CLOUDY (SCALE 8-10) 2
DPTR FM NORMAL -251
[CDD (BASE 65) ]
TOTAL THIS MO. 466
DPTR FM NORMAL 199 [PRESSURE DATA]
TOTAL FM JAN 1 706 HIGHEST SLP 30.30 ON 7
DPTR FM NORMAL 209 LOWEST SLP 29.48 ON 5
[REMARKS]
#FINAL-04-22#