000
CXUS53 KLSX 011544 CCA
CF6COU
PRELIMINARY LOCAL CLIMATOLOGICAL DATA (WS FORM: F-6)
STATION: COLUMBIA ASOS
MONTH: OCTOBER
YEAR: 2023
LATITUDE: 38 49 N
LONGITUDE: 92 13 W
TEMPERATURE IN F: :PCPN: SNOW: WIND :SUNSHINE: SKY :PK WND
================================================================================
1 2 3 4 5 6A 6B 7 8 9 10 11 12 13 14 15 16 17 18
12Z AVG MX 2MIN
DY MAX MIN AVG DEP HDD CDD WTR SNW DPTH SPD SPD DIR MIN PSBL S-S WX SPD DR
================================================================================
1 88 63 76 13 0 11 0.00 0.0 0 7.0 13 90 M M 0 17 80
2 88 62 75 12 0 10 0.00 0.0 0 6.4 14 190 M M 0 20 220
3 84 62 73 10 0 8 0.00 0.0 0 8.6 20 200 M M 3 25 170
4 74 63 69 7 0 4 0.01 0.0 0 8.1 16 180 M M 7 3 23 190
5 80 57 69 7 0 4 0.97 0.0 0 7.0 16 340 M M 4 13 21 340
6 64 44 54 -7 11 0 0.00 0.0 0 10.1 25 340 M M 2 31 330
7 62 39 51 -10 14 0 0.00 0.0 0 7.2 17 270 M M 0 23 280
8 74 38 56 -5 9 0 0.00 0.0 0 7.7 20 250 M M 0 26 210
9 68 42 55 -5 10 0 0.00 0.0 0 6.0 15 360 M M 0 8 21 10
10 72 39 56 -4 9 0 0.00 0.0 0 3.7 13 280 M M 0 18 18 250
11 82 51 67 7 0 2 0.11 0.0 0 9.7 25 10 M M 5 3 50 40
12 78 56 67 8 0 2 0.00 0.0 0 14.6 26 160 M M 0 37 170
13 68 52 60 1 5 0 0.38 0.0 0 14.1 25 270 M M 8 13 36 260
14 57 50 54 -4 11 0 T 0.0 0 14.0 23 330 M M 10 1 32 310
15 58 42 50 -8 15 0 0.02 0.0 0 10.8 22 340 M M 8 27 330
16 65 39 52 -6 13 0 0.00 0.0 0 8.0 18 320 M M 0 25 300
17 68 40 54 -3 11 0 0.00 0.0 0 4.8 13 220 M M 0 19 290
18 75 45 60 3 5 0 0.02 0.0 0 9.2 21 290 M M 2 28 280
19 68 51 60 4 5 0 0.00 0.0 0 8.5 17 260 M M 7 23 250
20 74 47 61 5 4 0 0.00 0.0 0 6.7 18 320 M M 0 25 330
21 79 51 65 9 0 0 0.00 0.0 0 11.4 23 310 M M 0 32 300
22 68 45 57 2 8 0 0.00 0.0 0 8.5 14 100 M M 0 19 110
23 84 48 66 11 0 1 0.00 0.0 0 12.3 23 190 M M 0 32 180
24 78 62 70 16 0 5 0.19 0.0 0 9.7 17 170 M M 4 1 24 170
25 76 63 70 16 0 5 0.16 0.0 0 9.0 16 190 M M 8 1 25 200
26 73 63 68 14 0 3 0.02 0.0 0 10.8 20 190 M M 5 1 28 200
27 73 43 58 5 7 0 0.05 0.0 0 10.2 20 330 M M 8 1 24 330
28 43 37 40 -13 25 0 0.62 0.0 0 10.1 17 10 M M 10 1 22 10
29 40 35 38 -14 27 0 0.63 0.0 0 12.5 18 350 M M 10 1 23 330
30 40 25 33 -19 32 0 0.00 0.0 0 8.3 17 340 M M 3 22 320
31 41 24 33 -19 32 0 0.00 0.0 0 12.2 25 330 M M 0 33 320
================================================================================
SM 2142 1478 253 55 3.18 0.0 287.2 M 104
================================================================================
AV 69.1 47.7 9.3 FASTST M M 3 MAX(MPH)
MISC ----> 26 160 50 40
================================================================================
NOTES:
# LAST OF SEVERAL OCCURRENCES
COLUMN 17 PEAK WIND IN M.P.H.
PRELIMINARY LOCAL CLIMATOLOGICAL DATA (WS FORM: F-6) , PAGE 2
STATION: COLUMBIA ASOS
MONTH: OCTOBER
YEAR: 2023
LATITUDE: 38 49 N
LONGITUDE: 92 13 W
[TEMPERATURE DATA] [PRECIPITATION DATA] SYMBOLS USED IN COLUMN 16
AVERAGE MONTHLY: 58.4 TOTAL FOR MONTH: 3.18 1 = FOG OR MIST
DPTR FM NORMAL: 0.9 DPTR FM NORMAL: -0.29 2 = FOG REDUCING VISIBILITY
HIGHEST: 88 ON 2, 1 GRTST 24HR 1.14 ON 28-29 TO 1/4 MILE OR LESS
LOWEST: 24 ON 31 3 = THUNDER
SNOW, ICE PELLETS, HAIL 4 = ICE PELLETS
TOTAL MONTH: 0.0 INCH 5 = HAIL
GRTST 24HR 0.0 6 = FREEZING RAIN OR DRIZZLE
GRTST DEPTH: 0 7 = DUSTSTORM OR SANDSTORM:
VSBY 1/2 MILE OR LESS
8 = SMOKE OR HAZE
[NO. OF DAYS WITH] [WEATHER - DAYS WITH] 9 = BLOWING SNOW
X = TORNADO
MAX 32 OR BELOW: 0 0.01 INCH OR MORE: 12
MAX 90 OR ABOVE: 0 0.10 INCH OR MORE: 7
MIN 32 OR BELOW: 2 0.50 INCH OR MORE: 3
MIN 0 OR BELOW: 0 1.00 INCH OR MORE: 0
[HDD (BASE 65) ]
TOTAL THIS MO. 253 CLEAR (SCALE 0-3) 18
DPTR FM NORMAL -14 PTCLDY (SCALE 4-7) 6
TOTAL FM JUL 1 253 CLOUDY (SCALE 8-10) 7
DPTR FM NORMAL -62
[CDD (BASE 65) ]
TOTAL THIS MO. 55
DPTR FM NORMAL 21 [PRESSURE DATA]
TOTAL FM JAN 1 1601 HIGHEST SLP 30.48 ON 31
DPTR FM NORMAL 156 LOWEST SLP 29.60 ON 11
[REMARKS]
#FINAL-10-23#