000
CXUS55 KRIW 011010
CF6CPR
PRELIMINARY LOCAL CLIMATOLOGICAL DATA (WS FORM: F-6)
STATION: CASPER WY
MONTH: JUNE
YEAR: 2022
LATITUDE: 42 55 N
LONGITUDE: 106 28 W
TEMPERATURE IN F: :PCPN: SNOW: WIND :SUNSHINE: SKY :PK WND
================================================================================
1 2 3 4 5 6A 6B 7 8 9 10 11 12 13 14 15 16 17 18
12Z AVG MX 2MIN
DY MAX MIN AVG DEP HDD CDD WTR SNW DPTH SPD SPD DIR MIN PSBL S-S WX SPD DR
================================================================================
1 63 36 50 -8 15 0 0.00 0.0 0 5.4 14 350 M M 4 17 10
2 69 34 52 -6 13 0 0.07 0.0 0 7.7 17 350 M M 2 13 23 340
3 74 46 60 2 5 0 0.13 0.0 0 7.9 25 250 M M 2 3 36 240
4 77 43 60 1 5 0 T 0.0 0 5.4 32 310 M M 2 45 310
5 73 47 60 1 5 0 T 0.0 0 9.7 26 270 M M 3 38 240
6 74 44 59 0 6 0 0.00 0.0 0 12.3 25 280 M M 2 37 290
7 70 40 55 -5 10 0 0.01 0.0 0 11.6 31 270 M M 2 3 44 260
8 76 34 55 -5 10 0 0.00 0.0 0 7.2 17 80 M M 0 23 70
9 77 49 63 3 2 0 0.00 0.0 0 7.1 15 100 M M 1 20 80
10 85 43 64 3 1 0 0.00 0.0 0 8.7 23 270 M M 0 33 300
11 91 48 70 9 0 5 0.00 0.0 0 8.3 28 260 M M 0 38 260
12 93 49 71 10 0 6 0.00 0.0 0 6.2 26 350 M M 0 36 10
13 81 52 67 5 0 2 0.00 0.0 0 13.4 36 290 M M 5 48 290
14 64 38 51 -11 14 0 0.00 0.0 0 21.6 40 250 M M 1 62 230
15 77 41 59 -3 6 0 0.00 0.0 0 16.7 31 240 M M 0 45 250
16 87 33 60 -3 5 0 0.00 0.0 0 7.2 18 70 M M 0 28 80
17 97 50 74 11 0 9 0.00 0.0 0 10.5 29 90 M M 0 38 90
18 90 61 76 13 0 11 T 0.0 0 14.5 29 210 M M 1 41 220
19 84 50 67 3 0 2 T 0.0 0 13.8 37 260 M M 2 51 250
20 75 43 59 -5 6 0 T 0.0 0 14.2 44 220 M M 3 64 230
21 78 40 59 -5 6 0 0.00 0.0 0 9.4 17 290 M M 0 30 260
22 88 37 63 -2 2 0 0.00 0.0 0 7.5 18 220 M M 0 26 250
23 87 48 68 3 0 3 0.00 0.0 0 10.2 26 250 M M 1 35 260
24 83 49 66 1 0 1 T 0.0 0 16.2 35 10 M M 2 3 50 360
25 69 46 58 -8 7 0 T 0.0 0 8.9 18 20 M M 6 27 30
26 78 40 59 -7 6 0 0.00 0.0 0 9.8 20 90 M M 1 8 28 80
27 89 39 64 -2 1 0 0.00 0.0 0 5.5 18 310 M M 0 24 290
28 92 42 67 0 0 2 T 0.0 0 6.8 33 230 M M 0 52 230
29 91 56 74 7 0 9 T 0.0 0 16.9 37 210 M M 1 3 56 210
30 85 48 67 0 0 2 0.00 0.0 0 7.4 24 200 M M 1 32 210
================================================================================
SM 2417 1326 125 52 0.21 0.0 308.0 M 42
================================================================================
AV 80.6 44.2 10.3 FASTST M M 1 MAX(MPH)
MISC ----> 44 220 64 230
================================================================================
NOTES:
# LAST OF SEVERAL OCCURRENCES
COLUMN 17 PEAK WIND IN M.P.H.
PRELIMINARY LOCAL CLIMATOLOGICAL DATA (WS FORM: F-6) , PAGE 2
STATION: CASPER WY
MONTH: JUNE
YEAR: 2022
LATITUDE: 42 55 N
LONGITUDE: 106 28 W
[TEMPERATURE DATA] [PRECIPITATION DATA] SYMBOLS USED IN COLUMN 16
AVERAGE MONTHLY: 62.4 TOTAL FOR MONTH: 0.21 1 = FOG OR MIST
DPTR FM NORMAL: -0.1 DPTR FM NORMAL: -1.13 2 = FOG REDUCING VISIBILITY
HIGHEST: 97 ON 17 GRTST 24HR 0.20 ON 2- 3 TO 1/4 MILE OR LESS
LOWEST: 33 ON 16 3 = THUNDER
SNOW, ICE PELLETS, HAIL 4 = ICE PELLETS
TOTAL MONTH: 0.0 INCH 5 = HAIL
GRTST 24HR 0.0 6 = FREEZING RAIN OR DRIZZLE
GRTST DEPTH: 0 7 = DUSTSTORM OR SANDSTORM:
VSBY 1/2 MILE OR LESS
8 = SMOKE OR HAZE
[NO. OF DAYS WITH] [WEATHER - DAYS WITH] 9 = BLOWING SNOW
X = TORNADO
MAX 32 OR BELOW: 0 0.01 INCH OR MORE: 3
MAX 90 OR ABOVE: 6 0.10 INCH OR MORE: 1
MIN 32 OR BELOW: 0 0.50 INCH OR MORE: 0
MIN 0 OR BELOW: 0 1.00 INCH OR MORE: 0
[HDD (BASE 65) ]
TOTAL THIS MO. 125 CLEAR (SCALE 0-3) 26
DPTR FM NORMAL -1 PTCLDY (SCALE 4-7) 4
TOTAL FM JUL 1 7295 CLOUDY (SCALE 8-10) 0
DPTR FM NORMAL -192
[CDD (BASE 65) ]
TOTAL THIS MO. 52
DPTR FM NORMAL 1 [PRESSURE DATA]
TOTAL FM JAN 1 52 HIGHEST SLP 30.41 ON 25
DPTR FM NORMAL -3 LOWEST SLP 29.41 ON 12
[REMARKS]
#FINAL-06-22#