000
CXUS53 KLSX 150428
CF6CPS
PRELIMINARY LOCAL CLIMATOLOGICAL DATA (WS FORM: F-6)
STATION: CAHOKIA/ST. LOUIS
MONTH: JUNE
YEAR: 2022
LATITUDE: 38 34 N
LONGITUDE: 90 9 W
TEMPERATURE IN F: :PCPN: SNOW: WIND :SUNSHINE: SKY :PK WND
================================================================================
1 2 3 4 5 6A 6B 7 8 9 10 11 12 13 14 15 16 17 18
12Z AVG MX 2MIN
DY MAX MIN AVG DEP HDD CDD WTR SNW DPTH SPD SPD DIR MIN PSBL S-S WX SPD DR
================================================================================
1 82 67 75 3 0 10 0.57 0.0 0 6.4 18 360 M M 8 138 24 360
2 77 55 66 -6 0 1 0.00 0.0 0 7.4 17 340 M M 2 22 330
3 84 51 68 -4 0 3 0.00 0.0 0 1.9 10 350 M M 0 16 320
4 85 59 72 0 0 7 0.00 0.0 0 1.3 9 140 M M 3 13 130
5 88 66 77 4 0 12 T 0.0 0 4.3 14 140 M M 4 19 160
6 77 63 70 -3 0 5 0.01 0.0 0 5.0 15 160 M M 4 13 21 160
7 87 65 76 3 0 11 0.00 0.0 0 3.1 13 40 M M 4 12 19 10
8 79 66 73 -1 0 8 0.63 0.0 0 9.0 22 150 M M 5 13 32 150
9 84 58 71 -3 0 6 0.00 0.0 0 3.2 10 260 M M 2 15 230
10 83 65 74 0 0 9 0.11 0.0 0 4.2 14 60 M M 7 1 18 60
11 89 63 76 2 0 11 0.00 0.0 0 4.0 10 250 M M 2 16 230
12 93 75 84 9 0 19 0.01 0.0 0 5.5 12 260 M M 1 3 17 180
13 97 80 89 14 0 24 0.00 0.0 0 7.5 15 220 M M 1 26 200
14 98 80 89 14 0 24 0.00 0.0 0 7.7 14 170 M M 0 22 190
15 97 75 86 11 0 21 0.00 0.0 0 7.7 16 180 M M 0 8 28 210
16 96 80 88 12 0 23 0.00 0.0 0 5.5 13 270 M M 1 22 290
17 91 71 81 5 0 16 M 0.0 0 5.8 44 310 M M 2 13 62 310
18 87 60 74 -2 0 9 0.00 0.0 0 6.0 15 80 M M 0 1 20 90
19 89 56 73 -3 0 8 0.00 0.0 0 4.0 13 130 M M 0 17 140
20 96 57 77 1 0 12 0.00 0.0 0 4.6 12 150 M M 0 17 170
21 97 65 81 4 0 16 0.00 0.0 0 4.2 10 170 M M 0 16 230
22 M M M M M M 0.00 0.0 0 M M M M M 0 M M
23 92 M M M M M 0.00 0.0 0 5.7 14 350 M M 0 19 340
24 91 64 78 1 0 13 0.00 0.0 0 3.0 12 130 M M 1 16 130
25 98 67 83 6 0 18 0.00 0.0 0 5.3 13 300 M M 0 3 20 200
26 87 67 77 0 0 12 0.33 0.0 0 10.7 22 320 M M 4 13 27 320
27 82 57 70 -8 0 5 0.00 0.0 0 6.7 17 10 M M 0 8 27 330
28 85 58 72 -6 0 7 0.00 0.0 0 3.3 12 130 M M 0 17 150
29 90 56 73 -5 0 8 0.00 0.0 0 3.8 12 130 M M 0 16 170
30 94 58 76 -2 0 11 0.00 0.0 0 4.9 14 200 M M 0 19 230
================================================================================
SM 2575 1804 0 329 1.66 0.0 151.7 M 51
================================================================================
AV 88.8 64.4 5.2 FASTST M M 2 MAX(MPH)
MISC ----> 44 310 62 310
================================================================================
NOTES:
# LAST OF SEVERAL OCCURRENCES
COLUMN 17 PEAK WIND IN M.P.H.
PRELIMINARY LOCAL CLIMATOLOGICAL DATA (WS FORM: F-6) , PAGE 2
STATION: CAHOKIA/ST. LOUIS
MONTH: JUNE
YEAR: 2022
LATITUDE: 38 34 N
LONGITUDE: 90 9 W
[TEMPERATURE DATA] [PRECIPITATION DATA] SYMBOLS USED IN COLUMN 16
AVERAGE MONTHLY: 76.6 TOTAL FOR MONTH: 1.66 1 = FOG OR MIST
DPTR FM NORMAL: 1.4 DPTR FM NORMAL: -2.70 2 = FOG REDUCING VISIBILITY
HIGHEST: 98 ON 25,14 GRTST 24HR 0.63 ON 8- 8 TO 1/4 MILE OR LESS
LOWEST: 51 ON 3 3 = THUNDER
SNOW, ICE PELLETS, HAIL 4 = ICE PELLETS
TOTAL MONTH: 0.0 INCH 5 = HAIL
GRTST 24HR 0.0 6 = FREEZING RAIN OR DRIZZLE
GRTST DEPTH: 0 7 = DUSTSTORM OR SANDSTORM:
VSBY 1/2 MILE OR LESS
8 = SMOKE OR HAZE
[NO. OF DAYS WITH] [WEATHER - DAYS WITH] 9 = BLOWING SNOW
X = TORNADO
MAX 32 OR BELOW: 0 0.01 INCH OR MORE: 6
MAX 90 OR ABOVE: 13 0.10 INCH OR MORE: 4
MIN 32 OR BELOW: 0 0.50 INCH OR MORE: 2
MIN 0 OR BELOW: 0 1.00 INCH OR MORE: 0
[HDD (BASE 65) ]
TOTAL THIS MO. 0 CLEAR (SCALE 0-3) 23
DPTR FM NORMAL -5 PTCLDY (SCALE 4-7) 7
TOTAL FM JUL 1 4336 CLOUDY (SCALE 8-10) 0
DPTR FM NORMAL -206
[CDD (BASE 65) ]
TOTAL THIS MO. 329
DPTR FM NORMAL 18 [PRESSURE DATA]
TOTAL FM JAN 1 528 HIGHEST SLP 30.29 ON 27
DPTR FM NORMAL 56 LOWEST SLP 29.87 ON 25
[REMARKS]
#FINAL-06-22#