000
CXUS54 KFWD 010730
CF6CPT
PRELIMINARY LOCAL CLIMATOLOGICAL DATA (WS FORM: F-6)
STATION: CLEBURNE
MONTH: JULY
YEAR: 2023
LATITUDE: 32 20 N
LONGITUDE: 97 24 W
TEMPERATURE IN F: :PCPN: SNOW: WIND :SUNSHINE: SKY :PK WND
================================================================================
1 2 3 4 5 6A 6B 7 8 9 10 11 12 13 14 15 16 17 18
12Z AVG MX 2MIN
DY MAX MIN AVG DEP HDD CDD WTR SNW DPTH SPD SPD DIR MIN PSBL S-S WX SPD DR
================================================================================
1 91 75 83 1 0 18 0.00 M M 8.8 17 330 M M 0 8 24 330
2 91 72 82 -1 0 17 0.80 M M 4.4 12 170 M M 2 38 20 0
3 97 77 87 4 0 22 0.00 M M 8.7 16 70 M M 1 8 25 70
4 97 73 85 2 0 20 0.00 M M 10.3 16 120 M M 0 8 24 70
5 97 77 87 4 0 22 0.00 M M 9.4 16 210 M M 0 8 23 190
6 97 79 88 5 0 23 0.00 M M 9.8 14 170 M M 0 8 20 150
7 95 75 85 2 0 20 0.00 M M 11.0 20 140 M M 2 8 24 160
8 99 77 88 5 0 23 0.00 M M 7.8 13 M M M 0 8 15 170
9 97 79 88 5 0 23 0.00 M M 8.4 15 60 M M 2 8 21 50
10 102 75 89 6 0 24 0.26 M M 7.7 13 60 M M 1 138 18 190
11 97 81 89 6 0 24 0.00 M M 9.8 21 70 M M 1 8 26 70
12 106 79 93 9 0 28 0.00 M M 12.2 16 190 M M 0 8 26 190
13 106 79 93 9 0 28 0.00 M M 12.1 17 170 M M 0 8 28 170
14 104 81 93 9 0 28 0.00 M M 11.6 16 200 M M 0 8 23 210
15 102 81 92 8 0 27 0.00 M M 9.2 14 180 M M 0 8 23 310
16 93 79 86 2 0 21 0.00 M M 8.5 14 90 M M 0 18 18 310
17 108 75 92 8 0 27 0.00 M M 8.1 16 140 M M 0 18 21 140
18 108 79 94 10 0 29 0.00 M M 11.7 18 160 M M 0 24 180
19 106 81 94 10 0 29 0.00 M M 12.4 16 180 M M 0 24 180
20 106 79 93 9 0 28 0.00 M M 9.8 13 200 M M 0 20 210
21 102 77 90 6 0 25 0.00 M M 7.4 15 30 M M 0 22 30
22 95 77 86 2 0 21 0.00 M M 10.8 15 30 M M 0 20 40
23 100 68 84 0 0 19 0.00 M M 5.9 14 80 M M 0 8 17 100
24 104 72 88 4 0 23 0.00 M M 7.5 14 160 M M 0 17 120
25 104 75 90 6 0 25 0.00 M M 9.5 16 170 M M 0 23 170
26 102 77 90 6 0 25 0.00 M M 9.9 15 160 M M 0 8 23 180
27 100 77 89 5 0 24 0.00 M M 9.2 14 140 M M 0 8 21 140
28 100 75 88 4 0 23 0.00 M M 8.9 15 180 M M 0 8 22 160
29 102 75 89 4 0 24 0.00 M M 7.0 13 110 M M 0 8 18 150
30 104 75 90 5 0 25 0.00 M M 6.0 10 140 M M 0 8 17 210
31 106 77 92 7 0 27 0.00 M M 5.3 12 150 M M 0 8 21 120
================================================================================
SM 3118 2378 0 742 1.06 M 278.9 M 9
================================================================================
AV100.6 76.7 9.0 FASTST M M 0 MAX(MPH)
MISC ----> 21 70 28 170
================================================================================
NOTES:
# LAST OF SEVERAL OCCURRENCES
COLUMN 17 PEAK WIND IN M.P.H.
PRELIMINARY LOCAL CLIMATOLOGICAL DATA (WS FORM: F-6) , PAGE 2
STATION: CLEBURNE
MONTH: JULY
YEAR: 2023
LATITUDE: 32 20 N
LONGITUDE: 97 24 W
[TEMPERATURE DATA] [PRECIPITATION DATA] SYMBOLS USED IN COLUMN 16
AVERAGE MONTHLY: 88.6 TOTAL FOR MONTH: 1.06 1 = FOG OR MIST
DPTR FM NORMAL: 4.9 DPTR FM NORMAL: -1.04 2 = FOG REDUCING VISIBILITY
HIGHEST: 108 ON 18,17 GRTST 24HR 0.80 ON 2- 2 TO 1/4 MILE OR LESS
LOWEST: 68 ON 23 3 = THUNDER
SNOW, ICE PELLETS, HAIL 4 = ICE PELLETS
TOTAL MONTH: M 5 = HAIL
GRTST 24HR M ON M 6 = FREEZING RAIN OR DRIZZLE
GRTST DEPTH: M ON M 7 = DUSTSTORM OR SANDSTORM:
VSBY 1/2 MILE OR LESS
8 = SMOKE OR HAZE
[NO. OF DAYS WITH] [WEATHER - DAYS WITH] 9 = BLOWING SNOW
X = TORNADO
MAX 32 OR BELOW: 0 0.01 INCH OR MORE: 2
MAX 90 OR ABOVE: 31 0.10 INCH OR MORE: 2
MIN 32 OR BELOW: 0 0.50 INCH OR MORE: 1
MIN 0 OR BELOW: 0 1.00 INCH OR MORE: 0
[HDD (BASE 65) ]
TOTAL THIS MO. 0 CLEAR (SCALE 0-3) 31
DPTR FM NORMAL 0 PTCLDY (SCALE 4-7) 0
TOTAL FM JUL 1 0 CLOUDY (SCALE 8-10) 0
DPTR FM NORMAL 0
[CDD (BASE 65) ]
TOTAL THIS MO. 742
DPTR FM NORMAL 162 [PRESSURE DATA]
TOTAL FM JAN 1 1669 HIGHEST SLP M ON M
DPTR FM NORMAL 277 LOWEST SLP M ON M
[REMARKS]
#FINAL-07-23#