000
CXUS54 KFWD 010833
CF6CPT
PRELIMINARY LOCAL CLIMATOLOGICAL DATA (WS FORM: F-6)
STATION: CLEBURNE
MONTH: FEBRUARY
YEAR: 2024
LATITUDE: 32 21 N
LONGITUDE: 97 24 W
TEMPERATURE IN F: :PCPN: SNOW: WIND :SUNSHINE: SKY :PK WND
================================================================================
1 2 3 4 5 6A 6B 7 8 9 10 11 12 13 14 15 16 17 18
12Z AVG MX 2MIN
DY MAX MIN AVG DEP HDD CDD WTR SNW DPTH SPD SPD DIR MIN PSBL S-S WX SPD DR
================================================================================
1 72 48 60 14 5 0 0.00 M M 10.1 18 160 M M 1 29 160
2 64 52 58 11 7 0 0.69 M M 12.6 18 160 M M 8 1 24 130
3 68 52 60 13 5 0 0.03 M M 7.9 14 240 M M 5 123 23 240
4 63 43 53 6 12 0 0.02 M M 11.7 24 300 M M 5 123 31 310
5 61 46 54 7 11 0 0.00 M M 15.2 23 350 M M 4 3 31 350
6 66 37 52 5 13 0 0.00 M M 4.9 8 150 M M 0 1 M M
7 64 48 56 9 9 0 0.00 M M 11.5 18 160 M M 2 3 27 160
8 66 54 60 12 5 0 0.00 M M 7.3 13 170 M M 3 20 170
9 72 54 63 15 2 0 0.00 M M 6.3 13 200 M M 3 3 21 190
10 61 54 58 10 7 0 1.08 M M 8.3 13 80 M M 8 138 24 30
11 54 39 47 -1 18 0 0.61 M M 16.4 22 350 M M 9 13 29 360
12 55 39 47 -1 18 0 0.00 M M 14.8 22 300 M M 4 28 310
13 64 34 49 1 16 0 0.00 M M 6.1 14 160 M M 0 17 180
14 66 41 54 6 11 0 0.00 M M 11.0 18 180 M M 1 25 180
15 68 50 59 10 6 0 0.00 M M 8.2 13 160 M M 0 1 16 180
16 70 43 57 8 8 0 0.00 M M 15.2 26 350 M M 1 1 35 350
17 45 34 40 -9 25 0 0.00 M M 17.4 23 360 M M 4 28 10
18 52 25 39 -10 26 0 0.00 M M 5.8 16 350 M M 1 20 350
19 68 36 52 2 13 0 0.00 M M 10.2 17 190 M M 0 24 190
20 79 43 61 11 4 0 0.00 M M 8.9 17 150 M M 0 24 150
21 79 55 67 17 0 2 0.00 M M 13.8 22 170 M M 2 1 30 170
22 81 57 69 19 0 4 0.00 M M 11.6 17 310 M M 1 25 310
23 70 48 59 9 6 0 0.00 M M 9.8 17 350 M M 0 22 350
24 77 45 61 11 4 0 0.00 M M 6.8 10 190 M M 0 16 99
25 84 52 68 17 0 3 0.00 M M 10.6 16 210 M M 0 24 210
26 90 55 73 22 0 8 0.00 M M 9.7 14 170 M M 0 22 170
27 75 64 70 19 0 5 0.00 M M 12.1 18 180 M M 2 1 20 180
28 70 39 55 3 10 0 0.00 M M 16.2 25 360 M M 1 40 200
29 54 41 48 -4 17 0 0.06 M M 7.9 13 50 M M 5 3 18 60
================================================================================
SM 1958 1328 258 22 2.49 M 308.3 M 70
================================================================================
AV 67.5 45.8 10.6 FASTST M M 2 MAX(MPH)
MISC ----> 26 350 40 200
================================================================================
NOTES:
# LAST OF SEVERAL OCCURRENCES
COLUMN 17 PEAK WIND IN M.P.H.
PRELIMINARY LOCAL CLIMATOLOGICAL DATA (WS FORM: F-6) , PAGE 2
STATION: CLEBURNE
MONTH: FEBRUARY
YEAR: 2024
LATITUDE: 32 21 N
LONGITUDE: 97 24 W
[TEMPERATURE DATA] [PRECIPITATION DATA] SYMBOLS USED IN COLUMN 16
AVERAGE MONTHLY: 56.7 TOTAL FOR MONTH: 2.49 1 = FOG OR MIST
DPTR FM NORMAL: 7.9 DPTR FM NORMAL: -0.10 2 = FOG REDUCING VISIBILITY
HIGHEST: 90 ON 26 GRTST 24HR 1.08 ON 10-10 TO 1/4 MILE OR LESS
LOWEST: 25 ON 18 3 = THUNDER
SNOW, ICE PELLETS, HAIL 4 = ICE PELLETS
TOTAL MONTH: M 5 = HAIL
GRTST 24HR M ON M 6 = FREEZING RAIN OR DRIZZLE
GRTST DEPTH: M ON M 7 = DUSTSTORM OR SANDSTORM:
VSBY 1/2 MILE OR LESS
8 = SMOKE OR HAZE
[NO. OF DAYS WITH] [WEATHER - DAYS WITH] 9 = BLOWING SNOW
X = TORNADO
MAX 32 OR BELOW: 0 0.01 INCH OR MORE: 6
MAX 90 OR ABOVE: 1 0.10 INCH OR MORE: 3
MIN 32 OR BELOW: 1 0.50 INCH OR MORE: 3
MIN 0 OR BELOW: 0 1.00 INCH OR MORE: 1
[HDD (BASE 65) ]
TOTAL THIS MO. 258 CLEAR (SCALE 0-3) 20
DPTR FM NORMAL -199 PTCLDY (SCALE 4-7) 7
TOTAL FM JUL 1 1710 CLOUDY (SCALE 8-10) 2
DPTR FM NORMAL -361
[CDD (BASE 65) ]
TOTAL THIS MO. 22
DPTR FM NORMAL 19 [PRESSURE DATA]
TOTAL FM JAN 1 22 HIGHEST SLP M ON M
DPTR FM NORMAL 18 LOWEST SLP M ON M
[REMARKS]
#FINAL-02-24#