000
CXUS56 KLOX 011155
CF6CQT
PRELIMINARY LOCAL CLIMATOLOGICAL DATA (WS FORM: F-6)
STATION: DOWNTOWN LOS ANGELES (USC) CA
MONTH: APRIL
YEAR: 2021
LATITUDE: 34 1 N
LONGITUDE: 118 17 W
TEMPERATURE IN F: :PCPN: SNOW: WIND :SUNSHINE: SKY :PK WND
================================================================================
1 2 3 4 5 6A 6B 7 8 9 10 11 12 13 14 15 16 17 18
12Z AVG MX 2MIN
DY MAX MIN AVG DEP HDD CDD WTR SNW DPTH SPD SPD DIR MIN PSBL S-S WX SPD DR
================================================================================
1 88 61 75 13 0 10 0.00 M M 1.3 9 260 M M 0 8 14 260
2 75 56 66 4 0 1 0.00 M M 2.0 9 260 M M 2 18 14 260
3 70 55 63 1 2 0 0.00 M M 0.6 5 250 M M 4 18 M M
4 76 52 64 2 1 0 0.00 M M 1.1 9 260 M M 0 14 270
5 72 55 64 2 1 0 0.00 M M 1.5 8 260 M M 1 M M
6 70 54 62 0 3 0 0.00 M M 1.1 9 270 M M 2 14 280
7 73 55 64 2 1 0 0.00 M M 0.7 5 270 M M 0 M M
8 75 55 65 3 0 0 0.00 M M 1.0 8 260 M M 0 15 270
9 74 55 65 3 0 0 0.00 M M 1.0 6 250 M M 0 8 M M
10 77 55 66 4 0 1 0.00 M M 1.8 7 260 M M 1 M M
11 74 58 66 4 0 1 0.00 M M 1.2 6 270 M M 5 8 M M
12 68 58 63 0 2 0 0.00 M M 1.6 9 270 M M 10 15 260
13 63 57 60 -3 5 0 0.00 M M 1.8 8 270 M M 10 13 270
14 65 54 60 -3 5 0 0.00 M M 1.3 8 260 M M 5 16 280
15 68 51 60 -3 5 0 0.00 M M 1.6 10 260 M M 3 8 18 270
16 71 56 64 1 1 0 0.00 M M 1.7 9 270 M M 4 8 15 270
17 71 55 63 0 2 0 0.00 M M 1.1 9 260 M M 2 16 260
18 89 55 72 9 0 7 0.00 M M 2.0 13 10 M M 0 20 260
19 85 59 72 8 0 7 0.00 M M 1.2 9 260 M M 0 8 15 260
20 74 57 66 2 0 1 0.00 M M 2.4 9 260 M M 3 8 17 260
21 66 58 62 -2 3 0 0.00 M M 2.3 8 270 M M 9 8 14 260
22 63 58 61 -3 4 0 0.00 M M 2.4 9 270 M M 10 M M
23 65 58 62 -2 3 0 0.00 M M 0.7 8 270 M M 9 13 270
24 66 56 61 -3 4 0 0.00 M M 1.4 8 260 M M 7 16 260
25 68 56 62 -2 3 0 0.00 M M 1.3 10 270 M M 6 17 270
26 65 55 60 -4 5 0 0.00 M M 2.9 9 260 M M 4 M M
27 68 56 62 -2 3 0 0.00 M M 2.4 10 260 M M 4 8 17 260
28 80 53 67 3 0 2 0.00 M M 1.7 12 270 M M 0 19 260
29 87 58 73 8 0 8 0.00 M M 1.5 9 260 M M 0 16 270
30 90 61 76 11 0 11 0.00 M M 1.2 8 260 M M 0 14 270
================================================================================
SM 2196 1682 53 49 0.00 M 45.8 M 101
================================================================================
AV 73.2 56.1 1.5 FASTST M M 3 MAX(MPH)
MISC ----> 13 10 20 260
================================================================================
NOTES:
# LAST OF SEVERAL OCCURRENCES
COLUMN 17 PEAK WIND IN M.P.H.
PRELIMINARY LOCAL CLIMATOLOGICAL DATA (WS FORM: F-6) , PAGE 2
STATION: DOWNTOWN LOS ANGELES (USC) CA
MONTH: APRIL
YEAR: 2021
LATITUDE: 34 1 N
LONGITUDE: 118 17 W
[TEMPERATURE DATA] [PRECIPITATION DATA] SYMBOLS USED IN COLUMN 16
AVERAGE MONTHLY: 64.6 TOTAL FOR MONTH: 0.00 1 = FOG OR MIST
DPTR FM NORMAL: 1.5 DPTR FM NORMAL: -0.91 2 = FOG REDUCING VISIBILITY
HIGHEST: 90 ON 30 GRTST 24HR 0.00 ON 1- 1 TO 1/4 MILE OR LESS
LOWEST: 51 ON 15 3 = THUNDER
SNOW, ICE PELLETS, HAIL 4 = ICE PELLETS
TOTAL MONTH: M 5 = HAIL
GRTST 24HR M ON M 6 = FREEZING RAIN OR DRIZZLE
GRTST DEPTH: M ON M 7 = DUSTSTORM OR SANDSTORM:
VSBY 1/2 MILE OR LESS
8 = SMOKE OR HAZE
[NO. OF DAYS WITH] [WEATHER - DAYS WITH] 9 = BLOWING SNOW
X = TORNADO
MAX 32 OR BELOW: 0 0.01 INCH OR MORE: 0
MAX 90 OR ABOVE: 1 0.10 INCH OR MORE: 0
MIN 32 OR BELOW: 0 0.50 INCH OR MORE: 0
MIN 0 OR BELOW: 0 1.00 INCH OR MORE: 0
[HDD (BASE 65) ]
TOTAL THIS MO. 53 CLEAR (SCALE 0-3) 17
DPTR FM NORMAL -48 PTCLDY (SCALE 4-7) 8
TOTAL FM JUL 1 808 CLOUDY (SCALE 8-10) 5
DPTR FM NORMAL -223
[CDD (BASE 65) ]
TOTAL THIS MO. 49
DPTR FM NORMAL 5 [PRESSURE DATA]
TOTAL FM JAN 1 84 HIGHEST SLP M ON M
DPTR FM NORMAL -3 LOWEST SLP 29.78 ON 12
[REMARKS]
#FINAL-04-21#