000
CXUS56 KLOX 011630
CLMCQT
CLIMATE REPORT
NATIONAL WEATHER SERVICE LOS ANGELES/OXNARD
930 AM PDT FRI SEP 01 2023
...................................
...THE DOWNTOWN LOS ANGELES (USC) CA CLIMATE SUMMARY FOR THE MONTH OF AUGUST 2023...
CLIMATE NORMAL PERIOD: 1991 TO 2020
CLIMATE RECORD PERIOD: 1877 TO 2023
WEATHER OBSERVED NORMAL DEPART LAST YEAR`S
VALUE DATE(S) VALUE FROM VALUE
NORMAL
..............................................................
TEMPERATURE (F)
HIGHEST 95 08/28
LOWEST 63 08/19
08/25
08/26
AVG. MAXIMUM 84.5 84.0 0.5
AVG. MINIMUM 66.2 65.4 0.8
MEAN 75.4 74.7 0.7
DAYS MAX >= 90 4
DAYS MAX <= 32 0
DAYS MIN <= 32 0
DAYS MIN <= 0 0
PRECIPITATION (INCHES)
TOTALS 2.99 0.00 2.99
DAILY AVG. 0.10
DAYS >= .01 2
DAYS >= .10 2
DAYS >= .50 2
DAYS >= 1.00 1
GREATEST
24 HR. TOTAL 2.99 08/20 TO 08/21
DEGREE DAYS
HEATING TOTAL 0 0 0 0
SINCE 7/1 0 0 0 MM
COOLING TOTAL 330 301 29 320
SINCE 1/1 755 848 -93 MM
..............................................................
WIND (MPH)
AVERAGE WIND SPEED 1.4
HIGHEST WIND SPEED/DIRECTION 15/130 DATE 08/21
HIGHEST GUST SPEED/DIRECTION 23/130 DATE 08/21
SKY COVER
POSSIBLE SUNSHINE (PERCENT) MM
AVERAGE SKY COVER 0.21
NUMBER OF DAYS FAIR 23
NUMBER OF DAYS PC 7
NUMBER OF DAYS CLOUDY 1
AVERAGE RH (PERCENT) 68
WEATHER CONDITIONS. NUMBER OF DAYS WITH
THUNDERSTORM 0 MIXED PRECIP 0
HEAVY RAIN 2 RAIN 2
LIGHT RAIN 4 FREEZING RAIN 0
LT FREEZING RAIN 0 HAIL 0
HEAVY SNOW 0 SNOW 0
LIGHT SNOW 0 SLEET 0
FOG 15 FOG W/VIS <= 1/4 MILE 0
HAZE 17
- INDICATES NEGATIVE NUMBERS.
R INDICATES RECORD WAS SET OR TIED.
MM INDICATES DATA IS MISSING.
T INDICATES TRACE AMOUNT.
$$