000
CXUS54 KCRP 011310
CF6CRP
PRELIMINARY LOCAL CLIMATOLOGICAL DATA (WS FORM: F-6)
STATION: CORPUS CHRISTI
MONTH: FEBRUARY
YEAR: 2021
LATITUDE: 27 46 N
LONGITUDE: 97 30 W
TEMPERATURE IN F: :PCPN: SNOW: WIND :SUNSHINE: SKY :PK WND
================================================================================
1 2 3 4 5 6A 6B 7 8 9 10 11 12 13 14 15 16 17 18
12Z AVG MX 2MIN
DY MAX MIN AVG DEP HDD CDD WTR SNW DPTH SPD SPD DIR MIN PSBL S-S WX SPD DR
================================================================================
1 72 44 58 0 7 0 0.00 0.0 0 12.1 28 30 M M 1 35 20
2 70 37 54 -4 11 0 0.00 0.0 0 7.4 16 140 M M 3 21 100
3 76 50 63 4 2 0 0.00 0.0 0 14.0 25 150 M M 4 1 35 150
4 86 61 74 15 0 9 0.00 0.0 0 14.1 28 190 M M 3 1 34 180
5 67 57 62 3 3 0 T 0.0 0 14.3 23 50 M M 10 1 28 50
6 74 56 65 6 0 0 T 0.0 0 8.9 21 330 M M 7 18 25 330
7 73 42 58 -1 7 0 0.00 0.0 0 10.7 21 130 M M 2 26 140
8 77 53 65 6 0 0 T 0.0 0 10.3 20 140 M M 9 12 24 130
9 81 66 74 15 0 9 0.00 0.0 0 7.6 20 110 M M 8 12 25 100
10 80 50 65 5 0 0 0.09 0.0 0 14.1 23 140 M M 9 1 29 130
11 50 37 44 -16 21 0 0.02 0.0 0 18.4 25 20 M M 10 1 30 20
12 40 35 38 -22 27 0 T 0.0 0 16.9 28 360 M M 10 1 31 350
13 35 32 34 -26 31 0 0.02 0.0 0 13.5 20 10 M M 10 18 23 10
14 36 25 31 -29 34 0 0.08 T 0 17.3 31 10 M M 10 146 36 10
15 31 17 24 -36 41 0 T T T 17.7 30 340 M M 7 16 38 330
16 33 19 26 -35 39 0 T 0.0 0 13.4 24 10 M M 7 16 28 20
17 41 30 36 -25 29 0 0.13 0.0 0 16.2 24 340 M M 10 16 32 340
18 48 32 40 -21 25 0 0.01 0.0 0 17.3 28 340 M M 9 1 33 340
19 52 29 41 -20 24 0 0.00 0.0 0 8.9 17 350 M M 3 21 340
20 65 27 46 -15 19 0 0.00 0.0 0 8.4 22 130 M M 2 29 130
21 79 47 63 1 2 0 0.00 0.0 0 14.6 31 160 M M 5 39 160
22 73 50 62 0 3 0 T 0.0 0 11.0 20 100 M M 3 12 24 10
23 80 46 63 1 2 0 0.00 0.0 0 9.9 24 150 M M 5 12 28 140
24 84 65 75 13 0 10 0.00 0.0 0 14.5 24 150 M M 7 29 140
25 81 67 74 12 0 9 0.00 0.0 0 18.3 32 150 M M 10 1 38 150
26 83 66 75 13 0 10 0.00 0.0 0 17.2 25 160 M M 10 12 31 180
27 78 68 73 10 0 8 T 0.0 M 19.8 29 160 M M 10 1 35 140
28 85 68 77 14 0 12 T 0.0 0 18.0 25 150 M M 10 12 33 150
================================================================================
SM 1830 1276 327 67 0.35 T 384.8 M 194
================================================================================
AV 65.4 45.6 13.7 FASTST M M 7 MAX(MPH)
MISC ----> 32 150 39 160
================================================================================
NOTES:
# LAST OF SEVERAL OCCURRENCES
COLUMN 17 PEAK WIND IN M.P.H.
PRELIMINARY LOCAL CLIMATOLOGICAL DATA (WS FORM: F-6) , PAGE 2
STATION: CORPUS CHRISTI
MONTH: FEBRUARY
YEAR: 2021
LATITUDE: 27 46 N
LONGITUDE: 97 30 W
[TEMPERATURE DATA] [PRECIPITATION DATA] SYMBOLS USED IN COLUMN 16
AVERAGE MONTHLY: 55.5 TOTAL FOR MONTH: 0.35 1 = FOG OR MIST
DPTR FM NORMAL: -5.0 DPTR FM NORMAL: -1.58 2 = FOG REDUCING VISIBILITY
HIGHEST: 86 ON 4 GRTST 24HR 0.13 ON 16-17 TO 1/4 MILE OR LESS
LOWEST: 17 ON 15 3 = THUNDER
SNOW, ICE PELLETS, HAIL 4 = ICE PELLETS
TOTAL MONTH: T 5 = HAIL
GRTST 24HR T ON 14-14 6 = FREEZING RAIN OR DRIZZLE
GRTST DEPTH: T 7 = DUSTSTORM OR SANDSTORM:
VSBY 1/2 MILE OR LESS
8 = SMOKE OR HAZE
[NO. OF DAYS WITH] [WEATHER - DAYS WITH] 9 = BLOWING SNOW
X = TORNADO
MAX 32 OR BELOW: 1 0.01 INCH OR MORE: 6
MAX 90 OR ABOVE: 0 0.10 INCH OR MORE: 1
MIN 32 OR BELOW: 8 0.50 INCH OR MORE: 0
MIN 0 OR BELOW: 0 1.00 INCH OR MORE: 0
[HDD (BASE 65) ]
TOTAL THIS MO. 327 CLEAR (SCALE 0-3) 5
DPTR FM NORMAL 154 PTCLDY (SCALE 4-7) 9
TOTAL FM JUL 1 836 CLOUDY (SCALE 8-10) 14
DPTR FM NORMAL 35
[CDD (BASE 65) ]
TOTAL THIS MO. 67
DPTR FM NORMAL 21 [PRESSURE DATA]
TOTAL FM JAN 1 119 HIGHEST SLP 30.60 ON 19
DPTR FM NORMAL 40 LOWEST SLP 29.71 ON 4
[REMARKS]
#FINAL-02-21#