000
CXUS54 KCRP 011300
CF6CRP
PRELIMINARY LOCAL CLIMATOLOGICAL DATA (WS FORM: F-6)
STATION: CORPUS CHRISTI
MONTH: MARCH
YEAR: 2020
LATITUDE: 27 46 N
LONGITUDE: 97 30 W
TEMPERATURE IN F: :PCPN: SNOW: WIND :SUNSHINE: SKY :PK WND
================================================================================
1 2 3 4 5 6A 6B 7 8 9 10 11 12 13 14 15 16 17 18
12Z AVG MX 2MIN
DY MAX MIN AVG DEP HDD CDD WTR SNW DPTH SPD SPD DIR MIN PSBL S-S WX SPD DR
================================================================================
1 80 64 72 9 0 7 0.00 0.0 0 21.0 32 150 M M 9 40 180
2 81 65 73 10 0 8 0.00 0.0 0 13.4 23 160 M M 10 1 27 150
3 79 68 74 10 0 9 0.00 0.0 0 10.0 18 110 M M 10 12 22 100
4 86 61 74 10 0 9 T 0.0 0 17.6 35 320 M M 9 12 42 320
5 77 52 65 1 0 0 0.00 0.0 0 13.1 31 360 M M 8 37 350
6 73 47 60 -4 5 0 0.00 0.0 0 10.8 23 50 M M 8 29 40
7 71 49 60 -4 5 0 T 0.0 0 9.0 24 110 M M 8 29 110
8 79 55 67 3 0 2 0.00 0.0 0 15.9 26 120 M M 7 31 140
9 79 66 73 8 0 8 0.01 0.0 0 14.2 23 170 M M 10 27 170
10 80 65 73 8 0 8 T 0.0 0 10.1 22 140 M M 10 1 25 140
11 84 65 75 10 0 10 0.00 0.0 0 12.5 24 160 M M 8 1 30 140
12 84 68 76 11 0 11 0.00 0.0 0 17.9 29 150 M M 9 34 140
13 82 69 76 10 0 11 0.00 0.0 0 18.7 31 150 M M 10 39 150
14 85 72 79 13 0 14 0.00 0.0 0 18.7 29 160 M M 9 33 150
15 84 72 78 12 0 13 0.00 0.0 0 13.8 22 140 M M 9 28 140
16 82 71 77 11 0 12 T 0.0 0 15.0 31 140 M M 10 1 37 140
17 86 69 78 12 0 13 T 0.0 0 17.6 31 140 M M 9 1 37 150
18 88 72 80 14 0 15 T 0.0 0 20.0 33 150 M M 8 1 42 140
19 88 73 81 14 0 16 0.00 0.0 0 24.2 31 140 M M 9 1 38 150
20 84 60 72 5 0 7 T 0.0 0 16.5 29 40 M M 10 18 35 30
21 65 57 61 -6 4 0 0.21 0.0 0 15.4 25 20 M M 10 123 30 30
22 82 61 72 5 0 7 0.00 0.0 0 10.4 22 150 M M 9 12 26 150
23 87 70 79 11 0 14 0.00 0.0 0 16.9 33 150 M M 8 1 38 150
24 91 70 81 13 0 16 0.00 0.0 0 14.2 26 160 M M 6 18 31 170
25 87 69 78 10 0 13 0.00 0.0 0 11.3 25 130 M M 5 128 29 140
26 88 69 79 11 0 14 0.00 0.0 0 18.6 32 150 M M 6 18 37 140
27 92 73 83 15 0 18 0.00 0.0 0 23.6 36 150 M M 7 18 42 160
28 84 68 76 8 0 11 0.02 0.0 0 13.8 26 150 M M 9 18 32 150
29 77 66 72 3 0 7 0.02 0.0 0 13.5 23 90 M M 9 1 29 70
30 85 70 78 9 0 13 T 0.0 0 15.9 28 150 M M 10 18 32 150
31 88 63 76 7 0 11 0.00 0.0 0 11.5 24 360 M M 8 128 30 20
================================================================================
SM 2558 2019 14 297 0.26 0.0 475.1 M 267
================================================================================
AV 82.5 65.1 15.3 FASTST M M 9 MAX(MPH)
MISC ----> # 36 150 # 42 320
================================================================================
NOTES:
# LAST OF SEVERAL OCCURRENCES
COLUMN 17 PEAK WIND IN M.P.H.
PRELIMINARY LOCAL CLIMATOLOGICAL DATA (WS FORM: F-6) , PAGE 2
STATION: CORPUS CHRISTI
MONTH: MARCH
YEAR: 2020
LATITUDE: 27 46 N
LONGITUDE: 97 30 W
[TEMPERATURE DATA] [PRECIPITATION DATA] SYMBOLS USED IN COLUMN 16
AVERAGE MONTHLY: 73.8 TOTAL FOR MONTH: 0.26 1 = FOG OR MIST
DPTR FM NORMAL: 7.7 DPTR FM NORMAL: -1.63 2 = FOG REDUCING VISIBILITY
HIGHEST: 92 ON 27 GRTST 24HR 0.21 ON 21-21 TO 1/4 MILE OR LESS
LOWEST: 47 ON 6 3 = THUNDER
SNOW, ICE PELLETS, HAIL 4 = ICE PELLETS
TOTAL MONTH: 0.0 INCH 5 = HAIL
GRTST 24HR 0.0 6 = FREEZING RAIN OR DRIZZLE
GRTST DEPTH: 0 7 = DUSTSTORM OR SANDSTORM:
VSBY 1/2 MILE OR LESS
8 = SMOKE OR HAZE
[NO. OF DAYS WITH] [WEATHER - DAYS WITH] 9 = BLOWING SNOW
X = TORNADO
MAX 32 OR BELOW: 0 0.01 INCH OR MORE: 4
MAX 90 OR ABOVE: 2 0.10 INCH OR MORE: 1
MIN 32 OR BELOW: 0 0.50 INCH OR MORE: 0
MIN 0 OR BELOW: 0 1.00 INCH OR MORE: 0
[HDD (BASE 65) ]
TOTAL THIS MO. 14 CLEAR (SCALE 0-3) 0
DPTR FM NORMAL -67 PTCLDY (SCALE 4-7) 9
TOTAL FM JUL 1 662 CLOUDY (SCALE 8-10) 22
DPTR FM NORMAL -219
[CDD (BASE 65) ]
TOTAL THIS MO. 297
DPTR FM NORMAL 182 [PRESSURE DATA]
TOTAL FM JAN 1 436 HIGHEST SLP 30.49 ON 6
DPTR FM NORMAL 245 LOWEST SLP 29.63 ON 4
[REMARKS]
#FINAL-03-20#