000
CXUS54 KCRP 011210
CF6CRP
PRELIMINARY LOCAL CLIMATOLOGICAL DATA (WS FORM: F-6)
STATION: CORPUS CHRISTI
MONTH: SEPTEMBER
YEAR: 2023
LATITUDE: 27 46 N
LONGITUDE: 97 30 W
TEMPERATURE IN F: :PCPN: SNOW: WIND :SUNSHINE: SKY :PK WND
================================================================================
1 2 3 4 5 6A 6B 7 8 9 10 11 12 13 14 15 16 17 18
12Z AVG MX 2MIN
DY MAX MIN AVG DEP HDD CDD WTR SNW DPTH SPD SPD DIR MIN PSBL S-S WX SPD DR
================================================================================
1 97 74 86 2 0 21 0.00 0.0 0 7.2 17 90 M M 1 26 100
2 96 72 84 0 0 19 0.00 0.0 0 5.1 14 120 M M 1 20 120
3 96 73 85 1 0 20 0.00 0.0 0 6.9 18 130 M M 3 32 110
4 98 78 88 4 0 23 0.00 0.0 0 13.3 24 140 M M 2 31 130
5 98 81 90 6 0 25 0.00 0.0 0 14.4 24 140 M M 3 32 140
6 97 78 88 4 0 23 0.00 0.0 0 9.4 20 120 M M 3 23 120
7 99 74 87 4 0 22 0.00 0.0 0 6.7 17 140 M M 2 1 22 120
8 99 74 87 4 0 22 0.00 0.0 0 7.3 16 150 M M 2 20 90
9 99 75 87 4 0 22 0.00 0.0 0 6.8 17 140 M M 2 23 100
10 99 75 87 4 0 22 0.00 0.0 0 7.9 17 140 M M 3 24 110
11 96 75 86 3 0 21 0.00 0.0 0 8.1 18 120 M M 2 21 110
12 98 73 86 3 0 21 0.00 0.0 0 7.5 20 140 M M 4 24 140
13 100 75 88 6 0 23 0.00 0.0 0 8.6 20 130 M M 4 26 130
14 101 76 89 7 0 24 0.00 0.0 0 11.9 23 140 M M 3 29 130
15 97 73 85 3 0 20 0.27 0.0 0 11.7 38 30 M M 6 13 48 30
16 96 76 86 4 0 21 0.06 0.0 0 8.0 23 40 M M 8 3 32 50
17 96 75 86 4 0 21 0.00 0.0 0 7.8 15 110 M M 4 3 20 110
18 95 72 84 2 0 19 0.00 0.0 0 7.0 20 120 M M 1 23 120
19 96 71 84 3 0 19 0.00 0.0 0 6.9 18 110 M M 2 26 100
20 97 71 84 3 0 19 0.00 0.0 0 7.5 20 100 M M 2 1 26 80
21 97 74 86 5 0 21 0.00 0.0 0 8.6 18 130 M M 3 24 90
22 99 76 88 7 0 23 0.01 0.0 0 10.3 22 140 M M 3 29 150
23 99 77 88 7 0 23 0.00 0.0 0 11.2 22 130 M M 3 29 130
24 101 77 89 9 0 24 0.00 0.0 0 12.1 24 150 M M 3 31 140
25 98 75 87 7 0 22 0.29 0.0 0 9.8 25 30 M M 7 13 34 30
26 96 73 85 5 0 20 0.05 0.0 0 6.3 18 150 M M 5 22 160
27 96 73 85 5 0 20 0.00 0.0 0 5.9 18 100 M M 5 1 25 90
28 94 74 84 4 0 19 T 0.0 0 7.8 22 110 M M 4 3 27 110
29 96 73 85 5 0 20 0.00 0.0 0 9.6 22 100 M M 3 28 100
30 92 78 85 6 0 20 0.33 0.0 0 11.6 23 110 M M 6 1 29 110
================================================================================
SM 2918 2241 0 639 1.01 0.0 263.2 M 100
================================================================================
AV 97.3 74.7 8.8 FASTST M M 3 MAX(MPH)
MISC ----> 38 30 48 30
================================================================================
NOTES:
# LAST OF SEVERAL OCCURRENCES
COLUMN 17 PEAK WIND IN M.P.H.
PRELIMINARY LOCAL CLIMATOLOGICAL DATA (WS FORM: F-6) , PAGE 2
STATION: CORPUS CHRISTI
MONTH: SEPTEMBER
YEAR: 2023
LATITUDE: 27 46 N
LONGITUDE: 97 30 W
[TEMPERATURE DATA] [PRECIPITATION DATA] SYMBOLS USED IN COLUMN 16
AVERAGE MONTHLY: 86.0 TOTAL FOR MONTH: 1.01 1 = FOG OR MIST
DPTR FM NORMAL: 4.1 DPTR FM NORMAL: -4.41 2 = FOG REDUCING VISIBILITY
HIGHEST: 101 ON 24,14 GRTST 24HR 0.34 ON 25-26 TO 1/4 MILE OR LESS
LOWEST: 71 ON 20,19 3 = THUNDER
SNOW, ICE PELLETS, HAIL 4 = ICE PELLETS
TOTAL MONTH: 0.0 INCH 5 = HAIL
GRTST 24HR 0.0 6 = FREEZING RAIN OR DRIZZLE
GRTST DEPTH: 0 7 = DUSTSTORM OR SANDSTORM:
VSBY 1/2 MILE OR LESS
8 = SMOKE OR HAZE
[NO. OF DAYS WITH] [WEATHER - DAYS WITH] 9 = BLOWING SNOW
X = TORNADO
MAX 32 OR BELOW: 0 0.01 INCH OR MORE: 6
MAX 90 OR ABOVE: 30 0.10 INCH OR MORE: 3
MIN 32 OR BELOW: 0 0.50 INCH OR MORE: 0
MIN 0 OR BELOW: 0 1.00 INCH OR MORE: 0
[HDD (BASE 65) ]
TOTAL THIS MO. 0 CLEAR (SCALE 0-3) 19
DPTR FM NORMAL 0 PTCLDY (SCALE 4-7) 10
TOTAL FM JUL 1 0 CLOUDY (SCALE 8-10) 1
DPTR FM NORMAL 0
[CDD (BASE 65) ]
TOTAL THIS MO. 639
DPTR FM NORMAL 132 [PRESSURE DATA]
TOTAL FM JAN 1 3984 HIGHEST SLP 30.05 ON 17
DPTR FM NORMAL 756 LOWEST SLP 29.76 ON 4
[REMARKS]
#FINAL-09-23#