000
CXUS56 KSGX 011045
CF6CRQ
PRELIMINARY LOCAL CLIMATOLOGICAL DATA (WS FORM: F-6)
STATION: CARLSBAD PALOMAR AIRPORT CA
MONTH: OCTOBER
YEAR: 2023
LATITUDE: 33 7 N
LONGITUDE: 117 17 W
TEMPERATURE IN F: :PCPN: SNOW: WIND :SUNSHINE: SKY :PK WND
================================================================================
1 2 3 4 5 6A 6B 7 8 9 10 11 12 13 14 15 16 17 18
12Z AVG MX 2MIN
DY MAX MIN AVG DEP HDD CDD WTR SNW DPTH SPD SPD DIR MIN PSBL S-S WX SPD DR
================================================================================
1 70 60 65 -3 0 0 T M M 4.1 15 240 M M 5 20 230
2 71 57 64 -4 1 0 0.00 M M 4.7 15 250 M M 1 19 230
3 74 57 66 -2 0 1 0.00 M M 2.9 10 260 M M 0 15 250
4 79 60 70 2 0 5 0.00 M M 2.8 10 240 M M 0 14 250
5 85 61 73 5 0 8 0.00 M M 2.9 10 260 M M 0 14 270
6 81 62 72 5 0 7 0.00 M M 2.5 9 250 M M 1 1 12 270
7 79 58 69 2 0 4 0.00 M M 2.1 10 250 M M 1 1 14 240
8 76 62 69 2 0 4 0.00 M M 2.5 10 260 M M 1 13 260
9 74 64 69 2 0 4 0.00 M M 3.1 13 260 M M 8 1 18 270
10 72 64 68 1 0 3 0.02 M M 5.7 13 240 M M 7 18 250
11 72 64 68 1 0 3 T M M 5.8 13 220 M M 8 16 240
12 72 61 67 0 0 2 0.00 M M 4.2 12 240 M M 1 17 240
13 71 60 66 0 0 1 0.00 M M 3.3 10 240 M M 2 12 260
14 74 60 67 1 0 2 0.00 M M 2.6 10 260 M M 3 15 260
15 79 61 70 4 0 5 0.00 M M 3.4 9 260 M M 0 13 250
16 74 58 66 0 0 1 0.00 M M 2.9 12 260 M M 2 1 13 270
17 77 60 69 3 0 4 0.00 M M 3.2 12 260 M M 5 128 14 260
18 71 59 65 -1 0 0 0.00 M M 2.2 10 230 M M 6 128 14 240
19 74 59 67 1 0 2 0.00 M M 2.0 9 260 M M 4 128 11 250
20 79 61 70 4 0 5 0.00 M M 3.3 10 240 M M 1 128 13 290
21 77 62 70 4 0 5 0.00 M M 2.8 10 260 M M 1 8 18 250
22 71 65 68 3 0 3 0.00 M M 5.7 12 250 M M 7 17 250
23 70 61 66 1 0 1 0.00 M M 5.5 14 250 M M 5 8 17 220
24 71 58 65 0 0 0 0.00 M M 5.2 12 260 M M 5 8 15 260
25 68 64 66 1 0 1 0.00 M M 4.8 10 250 M M 10 8 14 240
26 71 63 67 2 0 2 0.00 M M 3.5 13 260 M M 6 8 17 240
27 70 59 65 0 0 0 0.00 M M 3.6 10 250 M M 5 8 16 240
28 69 56 63 -2 2 0 0.00 M M 4.3 13 240 M M 2 8 17 260
29 83 56 70 6 0 5 0.00 M M 4.6 12 350 M M 0 8 20 360
30 83 54 69 5 0 4 0.00 M M 3.6 15 240 M M 0 18 240
31 80 52 66 2 0 1 0.00 M M 2.7 12 250 M M 0 8 14 270
================================================================================
SM 2317 1858 3 83 0.02 M 112.5 M 97
================================================================================
AV 74.7 59.9 3.6 FASTST M M 3 MAX(MPH)
MISC ----> # 15 240 # 20 230
================================================================================
NOTES:
# LAST OF SEVERAL OCCURRENCES
COLUMN 17 PEAK WIND IN M.P.H.
PRELIMINARY LOCAL CLIMATOLOGICAL DATA (WS FORM: F-6) , PAGE 2
STATION: CARLSBAD PALOMAR AIRPORT CA
MONTH: OCTOBER
YEAR: 2023
LATITUDE: 33 7 N
LONGITUDE: 117 17 W
[TEMPERATURE DATA] [PRECIPITATION DATA] SYMBOLS USED IN COLUMN 16
AVERAGE MONTHLY: 67.3 TOTAL FOR MONTH: 0.02 1 = FOG OR MIST
DPTR FM NORMAL: 1.2 DPTR FM NORMAL: -0.48 2 = FOG REDUCING VISIBILITY
HIGHEST: 85 ON 5 GRTST 24HR 0.04 ON 30- 1 TO 1/4 MILE OR LESS
LOWEST: 52 ON 31 3 = THUNDER
SNOW, ICE PELLETS, HAIL 4 = ICE PELLETS
TOTAL MONTH: M 5 = HAIL
GRTST 24HR M ON M 6 = FREEZING RAIN OR DRIZZLE
GRTST DEPTH: M ON M 7 = DUSTSTORM OR SANDSTORM:
VSBY 1/2 MILE OR LESS
8 = SMOKE OR HAZE
[NO. OF DAYS WITH] [WEATHER - DAYS WITH] 9 = BLOWING SNOW
X = TORNADO
MAX 32 OR BELOW: 0 0.01 INCH OR MORE: 1
MAX 90 OR ABOVE: 0 0.10 INCH OR MORE: 0
MIN 32 OR BELOW: 0 0.50 INCH OR MORE: 0
MIN 0 OR BELOW: 0 1.00 INCH OR MORE: 0
[HDD (BASE 65) ]
TOTAL THIS MO. 3 CLEAR (SCALE 0-3) 18
DPTR FM NORMAL -35 PTCLDY (SCALE 4-7) 12
TOTAL FM JUL 1 3 CLOUDY (SCALE 8-10) 1
DPTR FM NORMAL -40
[CDD (BASE 65) ]
TOTAL THIS MO. 83
DPTR FM NORMAL 11 [PRESSURE DATA]
TOTAL FM JAN 1 676 HIGHEST SLP 30.06 ON 30
DPTR FM NORMAL 93 LOWEST SLP 29.63 ON 11
[REMARKS]
#FINAL-10-23#