000
CXUS54 KFWD 010830
CF6CRS
PRELIMINARY LOCAL CLIMATOLOGICAL DATA (WS FORM: F-6)
STATION: CORSICANA
MONTH: NOVEMBER
YEAR: 2022
LATITUDE: 32 1 N
LONGITUDE: 96 24 W
TEMPERATURE IN F: :PCPN: SNOW: WIND :SUNSHINE: SKY :PK WND
================================================================================
1 2 3 4 5 6A 6B 7 8 9 10 11 12 13 14 15 16 17 18
12Z AVG MX 2MIN
DY MAX MIN AVG DEP HDD CDD WTR SNW DPTH SPD SPD DIR MIN PSBL S-S WX SPD DR
================================================================================
1 77 57 67 5 0 2 0.00 M M 5.7 16 150 M M 1 22 160
2 77 55 66 4 0 1 0.00 M M 6.4 13 170 M M 4 12 19 110
3 84 66 75 13 0 10 0.00 M M 11.7 22 160 M M 8 30 160
4 83 51 67 6 0 2 0.43 M M 16.1 38 320 M M 9 13 52 320
5 68 47 58 -3 7 0 0.00 M M 8.2 14 160 M M 0 20 170
6 83 52 68 8 0 3 0.00 M M 9.9 22 200 M M 1 1 31 210
7 80 69 75 15 0 10 0.15 M M 5.6 13 140 M M 8 1 17 130
8 84 66 75 15 0 10 M M M 6.8 15 150 M M 1 1 21 160
9 85 68 77 18 0 12 0.00 M M 9.2 21 170 M M 2 18 28 150
10 78 64 71 12 0 6 0.00 M M 7.6 18 170 M M 5 1 23 170
11 69 42 56 -3 9 0 0.99 M M 12.3 24 330 M M 9 13 33 330
12 53 36 45 -13 20 0 0.00 M M 9.3 18 350 M M 0 26 10
13 55 34 45 -13 20 0 0.00 M M 6.5 13 130 M M 0 19 130
14 47 42 45 -13 20 0 0.67 M M 9.7 20 280 M M 10 13 24 280
15 44 37 41 -16 24 0 M M M 8.3 15 360 M M 8 24 330
16 56 37 47 -10 18 0 0.00 M M 4.0 10 330 M M 3 16 340
17 60 38 49 -8 16 0 0.00 M M 4.9 9 170 M M 1 8 13 180
18 58 37 48 -8 17 0 0.00 M M 6.4 15 350 M M 6 23 20
19 44 37 41 -15 24 0 0.00 M M 7.6 15 360 M M 7 22 360
20 51 32 42 -14 23 0 0.07 M M 3.9 9 160 M M 4 13 160
21 51 42 47 -8 18 0 0.01 M M 4.1 10 160 M M 9 1 13 170
22 62 45 54 -1 11 0 0.00 M M 1.6 8 150 M M 9 12 180
23 65 53 59 4 6 0 0.04 M M 4.6 10 140 M M 10 13 15 140
24 63 57 60 6 5 0 1.71 M M 6.2 14 10 M M 10 13 21 20
25 59 55 57 3 8 0 T M M 9.0 18 30 M M 10 1 27 20
26 60 47 54 0 11 0 1.50 M M 10.1 30 250 M M 9 13 43 250
27 65 42 54 0 11 0 0.00 M M 6.1 15 340 M M 0 8 20 320
28 72 42 57 4 8 0 0.00 M M 7.8 21 160 M M 0 28 170
29 82 49 66 13 0 1 0.00 M M 12.4 31 340 M M 6 1 43 340
30 55 37 46 -7 19 0 0.00 M M 9.7 21 340 M M 0 32 360
================================================================================
SM 1970 1436 295 57 5.57 M 231.7 M 150
================================================================================
AV 65.7 47.9 7.7 FASTST M M 5 MAX(MPH)
MISC ----> 38 320 52 320
================================================================================
NOTES:
# LAST OF SEVERAL OCCURRENCES
COLUMN 17 PEAK WIND IN M.P.H.
PRELIMINARY LOCAL CLIMATOLOGICAL DATA (WS FORM: F-6) , PAGE 2
STATION: CORSICANA
MONTH: NOVEMBER
YEAR: 2022
LATITUDE: 32 1 N
LONGITUDE: 96 24 W
[TEMPERATURE DATA] [PRECIPITATION DATA] SYMBOLS USED IN COLUMN 16
AVERAGE MONTHLY: 56.8 TOTAL FOR MONTH: 5.57 1 = FOG OR MIST
DPTR FM NORMAL: -0.5 DPTR FM NORMAL: 2.39 2 = FOG REDUCING VISIBILITY
HIGHEST: 85 ON 9 GRTST 24HR 1.71 ON 24-24 TO 1/4 MILE OR LESS
LOWEST: 32 ON 20 3 = THUNDER
SNOW, ICE PELLETS, HAIL 4 = ICE PELLETS
TOTAL MONTH: M 5 = HAIL
GRTST 24HR M ON M 6 = FREEZING RAIN OR DRIZZLE
GRTST DEPTH: M ON M 7 = DUSTSTORM OR SANDSTORM:
VSBY 1/2 MILE OR LESS
8 = SMOKE OR HAZE
[NO. OF DAYS WITH] [WEATHER - DAYS WITH] 9 = BLOWING SNOW
X = TORNADO
MAX 32 OR BELOW: 0 0.01 INCH OR MORE: 9
MAX 90 OR ABOVE: 0 0.10 INCH OR MORE: 6
MIN 32 OR BELOW: 1 0.50 INCH OR MORE: 4
MIN 0 OR BELOW: 0 1.00 INCH OR MORE: 2
[HDD (BASE 65) ]
TOTAL THIS MO. 295 CLEAR (SCALE 0-3) 11
DPTR FM NORMAL 36 PTCLDY (SCALE 4-7) 10
TOTAL FM JUL 1 335 CLOUDY (SCALE 8-10) 9
DPTR FM NORMAL 15
[CDD (BASE 65) ]
TOTAL THIS MO. 57
DPTR FM NORMAL 27 [PRESSURE DATA]
TOTAL FM JAN 1 3248 HIGHEST SLP 30.54 ON 16
DPTR FM NORMAL 487 LOWEST SLP 29.66 ON 4
[REMARKS]
#FINAL-11-22#