000
CXUS51 KRLX 011454
CF6CRW
PRELIMINARY LOCAL CLIMATOLOGICAL DATA (WS FORM: F-6)
STATION: CHARLESTON WV
MONTH: FEBRUARY
YEAR: 2022
LATITUDE: 38 22 N
LONGITUDE: 81 36 W
TEMPERATURE IN F: :PCPN: SNOW: WIND :SUNSHINE: SKY :PK WND
================================================================================
1 2 3 4 5 6A 6B 7 8 9 10 11 12 13 14 15 16 17 18
12Z AVG MX 2MIN
DY MAX MIN AVG DEP HDD CDD WTR SNW DPTH SPD SPD DIR MIN PSBL S-S WX SPD DR
================================================================================
1 59 22 41 5 24 0 0.00 0.0 0 3.6 12 140 M M 4 16 130
2 52 38 45 9 20 0 0.15 0.0 0 4.7 12 160 M M 7 16 130
3 51 33 42 6 23 0 0.97 0.0 0 2.9 13 330 M M 10 1 18 320
4 33 24 29 -7 36 0 0.55 1.3 0 5.7 14 320 M M 10 146 18 300
5 25 18 22 -14 43 0 0.01 0.7 2 4.7 16 310 M M 8 1 21 300
6 46 15 31 -5 34 0 0.00 0.0 T 1.6 9 180 M M 0 13 200
7 50 24 37 0 28 0 0.00 0.0 0 2.9 13 240 M M 1 17 310
8 45 23 34 -3 31 0 0.00 0.0 0 3.3 10 280 M M 3 16 280
9 57 25 41 4 24 0 T 0.0 0 6.7 21 280 M M 5 30 270
10 54 33 44 7 21 0 0.00 0.0 0 6.0 23 260 M M 4 8 31 270
11 66 25 46 9 19 0 0.00 0.0 0 8.8 29 230 M M 5 40 230
12 60 30 45 7 20 0 T 0.2 T 7.4 15 330 M M 9 1 23 330
13 31 22 27 -11 38 0 0.01 0.2 T 5.8 16 310 M M 9 1 22 310
14 29 18 24 -14 41 0 T 0.4 T 4.5 15 310 M M 8 1 20 310
15 52 14 33 -5 32 0 0.00 0.0 0 1.5 8 180 M M 1 12 200
16 67 31 49 11 16 0 0.00 0.0 0 8.5 26 190 M M 4 33 180
17 69 55 62 23 3 0 1.01 0.0 0 12.5 30 190 M M 9 12 46 200
18 65 28 47 8 18 0 0.03 T 0 9.1 31 280 M M 7 8 47 260
19 39 23 31 -8 34 0 0.00 0.0 0 9.9 23 330 M M 2 34 290
20 57 18 38 -1 27 0 0.00 0.0 0 4.1 15 190 M M 0 18 200
21 68 29 49 9 16 0 0.00 0.0 0 4.6 22 200 M M 2 31 200
22 68 47 58 18 7 0 0.28 0.0 0 10.8 28 210 M M 9 1 39 210
23 60 33 47 7 18 0 0.03 0.0 0 6.0 18 310 M M 10 1 27 320
24 39 32 36 -4 29 0 0.90 0.0 0 4.0 10 80 M M 10 16 15 10
25 59 30 45 5 20 0 0.48 T 0 8.5 21 280 M M 10 1 29 270
26 38 30 34 -7 31 0 0.00 0.0 0 2.5 8 260 M M 9 11 210
27 50 28 39 -2 26 0 0.00 0.0 0 4.0 14 300 M M 3 22 330
28 54 26 40 -1 25 0 0.00 0.0 0 1.2 9 310 M M 1 13 250
================================================================================
SM 1443 774 704 0 4.42 2.8 155.8 M 160
================================================================================
AV 51.5 27.6 5.6 FASTST M M 6 MAX(MPH)
MISC ----> 31 280 47 260
================================================================================
NOTES:
# LAST OF SEVERAL OCCURRENCES
COLUMN 17 PEAK WIND IN M.P.H.
PRELIMINARY LOCAL CLIMATOLOGICAL DATA (WS FORM: F-6) , PAGE 2
STATION: CHARLESTON WV
MONTH: FEBRUARY
YEAR: 2022
LATITUDE: 38 22 N
LONGITUDE: 81 36 W
[TEMPERATURE DATA] [PRECIPITATION DATA] SYMBOLS USED IN COLUMN 16
AVERAGE MONTHLY: 39.6 TOTAL FOR MONTH: 4.42 1 = FOG OR MIST
DPTR FM NORMAL: 1.4 DPTR FM NORMAL: 1.06 2 = FOG REDUCING VISIBILITY
HIGHEST: 69 ON 17 GRTST 24HR 1.35 ON 24-25 TO 1/4 MILE OR LESS
LOWEST: 14 ON 15 3 = THUNDER
SNOW, ICE PELLETS, HAIL 4 = ICE PELLETS
TOTAL MONTH: 2.8 INCHES 5 = HAIL
GRTST 24HR 1.3 ON 4- 4 6 = FREEZING RAIN OR DRIZZLE
GRTST DEPTH: 2 ON 5 7 = DUSTSTORM OR SANDSTORM:
VSBY 1/2 MILE OR LESS
8 = SMOKE OR HAZE
[NO. OF DAYS WITH] [WEATHER - DAYS WITH] 9 = BLOWING SNOW
X = TORNADO
MAX 32 OR BELOW: 3 0.01 INCH OR MORE: 11
MAX 90 OR ABOVE: 0 0.10 INCH OR MORE: 7
MIN 32 OR BELOW: 22 0.50 INCH OR MORE: 4
MIN 0 OR BELOW: 0 1.00 INCH OR MORE: 1
[HDD (BASE 65) ]
TOTAL THIS MO. 704 CLEAR (SCALE 0-3) 8
DPTR FM NORMAL -47 PTCLDY (SCALE 4-7) 10
TOTAL FM JUL 1 3135 CLOUDY (SCALE 8-10) 10
DPTR FM NORMAL -236
[CDD (BASE 65) ]
TOTAL THIS MO. 0
DPTR FM NORMAL 0 [PRESSURE DATA]
TOTAL FM JAN 1 0 HIGHEST SLP 30.56 ON 26
DPTR FM NORMAL 0 LOWEST SLP 29.45 ON 17
[REMARKS]
#FINAL-02-22#