000
CXUS54 KOUN 010810
CF6CSM
PRELIMINARY LOCAL CLIMATOLOGICAL DATA (WS FORM: F-6)
STATION: CLINTON
MONTH: MAY
YEAR: 2023
LATITUDE: 35 20 N
LONGITUDE: 99 12 W
TEMPERATURE IN F: :PCPN: SNOW: WIND :SUNSHINE: SKY :PK WND
================================================================================
1 2 3 4 5 6A 6B 7 8 9 10 11 12 13 14 15 16 17 18
12Z AVG MX 2MIN
DY MAX MIN AVG DEP HDD CDD WTR SNW DPTH SPD SPD DIR MIN PSBL S-S WX SPD DR
================================================================================
1 71 41 56 -6 9 0 0.00 0.0 M 5.3 12 160 M M 0 15 180
2 78 44 61 -2 4 0 0.00 0.0 M 8.2 14 80 M M 0 19 70
3 72 53 63 0 2 0 0.05 0.0 M 9.2 17 140 M M 5 3 24 300
4 72 55 64 0 1 0 0.33 M M 8.7 20 140 M M 7 13 24 150
5 92 60 76 12 0 11 0.00 M M 10.9 28 210 M M 4 12 35 220
6 93 61 77 13 0 12 0.00 M M 13.4 29 160 M M 0 35 140
7 95 59 77 12 0 12 0.00 M M 16.6 29 160 M M 2 1 36 160
8 88 64 76 11 0 11 0.00 M M 10.7 17 220 M M 0 22 200
9 91 66 79 13 0 14 0.00 M M 14.6 24 150 M M 1 12 32 150
10 86 64 75 9 0 10 0.00 M M 11.8 20 140 M M 3 1 26 150
11 84 63 74 8 0 9 0.10 M M 13.1 25 190 M M 5 13 33 200
12 91 54 73 6 0 8 0.29 M M 7.3 25 270 M M 1 13 30 270
13 72 60 66 -1 0 1 0.22 M M 9.6 18 340 M M 7 13 22 360
14 75 60 68 0 0 3 2.37 M M 5.4 14 110 M M 9 13 17 10
15 72 60 66 -2 0 1 0.48 M M 11.7 22 350 M M 10 1 28 360
16 79 53 66 -3 0 1 0.00 M M 7.3 13 310 M M 4 1 20 40
17 82 56 69 0 0 4 0.00 M M 7.9 17 80 M M 1 1 21 80
18 76 61 69 0 0 4 0.58 M M 9.2 23 130 M M 7 13 28 130
19 76 53 65 -5 0 0 1.03 M M 13.8 29 360 M M 7 138 36 10
20 74 51 63 -7 2 0 0.00 M M 6.6 14 360 M M 0 18 22 10
21 77 54 66 -5 0 1 0.00 M M 7.6 15 120 M M 0 19 130
22 77 57 67 -4 0 2 T M M 10.3 18 120 M M 5 23 130
23 83 59 71 -1 0 6 0.00 M M 11.0 20 70 M M 5 25 80
24 81 60 71 -1 0 6 0.00 0.0 0 9.3 16 110 M M 3 1 22 100
25 74 61 68 -4 0 3 0.66 M M 9.9 20 110 M M 8 13 23 100
26 75 63 69 -4 0 4 0.00 M M 8.3 17 170 M M 6 26 200
27 80 62 71 -2 0 6 0.00 0.0 0 10.6 21 130 M M 4 27 130
28 76 61 69 -4 0 4 0.48 M M 12.2 31 120 M M 4 13 38 120
29 84 61 73 -1 0 8 0.00 M M 5.9 15 270 M M 1 1 20 260
30 87 63 75 1 0 10 0.00 M M 9.3 17 130 M M 0 1 31 140
31 87 61 74 0 0 9 0.01 M M 12.2 26 310 M M 2 3 39 140
================================================================================
SM 2500 1800 18 160 6.60 0.0 307.9 M 111
================================================================================
AV 80.6 58.1 9.9 FASTST M M 4 MAX(MPH)
MISC ----> 31 120 39 140
================================================================================
NOTES:
# LAST OF SEVERAL OCCURRENCES
COLUMN 17 PEAK WIND IN M.P.H.
PRELIMINARY LOCAL CLIMATOLOGICAL DATA (WS FORM: F-6) , PAGE 2
STATION: CLINTON
MONTH: MAY
YEAR: 2023
LATITUDE: 35 20 N
LONGITUDE: 99 12 W
[TEMPERATURE DATA] [PRECIPITATION DATA] SYMBOLS USED IN COLUMN 16
AVERAGE MONTHLY: 69.4 TOTAL FOR MONTH: 6.60 1 = FOG OR MIST
DPTR FM NORMAL: 0.9 DPTR FM NORMAL: 3.05 2 = FOG REDUCING VISIBILITY
HIGHEST: 95 ON 7 GRTST 24HR 2.45 ON 13-14 TO 1/4 MILE OR LESS
LOWEST: 41 ON 1 3 = THUNDER
SNOW, ICE PELLETS, HAIL 4 = ICE PELLETS
TOTAL MONTH: 0.0 INCH 5 = HAIL
GRTST 24HR 0.0 6 = FREEZING RAIN OR DRIZZLE
GRTST DEPTH: 0 7 = DUSTSTORM OR SANDSTORM:
VSBY 1/2 MILE OR LESS
8 = SMOKE OR HAZE
[NO. OF DAYS WITH] [WEATHER - DAYS WITH] 9 = BLOWING SNOW
X = TORNADO
MAX 32 OR BELOW: 0 0.01 INCH OR MORE: 12
MAX 90 OR ABOVE: 5 0.10 INCH OR MORE: 10
MIN 32 OR BELOW: 0 0.50 INCH OR MORE: 4
MIN 0 OR BELOW: 0 1.00 INCH OR MORE: 2
[HDD (BASE 65) ]
TOTAL THIS MO. 18 CLEAR (SCALE 0-3) 14
DPTR FM NORMAL -42 PTCLDY (SCALE 4-7) 15
TOTAL FM JUL 1 3721 CLOUDY (SCALE 8-10) 2
DPTR FM NORMAL -28
[CDD (BASE 65) ]
TOTAL THIS MO. 160
DPTR FM NORMAL -8 [PRESSURE DATA]
TOTAL FM JAN 1 189 HIGHEST SLP M ON M
DPTR FM NORMAL -16 LOWEST SLP 29.64 ON 11
[REMARKS]
#FINAL-05-23#