000
CXUS56 KTFX 070807
CF6CTB
PRELIMINARY LOCAL CLIMATOLOGICAL DATA (WS FORM: F-6)
STATION: CUT BANK MT
MONTH: JULY
YEAR: 2020
LATITUDE: 48 37 N
LONGITUDE: 112 23 W
TEMPERATURE IN F: :PCPN: SNOW: WIND :SUNSHINE: SKY :PK WND
================================================================================
1 2 3 4 5 6A 6B 7 8 9 10 11 12 13 14 15 16 17 18
12Z AVG MX 2MIN
DY MAX MIN AVG DEP HDD CDD WTR SNW DPTH SPD SPD DIR MIN PSBL S-S WX SPD DR
================================================================================
1 64 45 55 -6 10 0 0.00 M 0 21.3 37 250 M M 2 46 250
2 65 42 54 -8 11 0 0.00 M 0 20.5 41 240 M M 0 52 250
3 79 41 60 -2 5 0 0.00 M 0 7.4 16 190 M M 0 21 160
4 79 49 64 2 1 0 0.00 M 0 11.5 23 260 M M 1 3 27 260
5 75 43 59 -3 6 0 0.00 M 0 7.3 14 360 M M 1 19 290
6 79 43 61 -2 4 0 0.00 M 0 4.0 14 230 M M 0 19 250
7 71 48 60 -3 5 0 0.02 M 0 14.6 32 250 M M 2 3 39 260
8 71 46 59 -4 6 0 0.00 M 0 18.6 35 260 M M 3 47 250
9 77 41 59 -4 6 0 0.00 M 0 6.5 18 260 M M 0 25 260
10 74 53 64 0 1 0 0.04 M 0 14.9 28 260 M M 4 36 250
11 84 44 64 0 1 0 0.00 M 0 7.1 21 240 M M 0 26 230
12 77 50 64 0 1 0 0.00 M 0 23.4 44 260 M M 0 55 260
13 71 43 57 -7 8 0 0.00 M 0 14.5 31 310 M M 2 39 320
14 74 40 57 -7 8 0 0.00 M 0 9.8 20 270 M M 0 26 270
15 82 48 65 0 0 0 0.00 M 0 12.5 22 290 M M 1 28 280
16 84 47 66 1 0 1 0.00 M 0 9.5 23 250 M M 0 29 240
17 81 55 68 3 0 3 0.00 M 0 11.3 23 270 M M 2 29 260
18 80 47 64 -1 1 0 0.00 M 0 8.2 21 10 M M 2 26 10
19 81 48 65 0 0 0 0.02 M 0 9.4 25 360 M M 1 13 32 330
20 77 48 63 -3 2 0 0.02 M 0 7.0 22 360 M M 4 1 27 360
21 88 51 70 4 0 5 0.00 M 0 6.0 16 250 M M 0 21 260
22 93 51 72 6 0 7 0.00 M 0 9.8 26 250 M M 0 34 250
23 89 62 76 10 0 11 T M 0 12.8 29 240 M M 2 34 240
24 84 51 68 2 0 3 0.00 M 0 16.1 26 260 M M 0 33 260
25 79 41 60 -6 5 0 0.00 M 0 6.4 17 290 M M 1 24 280
26 82 42 62 -4 3 0 0.00 M 0 6.6 15 40 M M 0 22 330
27 88 43 66 0 0 1 0.00 M 0 8.1 20 130 M M 0 26 170
28 92 49 71 5 0 6 0.00 M 0 10.0 24 250 M M 0 29 260
29 93 56 75 9 0 10 0.00 M 0 11.7 24 330 M M 0 28 330
30 89 52 71 5 0 6 0.00 M 0 8.7 20 360 M M 1 24 350
31 90 59 75 9 0 10 0.00 M 0 9.9 22 80 M M 1 27 90
================================================================================
SM 2492 1478 84 63 0.10 M 345.4 M 30
================================================================================
AV 80.4 47.7 11.1 FASTST M M 1 MAX(MPH)
MISC ----> 44 260 55 260
================================================================================
NOTES:
# LAST OF SEVERAL OCCURRENCES
COLUMN 17 PEAK WIND IN M.P.H.
PRELIMINARY LOCAL CLIMATOLOGICAL DATA (WS FORM: F-6) , PAGE 2
STATION: CUT BANK MT
MONTH: JULY
YEAR: 2020
LATITUDE: 48 37 N
LONGITUDE: 112 23 W
[TEMPERATURE DATA] [PRECIPITATION DATA] SYMBOLS USED IN COLUMN 16
AVERAGE MONTHLY: 64.0 TOTAL FOR MONTH: 0.10 1 = FOG OR MIST
DPTR FM NORMAL: -0.6 DPTR FM NORMAL: -1.18 2 = FOG REDUCING VISIBILITY
HIGHEST: 93 ON 29,22 GRTST 24HR 0.04 ON 10-10 TO 1/4 MILE OR LESS
LOWEST: 40 ON 14 3 = THUNDER
SNOW, ICE PELLETS, HAIL 4 = ICE PELLETS
TOTAL MONTH: M 5 = HAIL
GRTST 24HR M ON M 6 = FREEZING RAIN OR DRIZZLE
GRTST DEPTH: 0 7 = DUSTSTORM OR SANDSTORM:
VSBY 1/2 MILE OR LESS
8 = SMOKE OR HAZE
[NO. OF DAYS WITH] [WEATHER - DAYS WITH] 9 = BLOWING SNOW
X = TORNADO
MAX 32 OR BELOW: 0 0.01 INCH OR MORE: 4
MAX 90 OR ABOVE: 4 0.10 INCH OR MORE: 0
MIN 32 OR BELOW: 0 0.50 INCH OR MORE: 0
MIN 0 OR BELOW: 0 1.00 INCH OR MORE: 0
[HDD (BASE 65) ]
TOTAL THIS MO. 84 CLEAR (SCALE 0-3) 29
DPTR FM NORMAL -2 PTCLDY (SCALE 4-7) 2
TOTAL FM JUL 1 84 CLOUDY (SCALE 8-10) 0
DPTR FM NORMAL -4
[CDD (BASE 65) ]
TOTAL THIS MO. 63
DPTR FM NORMAL -9 [PRESSURE DATA]
TOTAL FM JAN 1 78 HIGHEST SLP 30.19 ON 26
DPTR FM NORMAL -11 LOWEST SLP 29.62 ON 1
[REMARKS]
#FINAL-07-20#