000
CXUS52 KCAE 011500
CF6CUB
PRELIMINARY LOCAL CLIMATOLOGICAL DATA (WS FORM: F-6)
STATION: HAMILTON - OWENS AIRPORT SC
MONTH: DECEMBER
YEAR: 2023
LATITUDE: 33 58 N
LONGITUDE: 80 59 W
TEMPERATURE IN F: :PCPN: SNOW: WIND :SUNSHINE: SKY :PK WND
================================================================================
1 2 3 4 5 6A 6B 7 8 9 10 11 12 13 14 15 16 17 18
12Z AVG MX 2MIN
DY MAX MIN AVG DEP HDD CDD WTR SNW DPTH SPD SPD DIR MIN PSBL S-S WX SPD DR
================================================================================
1 68 39 54 2 11 0 0.00 M M 0.3 8 180 M M 5 1 10 190
2 71 59 65 13 0 0 0.00 M M 1.3 9 170 M M 8 13 180
3 72 56 64 13 1 0 0.00 M M 4.4 15 250 M M 4 23 220
4 70 47 59 8 6 0 0.00 M M 3.7 14 260 M M 0 21 260
5 62 38 50 -1 15 0 0.00 M M 2.8 15 270 M M 0 21 270
6 59 35 47 -4 18 0 0.00 M M 4.8 17 300 M M 1 31 310
7 57 30 44 -7 21 0 0.00 M M 1.9 8 270 M M 0 M M
8 64 36 50 0 15 0 0.00 M M 1.9 13 200 M M 1 8 18 210
9 78 50 64 14 1 0 0.00 M M 2.3 9 160 M M 7 16 160
10 70 48 59 9 6 0 0.71 M M 6.7 20 310 M M 9 13 37 320
11 53 35 44 -6 21 0 0.06 M M 3.0 10 60 M M 2 18 21 30
12 55 30 43 -7 22 0 0.00 M M 0.5 8 30 M M 0 1 13 10
13 62 31 47 -3 18 0 0.00 M M 0.9 8 30 M M 0 14 30
14 58 35 47 -3 18 0 0.00 M M 2.8 12 70 M M 0 21 70
15 59 30 45 -4 20 0 0.00 M M 1.1 8 140 M M 0 14 70
16 64 36 50 1 15 0 T M M 2.1 10 70 M M 4 16 70
17 57 50 54 5 11 0 2.12 M M 7.5 17 310 M M 10 1 30 320
18 60 42 51 2 14 0 0.00 M M 10.5 21 270 M M 0 30 280
19 48 29 39 -10 26 0 0.00 M M 3.6 10 310 M M 0 1 18 50
20 52 25 39 -10 26 0 0.00 M M 0.8 8 300 M M 0 14 290
21 61 28 45 -3 20 0 0.00 M M 0.5 6 220 M M 0 9 250
22 62 32 47 -1 18 0 0.00 M M 0.6 7 150 M M 0 18 9 160
23 68 35 52 4 13 0 0.00 M M 0.8 8 170 M M 1 18 12 180
24 70 37 54 6 11 0 0.00 M M 1.9 12 160 M M 3 1 14 140
25 64 50 57 9 8 0 0.32 M M 3.8 9 120 M M 6 1 18 120
26 64 61 63 15 2 0 0.90 M M 3.8 13 150 M M 10 1 21 150
27 63 52 58 10 7 0 0.05 M M 4.0 12 270 M M 7 12 18 280
28 60 40 50 2 15 0 0.00 M M 4.6 16 260 M M 0 1 23 270
29 49 37 43 -5 22 0 0.00 M M 8.1 23 270 M M 4 35 280
30 51 33 42 -5 23 0 0.00 M M 5.8 15 260 M M 4 22 290
31 58 29 44 -3 21 0 0.00 M M 3.2 14 250 M M 0 1 21 230
================================================================================
SM 1909 1215 445 0 4.16 M 100.0 M 86
================================================================================
AV 61.6 39.2 3.2 FASTST M M 3 MAX(MPH)
MISC ----> 23 270 37 320
================================================================================
NOTES:
# LAST OF SEVERAL OCCURRENCES
COLUMN 17 PEAK WIND IN M.P.H.
PRELIMINARY LOCAL CLIMATOLOGICAL DATA (WS FORM: F-6) , PAGE 2
STATION: HAMILTON - OWENS AIRPORT SC
MONTH: DECEMBER
YEAR: 2023
LATITUDE: 33 58 N
LONGITUDE: 80 59 W
[TEMPERATURE DATA] [PRECIPITATION DATA] SYMBOLS USED IN COLUMN 16
AVERAGE MONTHLY: 50.4 TOTAL FOR MONTH: 4.16 1 = FOG OR MIST
DPTR FM NORMAL: 1.1 DPTR FM NORMAL: 0.69 2 = FOG REDUCING VISIBILITY
HIGHEST: 78 ON 9 GRTST 24HR 2.12 ON 17-17 TO 1/4 MILE OR LESS
LOWEST: 25 ON 20 3 = THUNDER
SNOW, ICE PELLETS, HAIL 4 = ICE PELLETS
TOTAL MONTH: M 5 = HAIL
GRTST 24HR M ON M 6 = FREEZING RAIN OR DRIZZLE
GRTST DEPTH: M ON M 7 = DUSTSTORM OR SANDSTORM:
VSBY 1/2 MILE OR LESS
8 = SMOKE OR HAZE
[NO. OF DAYS WITH] [WEATHER - DAYS WITH] 9 = BLOWING SNOW
X = TORNADO
MAX 32 OR BELOW: 0 0.01 INCH OR MORE: 6
MAX 90 OR ABOVE: 0 0.10 INCH OR MORE: 4
MIN 32 OR BELOW: 9 0.50 INCH OR MORE: 3
MIN 0 OR BELOW: 0 1.00 INCH OR MORE: 1
[HDD (BASE 65) ]
TOTAL THIS MO. 445 CLEAR (SCALE 0-3) 19
DPTR FM NORMAL -46 PTCLDY (SCALE 4-7) 9
TOTAL FM JUL 1 817 CLOUDY (SCALE 8-10) 3
DPTR FM NORMAL -55
[CDD (BASE 65) ]
TOTAL THIS MO. 0
DPTR FM NORMAL -4 [PRESSURE DATA]
TOTAL FM JAN 1 2151 HIGHEST SLP 30.73 ON 14
DPTR FM NORMAL -267 LOWEST SLP 29.49 ON 17
[REMARKS]
#FINAL-12-23#