000
CXUS53 KUNR 010930
CF6D07
PRELIMINARY LOCAL CLIMATOLOGICAL DATA (WS FORM: F-6)
STATION: FAITH SD
MONTH: AUGUST
YEAR: 2021
LATITUDE: 45 1 N
LONGITUDE: 102 1 W
TEMPERATURE IN F: :PCPN: SNOW: WIND :SUNSHINE: SKY :PK WND
================================================================================
1 2 3 4 5 6A 6B 7 8 9 10 11 12 13 14 15 16 17 18
12Z AVG MX 2MIN
DY MAX MIN AVG DEP HDD CDD WTR SNW DPTH SPD SPD DIR MIN PSBL S-S WX SPD DR
================================================================================
1 89 56 73 -1 0 8 0.00 M M 7.3 17 140 M M M 22 140
2 89 57 73 -1 0 8 0.00 M M 10.3 20 130 M M M 26 130
3 90 62 76 2 0 11 0.00 M M 14.0 25 130 M M M 32 110
4 91 65 78 5 0 13 0.04 M M 9.2 29 300 M M M 39 300
5 92 60 76 3 0 11 0.00 M M 10.3 22 50 M M M 27 50
6 84 60 72 -1 0 7 0.00 M M 11.7 23 100 M M M 30 90
7 83 59 71 -2 0 6 0.00 M M 7.1 20 360 M M M 29 10
8 99 59 79 6 0 14 0.00 M M 8.1 17 160 M M M 24 140
9 85 61 73 0 0 8 0.00 M M 15.0 32 350 M M M 43 330
10 95 53 74 1 0 9 0.00 M M 11.9 25 260 M M M 40 240
11 96 58 77 5 0 12 0.00 M M 10.9 26 290 M M M 36 290
12 80 61 71 -1 0 6 0.00 M M 9.8 21 330 M M M 28 330
13 85 54 70 -2 0 5 0.00 M M 6.9 15 140 M M M 21 140
14 97 58 78 6 0 13 0.00 M M 12.5 25 220 M M M 33 220
15 99 66 83 11 0 18 0.00 M M 11.2 18 190 M M M 25 160
16 100 61 81 9 0 16 0.00 M M 10.3 17 180 M M M 23 180
17 105 66 86 15 0 21 0.00 M M 16.7 25 150 M M M 35 150
18 90 65 78 7 0 13 0.00 M M 14.1 21 160 M M M 28 150
19 85 57 71 0 0 6 0.49 M M 10.3 21 290 M M M 29 290
20 71 53 62 -9 3 0 0.19 M M 13.8 35 300 M M M 44 290
21 75 48 62 -9 3 0 0.00 M M 11.5 25 150 M M M 35 140
22 84 60 72 2 0 7 0.00 M M 17.4 33 270 M M M 43 260
23 94 54 74 4 0 9 0.15 M M 11.6 26 160 M M M 35 150
24 82 56 69 -1 0 4 0.00 M M 13.7 29 360 M M M 39 350
25 76 51 64 -6 1 0 0.00 M M 9.7 21 130 M M M 31 120
26 65 57 61 -8 4 0 0.02 M M 14.7 31 120 M M M 40 120
27 80 58 69 0 0 4 0.13 M M 10.6 29 310 M M M 38 320
28 80 55 68 -1 0 3 0.07 M M 11.5 35 310 M M M 45 310
29 80 51 66 -3 0 1 0.00 M M 8.1 17 130 M M M 25 130
30 88 58 73 5 0 8 0.57 M M 18.4 47 90 M M M 68 110
31 81 55 68 0 0 3 0.00 M M 18.9 28 140 M M M 40 150
================================================================================
SM 2690 1794 11 244 1.66 M 367.5 M M
================================================================================
AV 86.8 57.9 11.9 FASTST M M M MAX(MPH)
MISC ----> 47 90 68 110
================================================================================
NOTES:
# LAST OF SEVERAL OCCURRENCES
COLUMN 17 PEAK WIND IN M.P.H.
PRELIMINARY LOCAL CLIMATOLOGICAL DATA (WS FORM: F-6) , PAGE 2
STATION: FAITH SD
MONTH: AUGUST
YEAR: 2021
LATITUDE: 45 1 N
LONGITUDE: 102 1 W
[TEMPERATURE DATA] [PRECIPITATION DATA] SYMBOLS USED IN COLUMN 16
AVERAGE MONTHLY: 72.3 TOTAL FOR MONTH: 1.66 1 = FOG OR MIST
DPTR FM NORMAL: 1.0 DPTR FM NORMAL: 0.23 2 = FOG REDUCING VISIBILITY
HIGHEST: 105 ON 17 GRTST 24HR 0.68 ON 19-20 TO 1/4 MILE OR LESS
LOWEST: 48 ON 21 3 = THUNDER
SNOW, ICE PELLETS, HAIL 4 = ICE PELLETS
TOTAL MONTH: M 5 = HAIL
GRTST 24HR M ON M 6 = FREEZING RAIN OR DRIZZLE
GRTST DEPTH: M ON M 7 = DUSTSTORM OR SANDSTORM:
VSBY 1/2 MILE OR LESS
8 = SMOKE OR HAZE
[NO. OF DAYS WITH] [WEATHER - DAYS WITH] 9 = BLOWING SNOW
X = TORNADO
MAX 32 OR BELOW: 0 0.01 INCH OR MORE: 8
MAX 90 OR ABOVE: 12 0.10 INCH OR MORE: 5
MIN 32 OR BELOW: 0 0.50 INCH OR MORE: 1
MIN 0 OR BELOW: 0 1.00 INCH OR MORE: 0
[HDD (BASE 65) ]
TOTAL THIS MO. 11 CLEAR (SCALE 0-3) 0
DPTR FM NORMAL -11 PTCLDY (SCALE 4-7) 0
TOTAL FM JUL 1 11 CLOUDY (SCALE 8-10) 31
DPTR FM NORMAL -16
[CDD (BASE 65) ]
TOTAL THIS MO. 244
DPTR FM NORMAL 26 [PRESSURE DATA]
TOTAL FM JAN 1 820 HIGHEST SLP 30.27 ON 13
DPTR FM NORMAL 240 LOWEST SLP 29.50 ON 17
[REMARKS]
#FINAL-08-21#