000
CXUS55 KVEF 010910
CF6DAG
PRELIMINARY LOCAL CLIMATOLOGICAL DATA (WS FORM: F-6)
STATION: BARSTOW-DAGGETT CA
MONTH: APRIL
YEAR: 2023
LATITUDE: 34 51 N
LONGITUDE: 116 47 W
TEMPERATURE IN F: :PCPN: SNOW: WIND :SUNSHINE: SKY :PK WND
================================================================================
1 2 3 4 5 6A 6B 7 8 9 10 11 12 13 14 15 16 17 18
12Z AVG MX 2MIN
DY MAX MIN AVG DEP HDD CDD WTR SNW DPTH SPD SPD DIR MIN PSBL S-S WX SPD DR
================================================================================
1 76 43 60 -2 5 0 0.00 0.0 0 12.9 32 270 M M 0 42 270
2 79 50 65 3 0 0 0.00 0.0 0 22.9 38 260 M M 0 51 260
3 56 42 49 -14 16 0 0.00 0.0 0 33.5 49 270 M M 3 8 65 260
4 58 36 47 -16 18 0 0.00 0.0 0 15.7 28 270 M M 0 34 270
5 62 37 50 -13 15 0 0.00 0.0 0 5.3 15 60 M M 0 20 70
6 67 33 50 -13 15 0 0.00 0.0 0 4.0 12 140 M M 0 17 100
7 78 46 62 -1 3 0 0.00 0.0 0 10.0 22 270 M M 0 32 300
8 79 53 66 2 0 1 0.00 0.0 0 11.6 21 290 M M 0 28 300
9 84 52 68 4 0 3 0.00 0.0 0 7.2 15 260 M M 0 17 260
10 93 54 74 10 0 9 0.00 0.0 0 9.7 18 250 M M 0 29 310
11 91 61 76 12 0 11 0.00 0.0 0 16.5 27 260 M M 0 40 260
12 85 59 72 8 0 7 0.00 0.0 0 19.1 36 270 M M 0 44 270
13 74 52 63 -2 2 0 0.00 0.0 0 23.7 40 260 M M 0 50 260
14 75 49 62 -3 3 0 0.00 0.0 0 13.1 29 250 M M 0 36 250
15 83 48 66 1 0 1 0.00 0.0 0 10.8 18 260 M M 0 25 70
16 85 53 69 4 0 4 0.00 0.0 0 10.6 23 260 M M 0 28 260
17 84 56 70 4 0 5 0.00 0.0 0 22.2 33 270 M M 0 8 42 270
18 74 52 63 -3 2 0 0.00 0.0 0 28.1 39 270 M M 0 51 280
19 70 47 59 -7 6 0 0.00 0.0 0 15.5 39 280 M M 0 50 270
20 77 45 61 -5 4 0 0.00 0.0 0 8.2 15 280 M M 0 20 290
21 86 50 68 1 0 3 0.00 0.0 0 8.8 18 290 M M 0 23 290
22 87 56 72 5 0 7 0.00 0.0 0 7.8 18 260 M M 0 21 300
23 89 59 74 7 0 9 0.00 0.0 M 16.9 30 250 M M 0 38 280
24 90 61 76 9 0 11 0.00 0.0 M 17.7 31 240 M M 0 41 240
25 87 59 73 5 0 8 0.00 0.0 M 9.6 30 240 M M 0 39 240
26 86 53 70 2 0 5 0.00 0.0 M 5.3 15 270 M M 0 8 19 90
27 93 59 76 8 0 11 0.00 0.0 M 8.7 16 300 M M 0 21 280
28 95 62 79 11 0 14 0.00 0.0 0 9.0 15 80 M M 0 20 90
29 99 65 82 13 0 17 0.00 0.0 0 10.5 23 280 M M 0 29 240
30 97 65 81 12 0 16 0.00 0.0 0 16.5 32 230 M M 0 44 230
================================================================================
SM 2439 1557 89 142 0.00 0.0 411.4 M 3
================================================================================
AV 81.3 51.9 13.7 FASTST M M 0 MAX(MPH)
MISC ----> 49 270 65 260
================================================================================
NOTES:
# LAST OF SEVERAL OCCURRENCES
COLUMN 17 PEAK WIND IN M.P.H.
PRELIMINARY LOCAL CLIMATOLOGICAL DATA (WS FORM: F-6) , PAGE 2
STATION: BARSTOW-DAGGETT CA
MONTH: APRIL
YEAR: 2023
LATITUDE: 34 51 N
LONGITUDE: 116 47 W
[TEMPERATURE DATA] [PRECIPITATION DATA] SYMBOLS USED IN COLUMN 16
AVERAGE MONTHLY: 66.6 TOTAL FOR MONTH: 0.00 1 = FOG OR MIST
DPTR FM NORMAL: 1.2 DPTR FM NORMAL: -0.22 2 = FOG REDUCING VISIBILITY
HIGHEST: 99 ON 29 GRTST 24HR 0.00 ON 1- 1 TO 1/4 MILE OR LESS
LOWEST: 33 ON 6 3 = THUNDER
SNOW, ICE PELLETS, HAIL 4 = ICE PELLETS
TOTAL MONTH: 0.0 INCH 5 = HAIL
GRTST 24HR 0.0 6 = FREEZING RAIN OR DRIZZLE
GRTST DEPTH: 0 7 = DUSTSTORM OR SANDSTORM:
VSBY 1/2 MILE OR LESS
8 = SMOKE OR HAZE
[NO. OF DAYS WITH] [WEATHER - DAYS WITH] 9 = BLOWING SNOW
X = TORNADO
MAX 32 OR BELOW: 0 0.01 INCH OR MORE: 0
MAX 90 OR ABOVE: 7 0.10 INCH OR MORE: 0
MIN 32 OR BELOW: 0 0.50 INCH OR MORE: 0
MIN 0 OR BELOW: 0 1.00 INCH OR MORE: 0
[HDD (BASE 65) ]
TOTAL THIS MO. 89 CLEAR (SCALE 0-3) 30
DPTR FM NORMAL 6 PTCLDY (SCALE 4-7) 0
TOTAL FM JUL 1 2342 CLOUDY (SCALE 8-10) 0
DPTR FM NORMAL 343
[CDD (BASE 65) ]
TOTAL THIS MO. 142
DPTR FM NORMAL 47 [PRESSURE DATA]
TOTAL FM JAN 1 142 HIGHEST SLP M ON M
DPTR FM NORMAL 25 LOWEST SLP 29.56 ON 13
[REMARKS]
#FINAL-04-23#