000
CXUS51 KILN 032113
CLMDAY
CLIMATE REPORT
NATIONAL WEATHER SERVICE WILMINGTON OH
513 PM EDT MON JUL 03 2023
...................................
...THE DAYTON OH CLIMATE SUMMARY FOR THE MONTH OF JUNE 2023...
CLIMATE NORMAL PERIOD: 1991 TO 2020
CLIMATE RECORD PERIOD: 1869 TO 2023
WEATHER OBSERVED NORMAL DEPART LAST YEAR`S
VALUE DATE(S) VALUE FROM VALUE DATE(S)
NORMAL
................................................................
TEMPERATURE (F)
RECORD
HIGH 102 06/28/2012
06/25/1988
06/28/1944
LOW 40 06/05/1990
06/11/1972
06/03/1929
HIGHEST 92 06/03 81 11 95 06/14
06/21
06/22
LOWEST 51 06/08 60 -9 52 06/19
06/12
AVG. MAXIMUM 79.8 82.6 -2.8 84.6
AVG. MINIMUM 59.3 62.7 -3.4 62.3
MEAN 69.6 72.7 -3.1 73.4
DAYS MAX >= 90 2 3.0 -1.0 7
DAYS MAX <= 32 0 0.0 0.0 0
DAYS MIN <= 32 0 0.0 0.0 0
DAYS MIN <= 0 0 0.0 0.0 0
PRECIPITATION (INCHES)
TOTALS 3.04 4.14 -1.10 2.64
DAILY AVG. 0.10 0.14 -0.04 0.09
DAYS >= .01 11 11.9 -0.9 9
DAYS >= .10 6 7.2 -1.2 7
DAYS >= .50 2 2.8 -0.8 2
DAYS >= 1.00 1 1.0 0.0 0
GREATEST
24 HR. TOTAL 1.18 06/13 TO 06/14 0.91 06/01 TO 06/01
SNOWFALL (INCHES)
TOTALS 0.0 0.0 0.0 0.0
SINCE 7/1 17.3 25.0 -7.7 16.5
DAYS >= TRACE 0 0.0 0.0 0
DAYS >= 1.0 0 0.0 0.0 0
GREATEST
24 HR TOTAL 0.0 0.0
DEGREE DAYS
HEATING TOTAL 11 13 -2 0
SINCE 7/1 4601 5144 -543 4810
COOLING TOTAL 155 242 -87 261
SINCE 1/1 231 353 -122 395
................................................................
WIND (MPH)
AVERAGE WIND SPEED 8.1
RESULTANT WIND SPEED/DIRECTION 1/350
HIGHEST WIND SPEED/DIRECTION 39/280 DATE 06/11
HIGHEST GUST SPEED/DIRECTION 47/270 DATE 06/11
SKY COVER
AVERAGE SKY COVER 0.59
AVERAGE RH (PERCENT) 62
WEATHER CONDITIONS. NUMBER OF DAYS WITH
THUNDERSTORM 5 MIXED PRECIP 0
HEAVY RAIN 3 RAIN 7
LIGHT RAIN 14 FREEZING RAIN 0
LT FREEZING RAIN 0 HAIL 0
HEAVY SNOW 0 SNOW 0
LIGHT SNOW 0 SLEET 0
FOG 17 FOG W/VIS <= 1/4 MILE 0
HAZE 12
- INDICATES NEGATIVE NUMBERS.
R INDICATES RECORD WAS SET OR TIED.
MM INDICATES DATA IS MISSING.
T INDICATES TRACE AMOUNT.
$$