000
CXUS55 KDVN 011101
CF6DBQ
PRELIMINARY LOCAL CLIMATOLOGICAL DATA (WS FORM: F-6)
STATION: DUBUQUE IA
MONTH: NOVEMBER
YEAR: 2023
LATITUDE: 42 24 N
LONGITUDE: 90 42 W
TEMPERATURE IN F: :PCPN: SNOW: WIND :SUNSHINE: SKY :PK WND
================================================================================
1 2 3 4 5 6A 6B 7 8 9 10 11 12 13 14 15 16 17 18
12Z AVG MX 2MIN
DY MAX MIN AVG DEP HDD CDD WTR SNW DPTH SPD SPD DIR MIN PSBL S-S WX SPD DR
================================================================================
1 39 20 30 -13 35 0 0.00 0.0 0 8.2 20 210 M M 3 25 220
2 54 26 40 -3 25 0 0.00 0.0 0 9.0 18 240 M M 0 23 240
3 51 36 44 2 21 0 T 0.0 0 7.9 20 200 M M 4 27 200
4 57 33 45 3 20 0 0.00 0.0 0 4.5 12 30 M M 1 1 16 10
5 60 30 45 4 20 0 0.00 0.0 0 10.9 24 180 M M 2 38 180
6 65 42 54 13 11 0 T 0.0 0 14.9 26 200 M M 2 37 210
7 52 37 45 5 20 0 0.01 0.0 0 10.9 21 100 M M 1 29 110
8 48 43 46 6 19 0 0.11 0.0 0 9.4 22 320 M M 9 12 30 310
9 54 29 42 3 23 0 T 0.0 0 12.6 26 300 M M 3 8 34 300
10 42 25 34 -5 31 0 0.00 0.0 0 7.4 20 320 M M 4 25 320
11 47 23 35 -3 30 0 0.00 0.0 0 7.5 17 170 M M 4 24 160
12 59 38 49 11 16 0 0.00 0.0 0 13.7 26 190 M M 3 33 180
13 61 31 46 8 19 0 0.00 0.0 0 6.7 18 310 M M 0 23 310
14 60 31 46 9 19 0 0.00 0.0 0 12.8 26 190 M M 0 32 210
15 62 36 49 12 16 0 0.00 0.0 0 5.8 13 190 M M 1 15 190
16 63 41 52 16 13 0 0.00 0.0 0 14.9 25 210 M M 2 34 220
17 52 25 39 3 26 0 0.00 0.0 0 8.9 21 360 M M 1 28 360
18 56 23 40 5 25 0 0.00 0.0 0 6.8 18 260 M M 0 23 240
19 54 32 43 8 22 0 0.00 0.0 0 6.4 17 100 M M 0 23 110
20 49 37 43 9 22 0 0.11 0.0 0 12.7 18 60 M M 8 1 27 50
21 47 34 41 7 24 0 0.10 T 0 12.6 20 330 M M 8 1 27 320
22 42 26 34 0 31 0 0.00 0.0 0 10.0 17 230 M M 2 23 250
23 43 26 35 2 30 0 0.00 0.0 0 11.3 21 360 M M 0 30 360
24 29 20 25 -8 40 0 0.00 0.0 0 9.2 18 20 M M 0 24 360
25 31 21 26 -6 39 0 0.02 0.2 0 2.6 10 200 M M 9 1 13 230
26 30 23 27 -5 38 0 0.18 2.3 1 11.1 21 290 M M 8 1 31 290
27 23 16 20 -11 45 0 T T 2 15.9 25 280 M M 7 8 32 310
28 19 5 12 -19 53 0 0.00 0.0 2 10.0 18 190 M M 2 27 200
29 41 16 29 -1 36 0 0.00 0.0 M 9.0 13 200 M M 0 18 250
30 46 27 37 7 28 0 0.00 0.0 0 9.2 16 260 M M 0 22 230
================================================================================
SM 1436 852 797 0 0.53 2.5 292.8 M 84
================================================================================
AV 47.9 28.4 9.8 FASTST M M 3 MAX(MPH)
MISC ----> # 26 200 38 180
================================================================================
NOTES:
# LAST OF SEVERAL OCCURRENCES
COLUMN 17 PEAK WIND IN M.P.H.
PRELIMINARY LOCAL CLIMATOLOGICAL DATA (WS FORM: F-6) , PAGE 2
STATION: DUBUQUE IA
MONTH: NOVEMBER
YEAR: 2023
LATITUDE: 42 24 N
LONGITUDE: 90 42 W
[TEMPERATURE DATA] [PRECIPITATION DATA] SYMBOLS USED IN COLUMN 16
AVERAGE MONTHLY: 38.1 TOTAL FOR MONTH: 0.53 1 = FOG OR MIST
DPTR FM NORMAL: 1.7 DPTR FM NORMAL: -1.68 2 = FOG REDUCING VISIBILITY
HIGHEST: 65 ON 6 GRTST 24HR 0.21 ON 20-21 TO 1/4 MILE OR LESS
LOWEST: 5 ON 28 3 = THUNDER
SNOW, ICE PELLETS, HAIL 4 = ICE PELLETS
TOTAL MONTH: 2.6 INCHES 5 = HAIL
GRTST 24HR 2.3 ON 26-26 6 = FREEZING RAIN OR DRIZZLE
GRTST DEPTH: 2 ON 28,27 7 = DUSTSTORM OR SANDSTORM:
VSBY 1/2 MILE OR LESS
8 = SMOKE OR HAZE
[NO. OF DAYS WITH] [WEATHER - DAYS WITH] 9 = BLOWING SNOW
X = TORNADO
MAX 32 OR BELOW: 5 0.01 INCH OR MORE: 6
MAX 90 OR ABOVE: 0 0.10 INCH OR MORE: 4
MIN 32 OR BELOW: 20 0.50 INCH OR MORE: 0
MIN 0 OR BELOW: 0 1.00 INCH OR MORE: 0
[HDD (BASE 65) ]
TOTAL THIS MO. 797 CLEAR (SCALE 0-3) 21
DPTR FM NORMAL -60 PTCLDY (SCALE 4-7) 7
TOTAL FM JUL 1 1261 CLOUDY (SCALE 8-10) 2
DPTR FM NORMAL -238
[CDD (BASE 65) ]
TOTAL THIS MO. 0
DPTR FM NORMAL 0 [PRESSURE DATA]
TOTAL FM JAN 1 775 HIGHEST SLP 30.59 ON 24
DPTR FM NORMAL 138 LOWEST SLP 29.64 ON 6
[REMARKS]
#FINAL-11-23#