000
CXUS53 KDVN 011130
CLMDBQ
CLIMATE REPORT
NATIONAL WEATHER SERVICE QUAD CITIES IA IL
630 AM CDT SAT JUL 01 2023
...................................
...THE DUBUQUE IA CLIMATE SUMMARY FOR THE MONTH OF JUNE 2023...
CLIMATE NORMAL PERIOD 1991 TO 2020
CLIMATE RECORD PERIOD 1873 TO 2023
WEATHER OBSERVED NORMAL DEPART LAST YEAR`S
VALUE DATE(S) VALUE FROM VALUE
NORMAL
..............................................................
TEMPERATURE (F)
RECORD
HIGH 104 06/28/1934
LOW 36 06/11/1972
HIGHEST 90 06/02 82 8
06/03
06/22
LOWEST 41 06/12 54 -13
AVG. MAXIMUM 82.4 78.5 3.9
AVG. MINIMUM 57.9 58.6 -0.7
MEAN 70.2 68.5 1.7
DAYS MAX >= 90 3 1.5 1.5
DAYS MAX <= 32 0 0.0 0.0
DAYS MIN <= 32 0 0.0 0.0
DAYS MIN <= 0 0 0.0 0.0
PRECIPITATION (INCHES)
RECORD
MAXIMUM 14.16 1892
MINIMUM 0.70 1988
TOTALS 2.21 5.19 -2.98
DAILY AVG. 0.07 0.17 -0.10
DAYS >= .01 9 12.2 -3.2
DAYS >= .10 5
DAYS >= .50 1
DAYS >= 1.00 1 1.4 -0.4
GREATEST
24 HR. TOTAL 1.71 06/24 TO 06/25
SNOWFALL (INCHES)
RECORDS
TOTAL MM MM
TOTALS 0.0 0.0 0.0
SINCE 7/1 50.1 42.5 7.6
SNOWDEPTH AVG. 0
DAYS >= TRACE 0 0.0 0.0
DAYS >= 1.0 0 0.0 0.0
GREATEST
SNOW DEPTH 0
24 HR TOTAL MM
DEGREE DAYS
HEATING TOTAL 26 37 -11
SINCE 7/1 6548 7083 -535
COOLING TOTAL 190 143 47
SINCE 1/1 237 184 53
..............................................................
WIND (MPH)
AVERAGE WIND SPEED 7.0
HIGHEST WIND SPEED/DIRECTION 35/330 DATE 06/24
HIGHEST GUST SPEED/DIRECTION 45/320 DATE 06/24
SKY COVER
POSSIBLE SUNSHINE (PERCENT) MM
AVERAGE SKY COVER 0.29
NUMBER OF DAYS FAIR 19
NUMBER OF DAYS PC 7
NUMBER OF DAYS CLOUDY 4
AVERAGE RH (PERCENT) 63
WEATHER CONDITIONS. NUMBER OF DAYS WITH
THUNDERSTORM 4 HAIL 0
SLEET 0 FOG 15
FOG W/VIS <= 1/4 MILE 1 HAZE 15
- INDICATES NEGATIVE NUMBERS.
R INDICATES RECORD WAS SET OR TIED.
MM INDICATES DATA IS MISSING.
T INDICATES TRACE AMOUNT.
$$