000
CXUS55 KALY 010810
CF6DDH
PRELIMINARY LOCAL CLIMATOLOGICAL DATA (WS FORM: F-6)
STATION: BENNINGTON VT
MONTH: OCTOBER
YEAR: 2020
LATITUDE: 42 53 N
LONGITUDE: 73 15 W
TEMPERATURE IN F: :PCPN: SNOW: WIND :SUNSHINE: SKY :PK WND
================================================================================
1 2 3 4 5 6A 6B 7 8 9 10 11 12 13 14 15 16 17 18
12Z AVG MX 2MIN
DY MAX MIN AVG DEP HDD CDD WTR SNW DPTH SPD SPD DIR MIN PSBL S-S WX SPD DR
================================================================================
1 68 44 56 3 9 0 0.00 M M 3.9 17 200 M M 5 25 210
2 59 39 49 -3 16 0 0.27 M M 1.8 7 330 M M 7 12 10 280
3 58 36 47 -5 18 0 0.00 M M 2.6 13 290 M M 6 1 18 290
4 60 32 46 -6 19 0 0.00 M M 1.3 7 150 M M 3 1 9 150
5 65 39 52 1 13 0 0.00 M M 2.4 8 280 M M 8 8 13 330
6 66 42 54 3 11 0 0.00 M M 6.5 20 180 M M 6 1 26 190
7 68 49 59 8 6 0 0.08 M M 4.8 26 260 M M 7 13 41 270
8 56 34 45 -5 20 0 0.00 M M 7.3 20 270 M M 3 26 280
9 60 29 45 -5 20 0 0.00 M M 1.8 12 270 M M 1 1 16 320
10 77 44 61 12 4 0 0.11 M M 6.4 17 200 M M 2 28 190
11 63 39 51 2 14 0 0.00 M M 4.8 14 330 M M 1 24 100
12 55 47 51 2 14 0 T M M 9.6 18 110 M M 7 28 120
13 54 47 51 3 14 0 0.95 M M 5.4 17 130 M M 10 1 29 100
14 65 40 53 5 12 0 0.00 M M 3.6 15 260 M M 5 12 21 230
15 74 44 59 11 6 0 0.00 M M 8.4 26 180 M M 0 38 160
16 60 45 53 6 12 0 0.72 M M 3.6 12 280 M M 10 1 16 280
17 55 33 44 -3 21 0 0.03 M M 4.6 13 270 M M 4 19 330
18 60 29 45 -2 20 0 0.00 M M 6.7 21 130 M M 1 27 140
19 61 45 53 7 12 0 0.07 M M 4.6 13 140 M M 8 1 17 130
20 63 54 59 13 6 0 0.03 M M 3.3 14 190 M M 10 1 17 210
21 73 51 62 16 3 0 T M M 6.0 18 200 M M 7 1 25 180
22 70 50 60 15 5 0 0.00 M M 1.0 9 270 M M 6 13 260
23 75 50 63 18 2 0 0.00 M M 6.0 18 180 M M 2 1 24 200
24 65 43 54 9 11 0 T M M 6.0 16 270 M M 9 18 24 280
25 50 30 40 -5 25 0 0.00 M M 3.5 12 110 M M 3 16 110
26 55 41 48 4 17 0 0.27 M M 7.7 16 130 M M 10 1 27 130
27 50 42 46 2 19 0 0.09 M M 4.1 12 320 M M 9 1 16 320
28 49 40 45 1 20 0 0.09 M M 1.2 7 200 M M 10 12 9 220
29 46 38 42 -2 23 0 0.86 M M 3.1 10 360 M M 8 12 13 360
30 39 23 31 -12 34 0 0.18 M M 3.7 9 340 M M 10 1 13 320
31 42 17 30 -13 35 0 0.00 M M 2.5 14 120 M M 0 20 130
================================================================================
SM 1861 1236 461 0 3.75 M 138.2 M 178
================================================================================
AV 60.0 39.9 4.5 FASTST M M 6 MAX(MPH)
MISC ----> # 26 260 41 270
================================================================================
NOTES:
# LAST OF SEVERAL OCCURRENCES
COLUMN 17 PEAK WIND IN M.P.H.
PRELIMINARY LOCAL CLIMATOLOGICAL DATA (WS FORM: F-6) , PAGE 2
STATION: BENNINGTON VT
MONTH: OCTOBER
YEAR: 2020
LATITUDE: 42 53 N
LONGITUDE: 73 15 W
[TEMPERATURE DATA] [PRECIPITATION DATA] SYMBOLS USED IN COLUMN 16
AVERAGE MONTHLY: 50.0 TOTAL FOR MONTH: 3.75 1 = FOG OR MIST
DPTR FM NORMAL: 2.5 DPTR FM NORMAL: 0.06 2 = FOG REDUCING VISIBILITY
HIGHEST: 77 ON 10 GRTST 24HR 1.04 ON 29-30 TO 1/4 MILE OR LESS
LOWEST: 17 ON 31 3 = THUNDER
SNOW, ICE PELLETS, HAIL 4 = ICE PELLETS
TOTAL MONTH: M 5 = HAIL
GRTST 24HR M ON M 6 = FREEZING RAIN OR DRIZZLE
GRTST DEPTH: M ON M 7 = DUSTSTORM OR SANDSTORM:
VSBY 1/2 MILE OR LESS
8 = SMOKE OR HAZE
[NO. OF DAYS WITH] [WEATHER - DAYS WITH] 9 = BLOWING SNOW
X = TORNADO
MAX 32 OR BELOW: 0 0.01 INCH OR MORE: 13
MAX 90 OR ABOVE: 0 0.10 INCH OR MORE: 7
MIN 32 OR BELOW: 6 0.50 INCH OR MORE: 3
MIN 0 OR BELOW: 0 1.00 INCH OR MORE: 0
[HDD (BASE 65) ]
TOTAL THIS MO. 461 CLEAR (SCALE 0-3) 10
DPTR FM NORMAL -82 PTCLDY (SCALE 4-7) 13
TOTAL FM JUL 1 662 CLOUDY (SCALE 8-10) 8
DPTR FM NORMAL -159
[CDD (BASE 65) ]
TOTAL THIS MO. 0
DPTR FM NORMAL -2 [PRESSURE DATA]
TOTAL FM JAN 1 574 HIGHEST SLP 30.54 ON 31
DPTR FM NORMAL 261 LOWEST SLP 29.45 ON 7
[REMARKS]
#FINAL-10-20#