000
CXUS53 KARX 010900
CF6DEH
PRELIMINARY LOCAL CLIMATOLOGICAL DATA (WS FORM: F-6)
STATION: DECORAH IA
MONTH: SEPTEMBER
YEAR: 2022
LATITUDE: 43 16 N
LONGITUDE: 91 44 W
TEMPERATURE IN F: :PCPN: SNOW: WIND :SUNSHINE: SKY :PK WND
================================================================================
1 2 3 4 5 6A 6B 7 8 9 10 11 12 13 14 15 16 17 18
12Z AVG MX 2MIN
DY MAX MIN AVG DEP HDD CDD WTR SNW DPTH SPD SPD DIR MIN PSBL S-S WX SPD DR
================================================================================
1 82 63 73 M 0 8 0.00 0.0 0 5.3 12 210 M M 1 18 210
2 82 66 74 M 0 9 0.39 0.0 0 7.9 12 170 M M 3 20 180
3 75 64 70 M 0 5 0.00 0.0 0 6.9 10 20 M M 8 18 20
4 72 55 64 M 1 0 0.00 0.0 0 6.3 12 80 M M 5 15 50
5 72 63 68 M 0 3 0.00 0.0 0 4.7 9 80 M M 9 12 60
6 77 61 69 M 0 4 0.00 0.0 0 2.0 5 140 M M 7 M M
7 81 61 71 M 0 6 0.00 0.0 0 1.3 6 340 M M 5 1 M M
8 79 63 71 M 0 6 0.00 0.0 0 6.2 14 180 M M 4 22 180
9 79 61 70 M 0 5 0.00 0.0 0 7.8 14 330 M M 5 20 330
10 61 55 58 M 7 0 0.50 0.0 0 7.3 14 350 M M 8 1 18 350
11 68 52 60 M 5 0 0.00 0.0 0 6.0 17 350 M M 2 1 23 10
12 72 54 63 M 2 0 T 0.0 0 6.3 16 340 M M 7 25 340
13 75 48 62 M 3 0 0.00 0.0 0 1.4 6 99 M M 5 M M
14 72 50 61 M 4 0 0.00 0.0 0 1.2 7 99 M M 5 1 14 99
15 81 64 73 M 0 8 0.00 0.0 0 7.3 13 180 M M 2 22 180
16 79 63 71 M 0 6 0.00 0.0 0 7.9 13 170 M M 3 20 190
17 75 61 68 M 0 3 0.00 0.0 0 7.6 12 210 M M 3 21 210
18 77 61 69 M 0 4 0.00 0.0 0 5.8 10 320 M M 6 18 250
19 77 59 68 M 0 3 0.00 0.0 0 4.6 8 120 M M 2 12 14 140
20 88 64 76 M 0 11 0.00 0.0 0 6.1 12 180 M M 2 18 180
21 79 54 67 M 0 2 0.00 0.0 0 10.4 16 340 M M 1 29 350
22 61 46 54 M 11 0 0.00 0.0 0 5.9 13 360 M M 2 18 360
23 55 45 50 M 15 0 T 0.0 0 7.0 12 180 M M 6 1 21 180
24 70 50 60 M 5 0 0.00 0.0 0 5.9 12 310 M M 8 1 23 300
25 68 50 59 M 6 0 0.00 0.0 0 9.1 16 330 M M 3 31 320
26 61 43 52 M 13 0 0.00 0.0 0 8.2 21 330 M M 0 27 330
27 57 39 48 M 17 0 0.00 0.0 0 6.9 18 340 M M 3 22 330
28 59 32 46 M 19 0 0.00 0.0 0 3.4 8 80 M M 4 13 80
29 64 37 51 M 14 0 0.00 0.0 0 6.9 12 180 M M 2 20 160
30 68 41 55 M 10 0 0.00 0.0 0 5.7 10 170 M M 3 16 150
================================================================================
SM 2166 1625 132 83 0.89 0.0 179.3 M 124
================================================================================
AV 72.2 54.2 6.0 FASTST M M 4 MAX(MPH)
MISC ----> 21 330 31 320
================================================================================
NOTES:
# LAST OF SEVERAL OCCURRENCES
COLUMN 17 PEAK WIND IN M.P.H.
PRELIMINARY LOCAL CLIMATOLOGICAL DATA (WS FORM: F-6) , PAGE 2
STATION: DECORAH IA
MONTH: SEPTEMBER
YEAR: 2022
LATITUDE: 43 16 N
LONGITUDE: 91 44 W
[TEMPERATURE DATA] [PRECIPITATION DATA] SYMBOLS USED IN COLUMN 16
AVERAGE MONTHLY: 63.2 TOTAL FOR MONTH: 0.89 1 = FOG OR MIST
DPTR FM NORMAL: 0.0 DPTR FM NORMAL: M 2 = FOG REDUCING VISIBILITY
HIGHEST: 88 ON 20 GRTST 24HR 0.50 ON 10-10 TO 1/4 MILE OR LESS
LOWEST: 32 ON 28 3 = THUNDER
SNOW, ICE PELLETS, HAIL 4 = ICE PELLETS
TOTAL MONTH: 0.0 INCH 5 = HAIL
GRTST 24HR 0.0 6 = FREEZING RAIN OR DRIZZLE
GRTST DEPTH: 0 7 = DUSTSTORM OR SANDSTORM:
VSBY 1/2 MILE OR LESS
8 = SMOKE OR HAZE
[NO. OF DAYS WITH] [WEATHER - DAYS WITH] 9 = BLOWING SNOW
X = TORNADO
MAX 32 OR BELOW: 0 0.01 INCH OR MORE: 2
MAX 90 OR ABOVE: 0 0.10 INCH OR MORE: 2
MIN 32 OR BELOW: 1 0.50 INCH OR MORE: 1
MIN 0 OR BELOW: 0 1.00 INCH OR MORE: 0
[HDD (BASE 65) ]
TOTAL THIS MO. 132 CLEAR (SCALE 0-3) 13
DPTR FM NORMAL M PTCLDY (SCALE 4-7) 15
TOTAL FM JUL 1 138 CLOUDY (SCALE 8-10) 2
DPTR FM NORMAL M
[CDD (BASE 65) ]
TOTAL THIS MO. 83
DPTR FM NORMAL M [PRESSURE DATA]
TOTAL FM JAN 1 631 HIGHEST SLP M ON M
DPTR FM NORMAL M LOWEST SLP M ON M
[REMARKS]
#FINAL-09-22#